000
CXUS56 KBOI 011002
CF6REO
PRELIMINARY LOCAL CLIMATOLOGICAL DATA (WS FORM: F-6)
STATION: ROME OR
MONTH: MARCH
YEAR: 2021
LATITUDE: 42 35 N
LONGITUDE: 117 52 W
TEMPERATURE IN F: :PCPN: SNOW: WIND :SUNSHINE: SKY :PK WND
================================================================================
1 2 3 4 5 6A 6B 7 8 9 10 11 12 13 14 15 16 17 18
12Z AVG MX 2MIN
DY MAX MIN AVG DEP HDD CDD WTR SNW DPTH SPD SPD DIR MIN PSBL S-S WX SPD DR
================================================================================
1 58 14 36 -1 29 0 0.00 M M 6.7 16 180 M M 0 22 250
2 60 18 39 2 26 0 0.00 M M 6.0 16 200 M M 0 21 190
3 62 17 40 3 25 0 0.00 M M 5.5 14 60 M M 0 19 50
4 62 21 42 4 23 0 0.00 M M 8.8 20 210 M M 0 29 190
5 68 26 47 9 18 0 0.00 M M 9.4 26 160 M M 0 36 180
6 50 24 37 -1 28 0 0.00 M M 11.0 30 220 M M 0 41 230
7 53 19 36 -2 29 0 0.00 M M 6.6 16 40 M M 0 25 240
8 51 28 40 2 25 0 0.00 M M 9.8 36 260 M M 0 47 270
9 49 23 36 -3 29 0 0.00 M M 8.1 15 210 M M 0 21 250
10 45 16 31 -8 34 0 0.00 M M 5.5 18 110 M M 0 26 110
11 53 18 36 -3 29 0 0.00 M M 9.6 23 40 M M 0 33 30
12 54 16 35 -4 30 0 0.00 M M 7.4 17 340 M M 0 26 330
13 62 18 40 1 25 0 0.00 M M 6.5 16 350 M M 0 22 360
14 64 29 47 7 18 0 0.00 M M 8.9 20 240 M M 0 27 250
15 51 35 43 3 22 0 0.00 M M 11.8 25 340 M M 0 35 340
16 52 29 41 1 24 0 0.00 M M 6.3 12 210 M M 0 17 240
17 60 28 44 4 21 0 0.00 M M 5.5 16 190 M M 0 23 180
18 65 33 49 9 16 0 0.06 M M 11.5 25 220 M M 0 35 220
19 59 38 49 9 16 0 0.00 M M 13.3 27 230 M M 0 41 250
20 50 27 39 -2 26 0 0.00 M M 8.4 24 280 M M 0 33 280
21 53 19 36 -5 29 0 0.00 M M 6.8 15 310 M M 0 20 310
22 51 32 42 1 23 0 0.08 M M 6.5 18 10 M M 0 27 10
23 49 22 36 -5 29 0 0.00 M M 11.2 24 20 M M 0 35 30
24 54 17 36 -5 29 0 0.07 M M 8.3 24 210 M M 0 36 210
25 47 31 39 -2 26 0 0.05 M M 8.9 28 350 M M 0 35 360
26 54 23 39 -3 26 0 0.00 M M 5.3 15 280 M M 0 22 280
27 66 23 45 3 20 0 0.00 M M 6.9 16 150 M M 0 21 160
28 76 36 56 14 9 0 0.00 M M 19.4 37 240 M M 0 50 240
29 56 23 40 -2 25 0 0.00 M M 13.6 37 310 M M 0 53 320
30 51 13 32 -10 33 0 0.00 M M 5.8 13 160 M M 0 17 310
31 66 17 42 0 23 0 0.00 M M 6.0 14 160 M M 0 22 190
================================================================================
SM 1751 733 765 0 0.26 M 265.3 M 0
================================================================================
AV 56.5 23.6 8.6 FASTST M M 0 MAX(MPH)
MISC ----> # 37 240 53 320
================================================================================
NOTES:
# LAST OF SEVERAL OCCURRENCES
COLUMN 17 PEAK WIND IN M.P.H.
PRELIMINARY LOCAL CLIMATOLOGICAL DATA (WS FORM: F-6) , PAGE 2
STATION: ROME OR
MONTH: MARCH
YEAR: 2021
LATITUDE: 42 35 N
LONGITUDE: 117 52 W
[TEMPERATURE DATA] [PRECIPITATION DATA] SYMBOLS USED IN COLUMN 16
AVERAGE MONTHLY: 40.1 TOTAL FOR MONTH: 0.26 1 = FOG OR MIST
DPTR FM NORMAL: 0.3 DPTR FM NORMAL: -0.72 2 = FOG REDUCING VISIBILITY
HIGHEST: 76 ON 28 GRTST 24HR 0.11 ON 24-25 TO 1/4 MILE OR LESS
LOWEST: 13 ON 30 3 = THUNDER
SNOW, ICE PELLETS, HAIL 4 = ICE PELLETS
TOTAL MONTH: M 5 = HAIL
GRTST 24HR M ON M 6 = FREEZING RAIN OR DRIZZLE
GRTST DEPTH: M ON M 7 = DUSTSTORM OR SANDSTORM:
VSBY 1/2 MILE OR LESS
8 = SMOKE OR HAZE
[NO. OF DAYS WITH] [WEATHER - DAYS WITH] 9 = BLOWING SNOW
X = TORNADO
MAX 32 OR BELOW: 0 0.01 INCH OR MORE: 4
MAX 90 OR ABOVE: 0 0.10 INCH OR MORE: 0
MIN 32 OR BELOW: 27 0.50 INCH OR MORE: 0
MIN 0 OR BELOW: 0 1.00 INCH OR MORE: 0
[HDD (BASE 65) ]
TOTAL THIS MO. 765 CLEAR (SCALE 0-3) 31
DPTR FM NORMAL -16 PTCLDY (SCALE 4-7) 0
TOTAL FM JUL 1 4902 CLOUDY (SCALE 8-10) 0
DPTR FM NORMAL -614
[CDD (BASE 65) ]
TOTAL THIS MO. 0
DPTR FM NORMAL 0 [PRESSURE DATA]
TOTAL FM JAN 1 0 HIGHEST SLP M ON M
DPTR FM NORMAL 0 LOWEST SLP 29.63 ON 25
[REMARKS]
#FINAL-03-21#