918
CXUS56 KBOI 011002
CF6REO
PRELIMINARY LOCAL CLIMATOLOGICAL DATA (WS FORM: F-6)
STATION: ROME OR
MONTH: AUGUST
YEAR: 2020
LATITUDE: 42 35 N
LONGITUDE: 117 52 W
TEMPERATURE IN F: :PCPN: SNOW: WIND :SUNSHINE: SKY :PK WND
================================================================================
1 2 3 4 5 6A 6B 7 8 9 10 11 12 13 14 15 16 17 18
12Z AVG MX 2MIN
DY MAX MIN AVG DEP HDD CDD WTR SNW DPTH SPD SPD DIR MIN PSBL S-S WX SPD DR
================================================================================
1 103 55 79 7 0 14 0.00 M M 6.0 17 250 M M 0 22 250
2 101 53 77 5 0 12 0.00 M M 5.6 17 350 M M 0 24 350
3 94 58 76 4 0 11 0.00 M M 6.5 20 30 M M 0 26 20
4 95 51 73 1 0 8 0.00 M M 5.6 15 60 M M 0 24 30
5 97 52 75 3 0 10 0.00 M M 7.1 29 320 M M 0 40 180
6 91 56 74 2 0 9 0.00 M M 10.2 25 270 M M 0 35 270
7 85 54 70 -2 0 5 0.00 M M 8.4 17 10 M M 0 24 20
8 93 45 69 -3 0 4 0.00 M M 6.0 18 270 M M 0 28 270
9 92 53 73 2 0 8 0.00 M M 7.7 20 30 M M 0 28 360
10 93 48 71 0 0 6 0.00 M M 5.0 15 10 M M 0 21 320
11 96 49 73 2 0 8 0.00 M M 11.3 38 240 M M 0 56 230
12 93 56 75 4 0 10 0.00 M M 10.8 31 270 M M 0 43 270
13 94 45 70 -1 0 5 0.00 M M 9.2 24 260 M M 0 41 280
14 94 45 70 -1 0 5 0.00 M M 6.4 17 250 M M 0 29 260
15 102 50 76 6 0 11 0.00 M M 6.6 17 240 M M 0 23 250
16 102 67 85 15 0 20 0.00 M M 7.7 32 280 M M 0 47 270
17 99 60 80 10 0 15 0.00 M M 8.2 31 300 M M 0 43 300
18 101 63 82 12 0 17 0.00 M M 6.5 20 160 M M 0 30 170
19 97 66 82 12 0 17 0.00 M M 9.4 23 230 M M 0 30 230
20 90 58 74 5 0 9 0.00 M M 8.8 17 240 M M 0 26 220
21 96 57 77 8 0 12 0.00 M M 7.9 23 240 M M 0 35 200
22 93 56 75 6 0 10 0.00 M M 5.4 12 40 M M 0 16 40
23 97 56 77 8 0 12 0.00 M M 5.8 16 290 M M 0 22 240
24 95 61 78 10 0 13 0.12 M M 8.5 28 240 M M 0 42 170
25 93 56 75 7 0 10 0.02 M M 6.5 32 250 M M 0 45 300
26 94 55 75 7 0 10 0.00 M M 6.8 23 360 M M 0 32 10
27 89 60 75 7 0 10 0.00 M M 5.8 25 200 M M 0 34 190
28 92 51 72 5 0 7 0.00 M M 5.5 13 10 M M 0 17 350
29 96 50 73 6 0 8 0.00 M M 8.0 22 280 M M 0 31 270
30 80 48 64 -3 1 0 0.00 M M 8.8 20 360 M M 0 28 60
31 80 44 62 -4 3 0 0.00 M M 11.2 24 350 M M 0 36 30
================================================================================
SM 2917 1678 4 296 0.14 M 233.2 M 0
================================================================================
AV 94.1 54.1 7.5 FASTST M M 0 MAX(MPH)
MISC ----> 38 240 56 230
================================================================================
NOTES:
# LAST OF SEVERAL OCCURRENCES
COLUMN 17 PEAK WIND IN M.P.H.
PRELIMINARY LOCAL CLIMATOLOGICAL DATA (WS FORM: F-6) , PAGE 2
STATION: ROME OR
MONTH: AUGUST
YEAR: 2020
LATITUDE: 42 35 N
LONGITUDE: 117 52 W
[TEMPERATURE DATA] [PRECIPITATION DATA] SYMBOLS USED IN COLUMN 16
AVERAGE MONTHLY: 74.1 TOTAL FOR MONTH: 0.14 1 = FOG OR MIST
DPTR FM NORMAL: 4.2 DPTR FM NORMAL: -0.22 2 = FOG REDUCING VISIBILITY
HIGHEST: 103 ON 1 GRTST 24HR 0.14 ON 24-25 TO 1/4 MILE OR LESS
LOWEST: 44 ON 31 3 = THUNDER
SNOW, ICE PELLETS, HAIL 4 = ICE PELLETS
TOTAL MONTH: M 5 = HAIL
GRTST 24HR M ON M 6 = FREEZING RAIN OR DRIZZLE
GRTST DEPTH: M ON M 7 = DUSTSTORM OR SANDSTORM:
VSBY 1/2 MILE OR LESS
8 = SMOKE OR HAZE
[NO. OF DAYS WITH] [WEATHER - DAYS WITH] 9 = BLOWING SNOW
X = TORNADO
MAX 32 OR BELOW: 0 0.01 INCH OR MORE: 2
MAX 90 OR ABOVE: 27 0.10 INCH OR MORE: 1
MIN 32 OR BELOW: 0 0.50 INCH OR MORE: 0
MIN 0 OR BELOW: 0 1.00 INCH OR MORE: 0
[HDD (BASE 65) ]
TOTAL THIS MO. 4 CLEAR (SCALE 0-3) 31
DPTR FM NORMAL -23 PTCLDY (SCALE 4-7) 0
TOTAL FM JUL 1 8 CLOUDY (SCALE 8-10) 0
DPTR FM NORMAL -34
[CDD (BASE 65) ]
TOTAL THIS MO. 296
DPTR FM NORMAL 117 [PRESSURE DATA]
TOTAL FM JAN 1 725 HIGHEST SLP M ON M
DPTR FM NORMAL 259 LOWEST SLP 29.65 ON 5
[REMARKS]
#FINAL-08-20#