000
CXUS51 KAKQ 010810
CF6RIC
PRELIMINARY LOCAL CLIMATOLOGICAL DATA (WS FORM: F-6)
STATION: RICHMOND VA
MONTH: DECEMBER
YEAR: 2023
LATITUDE: 37 30 N
LONGITUDE: 77 20 W
TEMPERATURE IN F: :PCPN: SNOW: WIND :SUNSHINE: SKY :PK WND
================================================================================
1 2 3 4 5 6A 6B 7 8 9 10 11 12 13 14 15 16 17 18
12Z AVG MX 2MIN
DY MAX MIN AVG DEP HDD CDD WTR SNW DPTH SPD SPD DIR MIN PSBL S-S WX SPD DR
================================================================================
1 54 33 44 -1 21 0 0.11 0.0 0 4.6 13 190 M M 7 1 17 200
2 65 49 57 12 8 0 0.08 0.0 0 3.2 12 250 M M 10 12 17 240
3 68 56 62 17 3 0 0.52 0.0 0 6.9 14 220 M M 9 12 19 250
4 61 35 48 4 17 0 0.00 0.0 0 3.6 14 320 M M 4 19 300
5 55 30 43 -1 22 0 T 0.0 0 2.5 10 80 M M 4 15 130
6 48 30 39 -5 26 0 0.05 0.0 0 9.3 23 340 M M 6 1 32 350
7 51 26 39 -5 26 0 0.00 0.0 0 6.9 17 220 M M 2 22 230
8 61 30 46 3 19 0 0.00 0.0 0 4.9 14 140 M M 3 19 130
9 67 38 53 10 12 0 0.00 0.0 0 7.9 15 220 M M 4 19 230
10 67 45 56 13 9 0 2.73 0.0 0 9.9 35 350 M M 9 1 50 350
11 50 31 41 -2 24 0 0.77 0.2 T 8.8 30 350 M M 5 14 43 340
12 50 26 38 -4 27 0 0.00 0.0 0 4.0 12 200 M M 0 18 230
13 59 29 44 2 21 0 0.00 0.0 0 4.1 15 340 M M 2 8 20 330
14 51 32 42 0 23 0 0.00 0.0 0 4.6 12 40 M M 1 15 40
15 62 26 44 2 21 0 0.00 0.0 0 2.3 8 280 M M 0 11 270
16 59 29 44 2 21 0 0.00 0.0 0 3.0 10 60 M M 4 14 60
17 56 40 48 7 17 0 2.74 0.0 0 7.7 22 360 M M 9 1 29 360
18 59 42 51 10 14 0 0.08 0.0 0 14.4 24 280 M M 7 1 33 280
19 47 30 39 -2 26 0 0.00 0.0 0 10.8 23 310 M M 2 32 340
20 49 26 38 -3 27 0 0.00 0.0 0 3.9 10 310 M M 0 8 17 310
21 53 26 40 -1 25 0 0.00 0.0 0 2.6 9 50 M M 4 13 360
22 52 30 41 1 24 0 0.00 0.0 0 1.1 8 120 M M 6 11 110
23 53 30 42 2 23 0 0.00 0.0 0 2.8 12 140 M M 6 12 15 160
24 59 33 46 6 19 0 0.00 0.0 0 2.5 7 230 M M 4 1 9 240
25 62 35 49 9 16 0 T 0.0 0 2.7 9 90 M M 7 1 13 90
26 56 47 52 12 13 0 0.12 0.0 0 4.9 9 50 M M 10 1 14 60
27 61 50 56 16 9 0 1.46 0.0 0 8.3 16 90 M M 10 1 28 70
28 57 41 49 9 16 0 0.01 0.0 0 4.6 13 300 M M 8 1 16 300
29 57 39 48 9 17 0 0.19 0.0 0 4.5 24 230 M M 7 123 31 220
30 50 35 43 4 22 0 0.01 0.0 0 8.9 20 270 M M 4 26 260
31 51 27 39 0 26 0 0.00 0.0 0 4.8 13 190 M M 1 16 190
================================================================================
SM 1750 1076 594 0 8.87 0.2 171.0 M 155
================================================================================
AV 56.5 34.7 5.5 FASTST M M 5 MAX(MPH)
MISC ----> 35 350 50 350
================================================================================
NOTES:
# LAST OF SEVERAL OCCURRENCES
COLUMN 17 PEAK WIND IN M.P.H.
PRELIMINARY LOCAL CLIMATOLOGICAL DATA (WS FORM: F-6) , PAGE 2
STATION: RICHMOND VA
MONTH: DECEMBER
YEAR: 2023
LATITUDE: 37 30 N
LONGITUDE: 77 20 W
[TEMPERATURE DATA] [PRECIPITATION DATA] SYMBOLS USED IN COLUMN 16
AVERAGE MONTHLY: 45.6 TOTAL FOR MONTH: 8.87 1 = FOG OR MIST
DPTR FM NORMAL: 3.8 DPTR FM NORMAL: 5.36 2 = FOG REDUCING VISIBILITY
HIGHEST: 68 ON 3 GRTST 24HR 3.50 ON 10-11 TO 1/4 MILE OR LESS
LOWEST: 26 ON 21,20 3 = THUNDER
SNOW, ICE PELLETS, HAIL 4 = ICE PELLETS
TOTAL MONTH: 0.2 INCH 5 = HAIL
GRTST 24HR 0.2 ON 11-11 6 = FREEZING RAIN OR DRIZZLE
GRTST DEPTH: T 7 = DUSTSTORM OR SANDSTORM:
VSBY 1/2 MILE OR LESS
8 = SMOKE OR HAZE
[NO. OF DAYS WITH] [WEATHER - DAYS WITH] 9 = BLOWING SNOW
X = TORNADO
MAX 32 OR BELOW: 0 0.01 INCH OR MORE: 13
MAX 90 OR ABOVE: 0 0.10 INCH OR MORE: 8
MIN 32 OR BELOW: 16 0.50 INCH OR MORE: 5
MIN 0 OR BELOW: 0 1.00 INCH OR MORE: 3
[HDD (BASE 65) ]
TOTAL THIS MO. 594 CLEAR (SCALE 0-3) 9
DPTR FM NORMAL -126 PTCLDY (SCALE 4-7) 15
TOTAL FM JUL 1 1184 CLOUDY (SCALE 8-10) 7
DPTR FM NORMAL -220
[CDD (BASE 65) ]
TOTAL THIS MO. 0
DPTR FM NORMAL -1 [PRESSURE DATA]
TOTAL FM JAN 1 1632 HIGHEST SLP 30.79 ON 14
DPTR FM NORMAL 72 LOWEST SLP 29.21 ON 18
[REMARKS]
#FINAL-12-23#