000
CXUS51 KAKQ 010833
CF6RIC
PRELIMINARY LOCAL CLIMATOLOGICAL DATA (WS FORM: F-6)
STATION: RICHMOND VA
MONTH: JULY
YEAR: 2020
LATITUDE: 37 30 N
LONGITUDE: 77 20 W
TEMPERATURE IN F: :PCPN: SNOW: WIND :SUNSHINE: SKY :PK WND
================================================================================
1 2 3 4 5 6A 6B 7 8 9 10 11 12 13 14 15 16 17 18
12Z AVG MX 2MIN
DY MAX MIN AVG DEP HDD CDD WTR SNW DPTH SPD SPD DIR MIN PSBL S-S WX SPD DR
================================================================================
1 88 69 79 0 0 14 1.02 0.0 0 4.5 33 250 M M 7 13 42 250
2 89 66 78 -1 0 13 0.00 0.0 0 5.2 13 340 M M 3 1 17 350
3 94 71 83 4 0 18 0.00 0.0 0 5.4 14 310 M M 1 17 340
4 93 73 83 4 0 18 0.00 0.0 0 7.0 15 30 M M 3 18 30
5 89 71 80 1 0 15 0.00 0.0 0 6.2 16 100 M M 7 1 20 100
6 93 71 82 3 0 17 0.00 0.0 0 7.7 17 180 M M 6 21 200
7 90 71 81 2 0 16 0.03 0.0 0 6.8 21 100 M M 6 1 23 100
8 89 71 80 1 0 15 0.00 0.0 0 5.6 14 110 M M 6 1 17 120
9 89 72 81 1 0 16 0.02 0.0 0 8.3 17 50 M M 5 1 24 70
10 94 74 84 4 0 19 T 0.0 0 8.2 22 280 M M 5 27 270
11 94 72 83 3 0 18 0.01 0.0 0 9.3 17 260 M M 5 24 260
12 93 69 81 1 0 16 0.00 0.0 0 4.7 16 240 M M 3 20 180
13 90 70 80 0 0 15 0.05 0.0 0 4.6 12 140 M M 5 13 13 150
14 93 69 81 1 0 16 0.00 0.0 0 4.7 14 350 M M 3 1 23 90
15 93 71 82 2 0 17 0.00 0.0 0 5.9 15 120 M M 3 18 19 120
16 91 71 81 1 0 16 0.00 0.0 0 7.6 17 130 M M 6 23 130
17 96 73 85 5 0 20 0.03 0.0 0 7.1 18 250 M M 6 3 24 220
18 96 73 85 5 0 20 0.00 0.0 0 4.8 9 100 M M 5 13 100
19 101 75 88 8 0 23 T 0.0 0 6.4 23 220 M M 3 29 220
20 97 78 88 9 0 23 0.00 0.0 0 7.0 14 150 M M 5 19 180
21 100 73 87 8 0 22 0.35 0.0 0 7.3 32 240 M M 5 13 40 230
22 96 72 84 5 0 19 0.19 0.0 0 7.8 30 340 M M 7 13 39 340
23 94 74 84 5 0 19 T 0.0 0 8.0 24 180 M M 7 28 180
24 91 72 82 3 0 17 0.18 0.0 0 6.7 22 190 M M 7 13 29 180
25 91 71 81 2 0 16 0.00 0.0 0 4.2 9 130 M M 5 12 12 140
26 99 74 87 8 0 22 0.00 0.0 0 6.5 15 290 M M 2 21 290
27 97 76 87 8 0 22 0.00 0.0 0 7.9 18 190 M M 2 21 200
28 101 76 89 10 0 24 T 0.0 0 9.6 21 300 M M 4 25 320
29 93 74 84 5 0 19 0.00 0.0 0 7.2 14 140 M M 5 20 150
30 96 73 85 6 0 20 0.01 0.0 0 7.4 18 350 M M 6 1 21 350
31 91 74 83 4 0 18 0.91 0.0 0 5.2 21 10 M M 9 138 25 310
================================================================================
SM 2901 2239 0 563 2.80 0.0 204.8 M 152
================================================================================
AV 93.6 72.2 6.6 FASTST M M 5 MAX(MPH)
MISC ----> # 33 250 # 42 250
================================================================================
NOTES:
# LAST OF SEVERAL OCCURRENCES
COLUMN 17 PEAK WIND IN M.P.H.
PRELIMINARY LOCAL CLIMATOLOGICAL DATA (WS FORM: F-6) , PAGE 2
STATION: RICHMOND VA
MONTH: JULY
YEAR: 2020
LATITUDE: 37 30 N
LONGITUDE: 77 20 W
[TEMPERATURE DATA] [PRECIPITATION DATA] SYMBOLS USED IN COLUMN 16
AVERAGE MONTHLY: 82.9 TOTAL FOR MONTH: 2.80 1 = FOG OR MIST
DPTR FM NORMAL: 3.6 DPTR FM NORMAL: -1.71 2 = FOG REDUCING VISIBILITY
HIGHEST: 101 ON 28,19 GRTST 24HR 1.02 ON 1- 1 TO 1/4 MILE OR LESS
LOWEST: 66 ON 2 3 = THUNDER
SNOW, ICE PELLETS, HAIL 4 = ICE PELLETS
TOTAL MONTH: 0.0 INCH 5 = HAIL
GRTST 24HR 0.0 6 = FREEZING RAIN OR DRIZZLE
GRTST DEPTH: 0 7 = DUSTSTORM OR SANDSTORM:
VSBY 1/2 MILE OR LESS
8 = SMOKE OR HAZE
[NO. OF DAYS WITH] [WEATHER - DAYS WITH] 9 = BLOWING SNOW
X = TORNADO
MAX 32 OR BELOW: 0 0.01 INCH OR MORE: 11
MAX 90 OR ABOVE: 26 0.10 INCH OR MORE: 5
MIN 32 OR BELOW: 0 0.50 INCH OR MORE: 2
MIN 0 OR BELOW: 0 1.00 INCH OR MORE: 1
[HDD (BASE 65) ]
TOTAL THIS MO. 0 CLEAR (SCALE 0-3) 5
DPTR FM NORMAL 0 PTCLDY (SCALE 4-7) 25
TOTAL FM JUL 1 0 CLOUDY (SCALE 8-10) 1
DPTR FM NORMAL 0
[CDD (BASE 65) ]
TOTAL THIS MO. 563
DPTR FM NORMAL 120 [PRESSURE DATA]
TOTAL FM JAN 1 1022 HIGHEST SLP 30.24 ON 16
DPTR FM NORMAL 103 LOWEST SLP 29.73 ON 12
[REMARKS]
#FINAL-07-20#