548
CXUS56 KSGX 011245
CF6RIV
PRELIMINARY LOCAL CLIMATOLOGICAL DATA (WS FORM: F-6)
STATION: RIVERSIDE/MARCH FIELD CA
MONTH: MAY
YEAR: 2020
LATITUDE: 33 54 N
LONGITUDE: 117 15 W
TEMPERATURE IN F: :PCPN: SNOW: WIND :SUNSHINE: SKY :PK WND
================================================================================
1 2 3 4 5 6A 6B 7 8 9 10 11 12 13 14 15 16 17 18
12Z AVG MX 2MIN
DY MAX MIN AVG DEP HDD CDD WTR SNW DPTH SPD SPD DIR MIN PSBL S-S WX SPD DR
================================================================================
1 80 51 66 M 0 1 0.00 0.0 0 4.9 12 300 M M 1 18 M M
2 80 49 65 M 0 0 0.00 0.0 0 4.5 13 290 M M 0 20 290
3 80 46 63 M 2 0 T M 0 4.8 13 300 M M 0 M M
4 87 46 67 M 0 2 0.00 0.0 M 5.3 14 320 M M 0 M M
5 94 49 72 M 0 7 0.00 0.0 0 2.8 12 300 M M 0 M M
6 96 47 72 M 0 7 0.00 0.0 0 3.5 12 310 M M 0 M M
7 98 49 74 M 0 9 0.00 0.0 0 3.5 15 300 M M 0 M M
8 92 50 71 M 0 6 0.00 0.0 0 4.1 14 300 M M 0 M M
9 86 53 70 M 0 5 0.00 0.0 0 5.4 13 300 M M 0 M M
10 85 53 69 M 0 4 0.00 0.0 0 4.9 14 300 M M 3 1 M M
11 79 52 66 M 0 1 T 0.0 0 6.9 15 310 M M 3 24 300
12 73 49 61 M 4 0 T M 0 6.5 15 290 M M 6 24 300
13 73 47 60 M 5 0 0.00 0.0 0 6.0 14 300 M M 3 22 280
14 77 44 61 M 4 0 0.00 0.0 0 5.6 13 310 M M 1 1 17 320
15 81 52 67 M 0 2 0.00 0.0 0 5.1 10 300 M M 1 1 M M
16 87 52 70 M 0 5 0.00 0.0 0 5.4 15 310 M M 0 M M
17 85 52 69 M 0 4 0.00 0.0 0 5.8 15 310 M M 0 M M
18 73 52 63 M 2 0 T 0.0 0 8.1 18 280 M M 8 22 300
19 70 47 59 M 6 0 T M 0 6.0 14 290 M M 3 17 260
20 78 41 60 M 5 0 0.00 0.0 0 4.3 14 310 M M 0 M M
21 87 44 66 M 0 1 0.00 0.0 0 4.4 15 290 M M 0 M M
22 83 47 65 M 0 0 0.00 0.0 0 6.5 15 290 M M 0 8 20 310
23 78 53 66 M 0 1 0.00 0.0 0 6.1 14 300 M M 3 18 310
24 89 47 68 M 0 3 0.00 0.0 0 4.3 15 310 M M 0 22 310
25 95 51 73 M 0 8 0.00 0.0 0 5.3 17 290 M M 0 22 310
26 97 55 76 M 0 11 0.00 0.0 0 4.0 16 300 M M 0 M M
27 96 55 76 M 0 11 0.00 0.0 0 4.7 15 310 M M 0 M M
28 90 55 73 M 0 8 0.00 0.0 0 5.0 13 320 M M 0 M M
29 83 56 70 M 0 5 0.00 0.0 0 5.4 16 290 M M 4 1 21 300
30 80 56 68 M 0 3 0.00 0.0 0 7.2 15 300 M M 5 23 300
31 84 51 68 M 0 3 0.00 0.0 0 4.2 12 300 M M 1 M M
================================================================================
SM 2616 1551 28 107 T 0.0 160.5 M 42
================================================================================
AV 84.4 50.0 5.2 FASTST M M 1 MAX(MPH)
MISC ----> # 18 280 # 24 300
================================================================================
NOTES:
# LAST OF SEVERAL OCCURRENCES
COLUMN 17 PEAK WIND IN M.P.H.
PRELIMINARY LOCAL CLIMATOLOGICAL DATA (WS FORM: F-6) , PAGE 2
STATION: RIVERSIDE/MARCH FIELD CA
MONTH: MAY
YEAR: 2020
LATITUDE: 33 54 N
LONGITUDE: 117 15 W
[TEMPERATURE DATA] [PRECIPITATION DATA] SYMBOLS USED IN COLUMN 16
AVERAGE MONTHLY: 67.2 TOTAL FOR MONTH: T 1 = FOG OR MIST
DPTR FM NORMAL: M DPTR FM NORMAL: M 2 = FOG REDUCING VISIBILITY
HIGHEST: 98 ON 7 GRTST 24HR T ON 19-19 TO 1/4 MILE OR LESS
LOWEST: 41 ON 20 3 = THUNDER
SNOW, ICE PELLETS, HAIL 4 = ICE PELLETS
TOTAL MONTH: 0.0 INCH 5 = HAIL
GRTST 24HR 0.0 6 = FREEZING RAIN OR DRIZZLE
GRTST DEPTH: 0 7 = DUSTSTORM OR SANDSTORM:
VSBY 1/2 MILE OR LESS
8 = SMOKE OR HAZE
[NO. OF DAYS WITH] [WEATHER - DAYS WITH] 9 = BLOWING SNOW
X = TORNADO
MAX 32 OR BELOW: 0 0.01 INCH OR MORE: 0
MAX 90 OR ABOVE: 8 0.10 INCH OR MORE: 0
MIN 32 OR BELOW: 0 0.50 INCH OR MORE: 0
MIN 0 OR BELOW: 0 1.00 INCH OR MORE: 0
[HDD (BASE 65) ]
TOTAL THIS MO. 28 CLEAR (SCALE 0-3) 27
DPTR FM NORMAL M PTCLDY (SCALE 4-7) 4
TOTAL FM JUL 1 2160 CLOUDY (SCALE 8-10) 0
DPTR FM NORMAL M
[CDD (BASE 65) ]
TOTAL THIS MO. 107
DPTR FM NORMAL M [PRESSURE DATA]
TOTAL FM JAN 1 148 HIGHEST SLP M ON M
DPTR FM NORMAL M LOWEST SLP M ON M
[REMARKS]
#FINAL-05-20#