000
CXUS55 KRIW 011010
CF6RKS
PRELIMINARY LOCAL CLIMATOLOGICAL DATA (WS FORM: F-6)
STATION: ROCK SPRINGS WY
MONTH: OCTOBER
YEAR: 2022
LATITUDE: 41 35 N
LONGITUDE: 109 4 W
TEMPERATURE IN F: :PCPN: SNOW: WIND :SUNSHINE: SKY :PK WND
================================================================================
1 2 3 4 5 6A 6B 7 8 9 10 11 12 13 14 15 16 17 18
12Z AVG MX 2MIN
DY MAX MIN AVG DEP HDD CDD WTR SNW DPTH SPD SPD DIR MIN PSBL S-S WX SPD DR
================================================================================
1 60 39 50 -1 15 0 0.00 M M 5.8 14 140 M M 3 18 150
2 65 38 52 2 13 0 0.01 M M 5.7 15 280 M M 4 21 260
3 65 39 52 2 13 0 T M M 6.1 16 290 M M 3 21 280
4 64 40 52 2 13 0 0.00 M M 5.6 14 90 M M 1 8 19 80
5 65 39 52 3 13 0 0.00 M M 4.6 17 60 M M 0 23 30
6 68 35 52 3 13 0 0.00 M M 4.1 14 60 M M 0 8 19 70
7 64 38 51 3 14 0 0.00 M M 8.3 17 60 M M 2 1 23 60
8 65 38 52 4 13 0 0.00 M M 5.1 14 280 M M 1 18 280
9 68 36 52 5 13 0 0.00 M M 4.2 15 310 M M 0 22 330
10 68 39 54 7 11 0 0.00 M M 13.0 26 270 M M 0 8 35 260
11 64 44 54 8 11 0 0.00 M M 20.7 33 260 M M 1 45 270
12 67 43 55 9 10 0 0.00 M M 20.4 32 270 M M 0 42 270
13 63 36 50 4 15 0 0.00 M M 4.9 14 230 M M 0 16 290
14 70 39 55 10 10 0 0.00 M M 13.7 22 270 M M 0 30 280
15 59 36 48 3 17 0 0.00 M M 12.7 24 60 M M 1 31 70
16 58 28 43 -1 22 0 0.00 M M 7.5 17 40 M M 0 26 70
17 64 32 48 4 17 0 0.00 M M 2.6 9 60 M M 0 13 60
18 67 34 51 7 14 0 0.00 M M 2.8 8 230 M M 0 13 270
19 68 36 52 9 13 0 0.00 M M 3.9 10 160 M M 0 14 270
20 69 35 52 9 13 0 0.00 M M 11.2 25 250 M M 0 32 250
21 66 36 51 9 14 0 0.00 M M 17.4 39 260 M M 0 50 260
22 56 31 44 2 21 0 0.05 M M 16.2 37 270 M M 5 1 46 280
23 38 24 31 -11 34 0 0.02 M M 18.2 30 280 M M 8 1 38 280
24 39 22 31 -10 34 0 0.00 M M 21.6 35 260 M M 3 45 270
25 45 26 36 -5 29 0 0.00 M M 15.8 35 260 M M 5 44 260
26 39 18 29 -11 36 0 0.02 M M 7.5 35 270 M M 5 128 52 260
27 39 16 28 -12 37 0 0.00 M M 11.7 20 250 M M 0 26 250
28 49 20 35 -4 30 0 0.00 M M 6.4 14 260 M M 0 17 220
29 49 19 34 -5 31 0 0.00 M M 5.6 14 260 M M 2 18 250
30 53 27 40 1 25 0 0.00 M M 13.4 24 260 M M 0 30 260
31 55 30 43 5 22 0 0.00 M M 15.2 29 260 M M 0 37 260
================================================================================
SM 1829 1013 586 0 0.10 M 311.9 M 44
================================================================================
AV 59.0 32.7 10.1 FASTST M M 1 MAX(MPH)
MISC ----> 39 260 52 260
================================================================================
NOTES:
# LAST OF SEVERAL OCCURRENCES
COLUMN 17 PEAK WIND IN M.P.H.
PRELIMINARY LOCAL CLIMATOLOGICAL DATA (WS FORM: F-6) , PAGE 2
STATION: ROCK SPRINGS WY
MONTH: OCTOBER
YEAR: 2022
LATITUDE: 41 35 N
LONGITUDE: 109 4 W
[TEMPERATURE DATA] [PRECIPITATION DATA] SYMBOLS USED IN COLUMN 16
AVERAGE MONTHLY: 45.8 TOTAL FOR MONTH: 0.10 1 = FOG OR MIST
DPTR FM NORMAL: 1.3 DPTR FM NORMAL: -0.71 2 = FOG REDUCING VISIBILITY
HIGHEST: 70 ON 14 GRTST 24HR 0.07 ON 22-23 TO 1/4 MILE OR LESS
LOWEST: 16 ON 27 3 = THUNDER
SNOW, ICE PELLETS, HAIL 4 = ICE PELLETS
TOTAL MONTH: M 5 = HAIL
GRTST 24HR M ON M 6 = FREEZING RAIN OR DRIZZLE
GRTST DEPTH: M ON M 7 = DUSTSTORM OR SANDSTORM:
VSBY 1/2 MILE OR LESS
8 = SMOKE OR HAZE
[NO. OF DAYS WITH] [WEATHER - DAYS WITH] 9 = BLOWING SNOW
X = TORNADO
MAX 32 OR BELOW: 0 0.01 INCH OR MORE: 4
MAX 90 OR ABOVE: 0 0.10 INCH OR MORE: 0
MIN 32 OR BELOW: 12 0.50 INCH OR MORE: 0
MIN 0 OR BELOW: 0 1.00 INCH OR MORE: 0
[HDD (BASE 65) ]
TOTAL THIS MO. 586 CLEAR (SCALE 0-3) 25
DPTR FM NORMAL -51 PTCLDY (SCALE 4-7) 6
TOTAL FM JUL 1 735 CLOUDY (SCALE 8-10) 0
DPTR FM NORMAL -204
[CDD (BASE 65) ]
TOTAL THIS MO. 0
DPTR FM NORMAL 0 [PRESSURE DATA]
TOTAL FM JAN 1 537 HIGHEST SLP 30.49 ON 28
DPTR FM NORMAL 217 LOWEST SLP 29.31 ON 22
[REMARKS]
#FINAL-10-22#