000
CXUS52 KFFC 011010
CF6RMG
PRELIMINARY LOCAL CLIMATOLOGICAL DATA (WS FORM: F-6)
STATION: ROME
MONTH: MARCH
YEAR: 2022
LATITUDE: 34 20 N
LONGITUDE: 85 10 W
TEMPERATURE IN F: :PCPN: SNOW: WIND :SUNSHINE: SKY :PK WND
================================================================================
1 2 3 4 5 6A 6B 7 8 9 10 11 12 13 14 15 16 17 18
12Z AVG MX 2MIN
DY MAX MIN AVG DEP HDD CDD WTR SNW DPTH SPD SPD DIR MIN PSBL S-S WX SPD DR
================================================================================
1 68 32 50 0 15 0 0.00 M M 1.6 9 210 M M 0 13 200
2 78 35 57 7 8 0 0.00 M M 2.4 12 280 M M 0 16 280
3 79 39 59 9 6 0 0.00 M M 2.6 10 220 M M 0 18 16 220
4 79 42 61 11 4 0 0.00 M M 4.2 13 140 M M 0 21 120
5 80 55 68 17 0 3 0.00 M M 7.6 21 170 M M 0 27 170
6 78 50 64 13 1 0 0.00 M M 3.3 15 190 M M 5 8 24 170
7 77 53 65 14 0 0 0.31 M M 6.1 28 270 M M 7 13 43 280
8 53 46 50 -1 15 0 0.61 M M 6.5 16 10 M M 10 1 23 360
9 58 47 53 1 12 0 0.60 M M 6.0 23 320 M M 7 13 32 310
10 68 42 55 3 10 0 0.00 0.0 M 2.3 12 360 M M 0 17 360
11 66 49 58 6 7 0 0.07 M M 5.1 10 150 M M 9 18 17 140
12 58 26 42 -10 23 0 0.47 M M 14.1 26 330 M M 5 1 42 10
13 55 22 39 -14 26 0 0.00 M M 2.1 12 270 M M 0 16 250
14 68 31 50 -3 15 0 0.00 M M 3.1 16 160 M M 0 23 100
15 63 41 52 -1 13 0 0.14 M M 4.5 13 50 M M 7 17 40
16 66 47 57 4 8 0 0.56 M M 5.0 14 140 M M 8 18 19 150
17 75 45 60 6 5 0 0.00 M M 1.4 10 280 M M 5 128 14 270
18 62 47 55 1 10 0 0.44 M M 3.7 22 260 M M 6 13 33 250
19 62 44 53 -1 12 0 0.00 M M 7.7 16 260 M M 6 24 240
20 71 34 53 -1 12 0 0.00 M 0 3.1 18 350 M M 0 25 310
21 74 35 55 0 10 0 0.00 M M 3.3 15 160 M M 0 20 170
22 78 49 64 9 1 0 0.40 M M 9.4 22 140 M M 4 13 32 150
23 77 53 65 10 0 0 1.72 M M 9.7 23 240 M M 5 1 41 200
24 67 41 54 -2 11 0 0.00 M M 4.2 17 240 M M 1 26 240
25 62 41 52 -4 13 0 0.00 M M 4.9 17 300 M M 6 8 35 290
26 65 39 52 -4 13 0 0.00 M M 10.1 26 280 M M 0 41 290
27 M M M M M M 0.00 M M 6.8 18 290 M M 1 27 280
28 66 46 56 0 9 0 0.00 M M 4.9 15 20 M M 2 19 350
29 78 43 61 4 4 0 0.00 M M 5.3 15 190 M M 3 22 150
30 84 56 70 13 0 5 T M M 12.4 35 180 M M 0 8 50 170
31 71 48 60 3 5 0 1.17 M M 7.6 23 190 M M 6 1 37 180
================================================================================
SM 2086 1278 268 8 6.49 0.0 171.0 M 103
================================================================================
AV 69.5 42.6 5.5 FASTST M M 3 MAX(MPH)
MISC ----> 35 180 50 170
================================================================================
NOTES:
# LAST OF SEVERAL OCCURRENCES
COLUMN 17 PEAK WIND IN M.P.H.
PRELIMINARY LOCAL CLIMATOLOGICAL DATA (WS FORM: F-6) , PAGE 2
STATION: ROME
MONTH: MARCH
YEAR: 2022
LATITUDE: 34 20 N
LONGITUDE: 85 10 W
[TEMPERATURE DATA] [PRECIPITATION DATA] SYMBOLS USED IN COLUMN 16
AVERAGE MONTHLY: 56.1 TOTAL FOR MONTH: 6.49 1 = FOG OR MIST
DPTR FM NORMAL: 2.7 DPTR FM NORMAL: 1.50 2 = FOG REDUCING VISIBILITY
HIGHEST: 84 ON 30 GRTST 24HR 2.12 ON 22-23 TO 1/4 MILE OR LESS
LOWEST: 22 ON 13 3 = THUNDER
SNOW, ICE PELLETS, HAIL 4 = ICE PELLETS
TOTAL MONTH: 0.0 INCH 5 = HAIL
GRTST 24HR 0.0 6 = FREEZING RAIN OR DRIZZLE
GRTST DEPTH: 0 7 = DUSTSTORM OR SANDSTORM:
VSBY 1/2 MILE OR LESS
8 = SMOKE OR HAZE
[NO. OF DAYS WITH] [WEATHER - DAYS WITH] 9 = BLOWING SNOW
X = TORNADO
MAX 32 OR BELOW: 0 0.01 INCH OR MORE: 11
MAX 90 OR ABOVE: 0 0.10 INCH OR MORE: 10
MIN 32 OR BELOW: 4 0.50 INCH OR MORE: 5
MIN 0 OR BELOW: 0 1.00 INCH OR MORE: 2
[HDD (BASE 65) ]
TOTAL THIS MO. 268 CLEAR (SCALE 0-3) 16
DPTR FM NORMAL -99 PTCLDY (SCALE 4-7) 13
TOTAL FM JUL 1 2300 CLOUDY (SCALE 8-10) 2
DPTR FM NORMAL -491
[CDD (BASE 65) ]
TOTAL THIS MO. 8
DPTR FM NORMAL 1 [PRESSURE DATA]
TOTAL FM JAN 1 19 HIGHEST SLP 30.48 ON 13
DPTR FM NORMAL 10 LOWEST SLP 29.54 ON 31
[REMARKS]
#FINAL-03-22#