000
CXUS51 KRNK 010709
CLMRNK
CLIMATE REPORT
NATIONAL WEATHER SERVICE BLACKSBURG, VA
309 AM EDT SAT JUL 01 2023
...................................
...THE BLACKSBURG VA CLIMATE SUMMARY FOR THE MONTH OF JUNE 2023...
CLIMATE NORMAL PERIOD: 1991 TO 2020
CLIMATE RECORD PERIOD: 1893 TO 2023
WEATHER OBSERVED NORMAL DEPART LAST YEAR`S
VALUE DATE(S) VALUE FROM VALUE
NORMAL
..............................................................
TEMPERATURE (F)
RECORD
HIGH 99 06/25/1914
LOW 30 06/11/1972
HIGHEST 85 06/30 91
LOWEST 42 06/09 45
AVG. MAXIMUM 76.1 78.9 -2.8 81.5
AVG. MINIMUM 54.4 56.9 -2.5 57.3
MEAN 65.3 67.9 -2.6 69.4
DAYS MAX >= 90 0 0.5 -0.5 1
DAYS MAX <= 32 0 0.0 0.0 0
DAYS MIN <= 32 0 0.0 0.0 0
DAYS MIN <= 0 0 0.0 0.0 0
PRECIPITATION (INCHES)
RECORD
MAXIMUM 10.96 2006
MINIMUM 0.39 1966
TOTALS 2.94 4.27 -1.33 1.29
DAYS >= .01 8 12.3 -4.3 9
DAYS >= .10 5 7.3 -2.3 3
DAYS >= .50 3 2.6 0.4 1
DAYS >= 1.00 1 1.2 -0.2 0
GREATEST
24 HR. TOTAL 1.48 0.76
SNOWFALL (INCHES)
TOTALS 0.0 0.0 0.0 0.0
DAYS >= TRACE 0 0.0 0.0 0
DAYS >= 1.0 0 0.0 0.0 0
GREATEST
24 HR TOTAL MM MM
DEGREE DAYS
HEATING TOTAL 45 34 11 21
COOLING TOTAL 59 121 -62 161
..............................................................
WIND (MPH)
AVERAGE WIND SPEED 3.5
RESULTANT WIND SPEED/DIRECTION 1/360
HIGHEST WIND SPEED/DIRECTION 18/310 DATE 06/16
18/070 06/20
HIGHEST GUST SPEED/DIRECTION 30/070 DATE 06/20
SKY COVER
AVERAGE SKY COVER 0.46
AVERAGE RH (PERCENT) 76
WEATHER CONDITIONS. NUMBER OF DAYS WITH
THUNDERSTORM 3 MIXED PRECIP 0
HEAVY RAIN 3 RAIN 8
LIGHT RAIN 11 FREEZING RAIN 0
LT FREEZING RAIN 0 HAIL 0
HEAVY SNOW 0 SNOW 0
LIGHT SNOW 0 SLEET 0
FOG 18 FOG W/VIS <= 1/4 MILE 1
HAZE 4
- INDICATES NEGATIVE NUMBERS.
R INDICATES RECORD WAS SET OR TIED.
MM INDICATES DATA IS MISSING.
T INDICATES TRACE AMOUNT.
$$