000
CXUS56 KSGX 011145
CF6RNM
PRELIMINARY LOCAL CLIMATOLOGICAL DATA (WS FORM: F-6)
STATION: RAMONA AIRPORT CA
MONTH: FEBRUARY
YEAR: 2023
LATITUDE: 33 2 N
LONGITUDE: 116 55 W
TEMPERATURE IN F: :PCPN: SNOW: WIND :SUNSHINE: SKY :PK WND
================================================================================
1 2 3 4 5 6A 6B 7 8 9 10 11 12 13 14 15 16 17 18
12Z AVG MX 2MIN
DY MAX MIN AVG DEP HDD CDD WTR SNW DPTH SPD SPD DIR MIN PSBL S-S WX SPD DR
================================================================================
1 65 29 47 -5 18 0 0.00 M M 3.7 14 280 M M 0 16 270
2 69 27 48 -4 17 0 0.00 M M 4.3 12 310 M M 0 15 270
3 69 35 52 0 13 0 0.00 M M 2.7 13 290 M M 0 15 320
4 70 30 50 -2 15 0 0.00 M M 2.1 13 300 M M 0 1 15 290
5 62 32 47 -5 18 0 T M M 4.3 15 290 M M 3 1 19 280
6 63 36 50 -2 15 0 0.01 M M 4.1 17 290 M M 4 12 22 280
7 68 35 52 0 13 0 0.00 M M 5.7 17 270 M M 0 21 30
8 72 33 53 1 12 0 0.00 M M 4.2 17 290 M M 0 22 110
9 74 32 53 1 12 0 0.00 M M 9.3 24 70 M M 0 32 30
10 74 46 60 8 5 0 0.00 M M 10.7 23 50 M M 0 31 50
11 59 34 47 -5 18 0 0.00 M M 5.3 17 250 M M 4 20 240
12 56 29 43 -9 22 0 0.38 M M 3.9 16 250 M M 6 12 21 260
13 58 39 49 -3 16 0 0.02 M M 4.3 13 260 M M 8 1 15 270
14 51 36 44 -8 21 0 0.10 M M 10.1 21 240 M M 9 1 27 230
15 57 28 43 -9 22 0 T M M 5.9 18 70 M M 1 1 27 60
16 58 22 40 -12 25 0 0.00 M M 9.0 22 60 M M 0 29 60
17 63 33 48 -4 17 0 0.00 M M 8.5 20 80 M M 0 26 60
18 67 28 48 -4 17 0 0.00 M M 2.8 12 270 M M 0 14 270
19 65 28 47 -5 18 0 T M M 3.2 13 280 M M 2 1 16 260
20 73 31 52 0 13 0 0.00 M M 5.6 17 270 M M 0 1 23 330
21 65 34 50 -2 15 0 0.06 M M 8.9 28 230 M M 3 1 36 260
22 51 39 45 -7 20 0 0.20 M M 17.6 32 270 M M 9 8 38 280
23 49 40 45 -7 20 0 0.66 M M 9.1 21 260 M M 9 18 28 270
24 57 42 50 -2 15 0 0.11 M M 8.3 18 160 M M 9 23 160
25 52 38 45 -7 20 0 1.22 M M 10.3 24 280 M M 10 18 35 270
26 52 33 43 -9 22 0 0.08 M M 3.1 15 270 M M 6 1 18 260
27 56 30 43 -10 22 0 0.06 M M 4.6 14 250 M M 6 1 17 250
28 55 42 49 -4 16 0 0.15 M M 7.6 17 250 M M 8 18 22 240
================================================================================
SM 1730 941 477 0 3.05 M 179.2 M 97
================================================================================
AV 61.8 33.6 6.4 FASTST M M 3 MAX(MPH)
MISC ----> 32 270 38 280
================================================================================
NOTES:
# LAST OF SEVERAL OCCURRENCES
COLUMN 17 PEAK WIND IN M.P.H.
PRELIMINARY LOCAL CLIMATOLOGICAL DATA (WS FORM: F-6) , PAGE 2
STATION: RAMONA AIRPORT CA
MONTH: FEBRUARY
YEAR: 2023
LATITUDE: 33 2 N
LONGITUDE: 116 55 W
[TEMPERATURE DATA] [PRECIPITATION DATA] SYMBOLS USED IN COLUMN 16
AVERAGE MONTHLY: 47.7 TOTAL FOR MONTH: 3.05 1 = FOG OR MIST
DPTR FM NORMAL: -4.2 DPTR FM NORMAL: -0.61 2 = FOG REDUCING VISIBILITY
HIGHEST: 74 ON 10, 9 GRTST 24HR 1.29 ON 25-26 TO 1/4 MILE OR LESS
LOWEST: 22 ON 16 3 = THUNDER
SNOW, ICE PELLETS, HAIL 4 = ICE PELLETS
TOTAL MONTH: M 5 = HAIL
GRTST 24HR M ON M 6 = FREEZING RAIN OR DRIZZLE
GRTST DEPTH: M ON M 7 = DUSTSTORM OR SANDSTORM:
VSBY 1/2 MILE OR LESS
8 = SMOKE OR HAZE
[NO. OF DAYS WITH] [WEATHER - DAYS WITH] 9 = BLOWING SNOW
X = TORNADO
MAX 32 OR BELOW: 0 0.01 INCH OR MORE: 12
MAX 90 OR ABOVE: 0 0.10 INCH OR MORE: 7
MIN 32 OR BELOW: 12 0.50 INCH OR MORE: 2
MIN 0 OR BELOW: 0 1.00 INCH OR MORE: 1
[HDD (BASE 65) ]
TOTAL THIS MO. 477 CLEAR (SCALE 0-3) 14
DPTR FM NORMAL 110 PTCLDY (SCALE 4-7) 9
TOTAL FM JUL 1 1823 CLOUDY (SCALE 8-10) 5
DPTR FM NORMAL 221
[CDD (BASE 65) ]
TOTAL THIS MO. 0
DPTR FM NORMAL -1 [PRESSURE DATA]
TOTAL FM JAN 1 0 HIGHEST SLP 30.33 ON 2
DPTR FM NORMAL -1 LOWEST SLP 29.66 ON 22
[REMARKS]
#FINAL-02-23#