000
CXUS55 KREV 011120
CLMRNO
CLIMATE REPORT
NATIONAL WEATHER SERVICE RENO NV
320 AM PST FRI DEC 01 2023
...................................
...THE RENO-TAHOE INTL AIRPORT NV CLIMATE SUMMARY FOR THE MONTH OF NOVEMBER 2023...
THE AVERAGE TEMPERATURE FOR NOVEMBER 2023 AT THE RENO-TAHOE
INTERNATIONAL AIRPORT WAS 44.0 DEGREES, WHICH IS 0.2 DEGREES ABOVE
NORMAL. THE HIGHEST TEMPERATURE FOR NOVEMBER WAS 76 DEGREES, WHICH
OCCURRED ON THE 4TH. THE LOWEST TEMPERATURES FOR THE MONTH WAS 19
DEGREES, WHICH OCCURRED ON THE 26TH AND 28TH.
FOR NOVEMBER 2023, 0.27 INCHES OF PRECIPITATION WAS RECORDED AT THE
RENO-TAHOE INTERNATIONAL AIRPORT. THIS IS 0.35 INCHES BELOW NORMAL
FOR THE MONTH.
THE AVERAGE WIND SPEED FOR NOVEMBER 2023 WAS 3.9 MPH. THE PEAK WIND
GUSTS FOR THE MONTH WAS 44 MPH FROM THE SOUTH ON THE 5TH.
CLIMATE NORMAL PERIOD 1991 TO 2020
CLIMATE RECORD PERIOD 1888 TO 2023
WEATHER OBSERVED NORMAL DEPART LAST YEAR`S
VALUE DATE(S) VALUE FROM VALUE
NORMAL
..............................................................
TEMPERATURE (F)
RECORD
HIGH 85 11/27/2023
LOW 1 11/17/1958
HIGHEST 76 11/04 77 -1
LOWEST 19 11/26 1 18
11/28
AVG. MAXIMUM 57.0 56.7 0.3
AVG. MINIMUM 31.0 31.0 0.0
MEAN 44.0 43.8 0.2
DAYS MAX >= 90 0 0.0 0.0
DAYS MAX <= 32 0 0.2 -0.2
DAYS MIN <= 32 20 19.3 0.7
DAYS MIN <= 0 0 0.0 0.0
PRECIPITATION (INCHES)
RECORD
MAXIMUM 4.65 1892
MINIMUM 0.00 1959
TOTALS 0.27 0.62 -0.35
DAILY AVG. 0.01 0.02 -0.01
DAYS >= .01 4 4.3 -0.3
DAYS >= .10 1 1.9 -0.9
DAYS >= .50 0 0.3 -0.3
DAYS >= 1.00 0 0.0 0.0
GREATEST
24 HR. TOTAL 0.15 11/18 TO 11/18
STORM TOTAL 0.15
(MM/DD(HH))
SNOWFALL (INCHES)
RECORDS
TOTAL 16.5 5
24 HR TOTAL 3.8 11/08/2020 TO 11/08/2020
TOTALS 0.0 1.8 -1.8
LIQUID EQUIV 0.00 0.10 -0.10
SINCE 7/1 0.0 1.9 -1.9
LIQUID 7/1 0.00
DAYS >= TRACE 0 1.2 -1.2
DAYS >= 1.0 0 0.6 -0.6
GREATEST
SNOW DEPTH 0
24 HR TOTAL MM
STORM TOTAL 0.0
(MM/DD(HH))
DEGREE DAYS
HEATING TOTAL 623 634 -11
SINCE 7/1 945 1012 -67
COOLING TOTAL 0 0 0
SINCE 1/1 1097 1039 58
FREEZE DATES
RECORD
EARLIEST 08/23/1973
LATEST 06/27/1974
EARLIEST 10/27
LATEST 04/19
..............................................................
WIND (MPH)
AVERAGE WIND SPEED 3.9
HIGHEST WIND SPEED/DIRECTION 33/170 DATE 11/05
33/180 11/18
HIGHEST GUST SPEED/DIRECTION 44/160 DATE 11/05
AVERAGE RH (PERCENT) 51
WEATHER CONDITIONS. NUMBER OF DAYS WITH
THUNDERSTORM 0 MIXED PRECIP 0
HEAVY RAIN 0 RAIN 3
LIGHT RAIN 8 FREEZING RAIN 0
LT FREEZING RAIN 0 HAIL 0
HEAVY SNOW 0 SNOW 0
LIGHT SNOW 0 SLEET 0
FOG 1 FOG W/VIS <= 1/4 MILE 0
HAZE 0
- INDICATES NEGATIVE NUMBERS.
R INDICATES RECORD WAS SET OR TIED.
MM INDICATES DATA IS MISSING.
T INDICATES TRACE AMOUNT.
$$