000
CXUS51 KRNK 010624
CF6ROA
PRELIMINARY LOCAL CLIMATOLOGICAL DATA (WS FORM: F-6)
STATION: ROANOKE VA
MONTH: AUGUST
YEAR: 2023
LATITUDE: 37 19 N
LONGITUDE: 79 58 W
TEMPERATURE IN F: :PCPN: SNOW: WIND :SUNSHINE: SKY :PK WND
================================================================================
1 2 3 4 5 6A 6B 7 8 9 10 11 12 13 14 15 16 17 18
12Z AVG MX 2MIN
DY MAX MIN AVG DEP HDD CDD WTR SNW DPTH SPD SPD DIR MIN PSBL S-S WX SPD DR
================================================================================
1 84 62 73 -5 0 8 0.00 0.0 0 4.6 15 20 M M 3 18 20
2 82 61 72 -6 0 7 0.01 0.0 0 3.7 15 140 M M 4 18 170
3 73 68 71 -7 0 6 0.23 0.0 0 7.4 13 150 M M 10 1 17 160
4 87 67 77 0 0 12 0.01 0.0 0 3.0 12 140 M M 7 1 17 20
5 92 65 79 2 0 14 0.00 0.0 0 2.8 12 140 M M 1 15 170
6 85 70 78 1 0 13 0.34 0.0 0 3.3 15 310 M M 4 13 21 310
7 91 70 81 4 0 16 0.00 0.0 0 6.4 21 250 M M 7 12 34 260
8 84 68 76 -1 0 11 0.00 0.0 0 9.2 21 320 M M 4 28 310
9 86 65 76 -1 0 11 0.00 0.0 0 4.5 16 310 M M 3 25 310
10 83 69 76 -1 0 11 0.17 0.0 0 5.4 18 300 M M 6 1 28 310
11 87 66 77 0 0 12 0.00 0.0 0 2.7 12 140 M M 3 16 220
12 92 68 80 3 0 15 0.00 0.0 0 6.4 18 260 M M 3 27 250
13 93 71 82 5 0 17 0.00 0.0 0 7.6 17 300 M M 3 25 290
14 87 71 79 2 0 14 0.22 0.0 0 3.2 18 250 M M 5 1 27 280
15 92 69 81 4 0 16 0.00 0.0 0 7.4 16 270 M M 5 22 310
16 86 64 75 -1 0 10 0.00 0.0 0 4.0 12 310 M M 3 18 260
17 90 61 76 0 0 11 0.00 0.0 0 3.1 15 250 M M 2 23 250
18 87 66 77 1 0 12 0.00 0.0 0 10.9 21 290 M M 2 29 290
19 85 55 70 -6 0 5 0.00 0.0 0 3.2 12 340 M M 1 14 30
20 93 60 77 1 0 12 0.00 0.0 0 2.1 10 160 M M 0 14 220
21 94 70 82 6 0 17 0.00 0.0 0 4.2 14 30 M M 3 19 20
22 96 70 83 7 0 18 0.00 0.0 0 4.7 17 310 M M 2 22 330
23 86 64 75 -1 0 10 0.00 0.0 0 3.1 13 140 M M 2 17 130
24 93 68 81 6 0 16 0.03 0.0 0 2.4 21 160 M M 5 13 28 150
25 94 68 81 6 0 16 0.07 0.0 0 5.7 22 270 M M 4 3 30 270
26 93 74 84 9 0 19 0.00 0.0 0 3.3 10 320 M M 5 17 240
27 87 74 81 6 0 16 0.09 0.0 0 4.8 18 110 M M 7 13 26 120
28 76 71 74 -1 0 9 0.33 0.0 0 3.8 13 120 M M 10 13 17 110
29 80 70 75 1 0 10 0.04 0.0 0 3.6 10 150 M M 10 1 14 160
30 86 71 79 5 0 14 0.00 0.0 0 6.7 21 20 M M 6 1 29 10
31 86 64 75 1 0 10 0.00 0.0 0 6.6 18 20 M M 3 27 360
================================================================================
SM 2710 2080 0 388 1.54 0.0 149.8 M 133
================================================================================
AV 87.4 67.1 4.8 FASTST M M 4 MAX(MPH)
MISC ----> 22 270 34 260
================================================================================
NOTES:
# LAST OF SEVERAL OCCURRENCES
COLUMN 17 PEAK WIND IN M.P.H.
PRELIMINARY LOCAL CLIMATOLOGICAL DATA (WS FORM: F-6) , PAGE 2
STATION: ROANOKE VA
MONTH: AUGUST
YEAR: 2023
LATITUDE: 37 19 N
LONGITUDE: 79 58 W
[TEMPERATURE DATA] [PRECIPITATION DATA] SYMBOLS USED IN COLUMN 16
AVERAGE MONTHLY: 77.3 TOTAL FOR MONTH: 1.54 1 = FOG OR MIST
DPTR FM NORMAL: 1.1 DPTR FM NORMAL: -1.83 2 = FOG REDUCING VISIBILITY
HIGHEST: 96 ON 22 GRTST 24HR 0.42 ON 27-28 TO 1/4 MILE OR LESS
LOWEST: 55 ON 19 3 = THUNDER
SNOW, ICE PELLETS, HAIL 4 = ICE PELLETS
TOTAL MONTH: 0.0 INCH 5 = HAIL
GRTST 24HR 0.0 6 = FREEZING RAIN OR DRIZZLE
GRTST DEPTH: 0 7 = DUSTSTORM OR SANDSTORM:
VSBY 1/2 MILE OR LESS
8 = SMOKE OR HAZE
[NO. OF DAYS WITH] [WEATHER - DAYS WITH] 9 = BLOWING SNOW
X = TORNADO
MAX 32 OR BELOW: 0 0.01 INCH OR MORE: 11
MAX 90 OR ABOVE: 12 0.10 INCH OR MORE: 5
MIN 32 OR BELOW: 0 0.50 INCH OR MORE: 0
MIN 0 OR BELOW: 0 1.00 INCH OR MORE: 0
[HDD (BASE 65) ]
TOTAL THIS MO. 0 CLEAR (SCALE 0-3) 14
DPTR FM NORMAL -1 PTCLDY (SCALE 4-7) 14
TOTAL FM JUL 1 0 CLOUDY (SCALE 8-10) 3
DPTR FM NORMAL 0
[CDD (BASE 65) ]
TOTAL THIS MO. 388
DPTR FM NORMAL 39 [PRESSURE DATA]
TOTAL FM JAN 1 1130 HIGHEST SLP M ON M
DPTR FM NORMAL -35 LOWEST SLP 29.73 ON 10
[REMARKS]
#FINAL-08-23#