000
CXUS56 KFGZ 010900
CF6RQE
PRELIMINARY LOCAL CLIMATOLOGICAL DATA (WS FORM: F-6)
STATION: WINDOW ROCK AZ AIRPORT
MONTH: NOVEMBER
YEAR: 2020
LATITUDE: 35 39 N
LONGITUDE: 109 4 W
TEMPERATURE IN F: :PCPN: SNOW: WIND :SUNSHINE: SKY :PK WND
================================================================================
1 2 3 4 5 6A 6B 7 8 9 10 11 12 13 14 15 16 17 18
12Z AVG MX 2MIN
DY MAX MIN AVG DEP HDD CDD WTR SNW DPTH SPD SPD DIR MIN PSBL S-S WX SPD DR
================================================================================
1 73 25 49 6 16 0 0.00 M M 2.2 13 60 M M 0 16 50
2 74 26 50 7 15 0 0.00 M M 1.8 10 70 M M 0 14 80
3 74 29 52 9 13 0 0.00 M M 4.0 15 320 M M 2 20 320
4 73 28 51 9 14 0 0.00 M M 2.6 12 60 M M 0 16 310
5 75 25 50 8 15 0 0.00 M M 3.0 13 180 M M 0 18 180
6 71 27 49 7 16 0 0.00 M M 5.4 22 190 M M 2 29 200
7 64 39 52 11 13 0 0.17 M M 14.6 32 230 M M 7 46 200
8 49 30 40 -1 25 0 0.01 M M 15.1 28 210 M M 8 8 37 200
9 38 19 29 -12 36 0 0.09 M M 9.1 24 220 M M 6 1 35 230
10 42 11 27 -13 38 0 0.00 M M 3.5 15 290 M M 0 19 270
11 52 11 32 -8 33 0 0.00 M M 2.7 14 290 M M 0 20 280
12 58 16 37 -3 28 0 0.00 M M 2.7 15 50 M M 3 19 60
13 59 16 38 -1 27 0 0.00 M M 4.9 22 220 M M 0 27 220
14 53 21 37 -2 28 0 0.00 M M 9.1 25 270 M M 1 38 300
15 64 14 39 1 26 0 0.00 M M 2.2 13 250 M M 0 16 240
16 68 17 43 5 22 0 0.00 M M 2.9 13 60 M M 0 18 60
17 72 18 45 7 20 0 0.00 M M 2.3 16 230 M M 0 22 210
18 72 23 48 11 17 0 0.00 M M 7.1 30 230 M M 1 39 210
19 70 33 52 15 13 0 0.00 M M 8.8 28 230 M M 0 37 220
20 67 23 45 9 20 0 0.00 M M 3.8 21 240 M M 0 25 240
21 69 30 50 14 15 0 0.00 M M 3.5 15 270 M M 1 20 250
22 63 22 43 7 22 0 0.00 M M 2.3 14 130 M M 1 19 150
23 61 35 48 13 17 0 0.00 M M 9.3 26 230 M M 1 35 230
24 46 17 32 -3 33 0 0.00 M M 7.4 22 260 M M 5 30 270
25 54 10 32 -2 33 0 0.00 0.0 0 2.9 13 230 M M 0 17 260
26 52 13 33 -1 32 0 0.00 M M 3.2 13 260 M M 1 M M
27 37 21 29 -5 36 0 0.11 M M 4.5 17 50 M M 10 128 23 50
28 48 15 32 -1 33 0 0.00 M M 3.6 14 320 M M 1 18 280
29 52 9 31 -2 34 0 0.00 M M 2.3 13 110 M M 0 15 110
30 52 7 30 -3 35 0 0.00 M M 1.2 9 100 M M 0 12 190
================================================================================
SM 1802 630 725 0 0.38 0.0 148.0 M 50
================================================================================
AV 60.1 21.0 4.9 FASTST M M 2 MAX(MPH)
MISC ----> # 32 230 # 46 200
================================================================================
NOTES:
# LAST OF SEVERAL OCCURRENCES
COLUMN 17 PEAK WIND IN M.P.H.
PRELIMINARY LOCAL CLIMATOLOGICAL DATA (WS FORM: F-6) , PAGE 2
STATION: WINDOW ROCK AZ AIRPORT
MONTH: NOVEMBER
YEAR: 2020
LATITUDE: 35 39 N
LONGITUDE: 109 4 W
[TEMPERATURE DATA] [PRECIPITATION DATA] SYMBOLS USED IN COLUMN 16
AVERAGE MONTHLY: 40.5 TOTAL FOR MONTH: 0.38 1 = FOG OR MIST
DPTR FM NORMAL: 2.4 DPTR FM NORMAL: -0.49 2 = FOG REDUCING VISIBILITY
HIGHEST: 75 ON 5 GRTST 24HR 0.17 ON 7- 7 TO 1/4 MILE OR LESS
LOWEST: 7 ON 30 3 = THUNDER
SNOW, ICE PELLETS, HAIL 4 = ICE PELLETS
TOTAL MONTH: 0.0 INCH 5 = HAIL
GRTST 24HR 0.0 6 = FREEZING RAIN OR DRIZZLE
GRTST DEPTH: 0 7 = DUSTSTORM OR SANDSTORM:
VSBY 1/2 MILE OR LESS
8 = SMOKE OR HAZE
[NO. OF DAYS WITH] [WEATHER - DAYS WITH] 9 = BLOWING SNOW
X = TORNADO
MAX 32 OR BELOW: 0 0.01 INCH OR MORE: 4
MAX 90 OR ABOVE: 0 0.10 INCH OR MORE: 2
MIN 32 OR BELOW: 27 0.50 INCH OR MORE: 0
MIN 0 OR BELOW: 0 1.00 INCH OR MORE: 0
[HDD (BASE 65) ]
TOTAL THIS MO. 725 CLEAR (SCALE 0-3) 24
DPTR FM NORMAL -83 PTCLDY (SCALE 4-7) 5
TOTAL FM JUL 1 1256 CLOUDY (SCALE 8-10) 1
DPTR FM NORMAL -254
[CDD (BASE 65) ]
TOTAL THIS MO. 0
DPTR FM NORMAL 0 [PRESSURE DATA]
TOTAL FM JAN 1 497 HIGHEST SLP M ON M
DPTR FM NORMAL 217 LOWEST SLP 29.43 ON 7
[REMARKS]
#FINAL-11-20#