000
CXUS51 KBTV 010800
CF6RUT
PRELIMINARY LOCAL CLIMATOLOGICAL DATA (WS FORM: F-6)
STATION: RUTLAND VT
MONTH: FEBRUARY
YEAR: 2022
LATITUDE: 43 31 N
LONGITUDE: 72 57 W
TEMPERATURE IN F: :PCPN: SNOW: WIND :SUNSHINE: SKY :PK WND
================================================================================
1 2 3 4 5 6A 6B 7 8 9 10 11 12 13 14 15 16 17 18
12Z AVG MX 2MIN
DY MAX MIN AVG DEP HDD CDD WTR SNW DPTH SPD SPD DIR MIN PSBL S-S WX SPD DR
================================================================================
1 34 5 20 M 45 0 0.00 M M 11.4 18 120 M M 0 24 120
2 48 25 37 M 28 0 0.00 M M 8.2 15 110 M M 0 20 150
3 42 18 30 M 35 0 0.11 M M 4.8 13 340 M M 10 1 M M
4 18 9 14 M 51 0 T M M 7.0 13 350 M M 10 1 M M
5 22 -4 9 M 56 0 T M M 5.7 12 340 M M 6 1 22 300
6 27 -7 10 M 55 0 0.00 M M 9.7 17 110 M M 0 16 180
7 38 9 24 M 41 0 0.19 M M 7.2 12 130 M M 7 M M
8 35 28 32 M 33 0 T M M 5.3 15 280 M M 10 12 21 280
9 42 29 36 M 29 0 0.00 M M 7.6 13 120 M M 0 21 260
10 41 30 36 M 29 0 0.08 M M 6.7 12 230 M M 9 1 20 230
11 49 29 39 M 26 0 T M M 9.2 18 180 M M 5 27 190
12 51 23 37 M 28 0 T M M 10.6 17 250 M M 8 32 280
13 23 6 15 M 50 0 0.00 M M 7.7 12 350 M M 6 17 350
14 12 2 7 M 58 0 T M M 7.4 14 320 M M 6 18 21 330
15 23 -6 9 M 56 0 T M M 6.0 14 240 M M 3 M M
16 43 5 24 M 41 0 0.00 M M 11.0 21 120 M M 2 29 170
17 57 43 50 M 15 0 0.29 M M 10.0 23 210 M M 9 36 240
18 61 9 35 M 30 0 0.18 M M 12.3 22 180 M M 7 1 37 180
19 32 8 20 M 45 0 T M M 12.0 24 260 M M 6 1 43 260
20 33 2 18 M 47 0 0.00 M M 6.0 15 290 M M 2 22 290
21 45 26 36 M 29 0 0.00 M M 3.5 12 210 M M 7 18 210
22 58 23 41 M 24 0 0.42 M M 14.4 25 130 M M 6 1 37 100
23 59 15 37 M 28 0 T M M 16.1 28 260 M M 8 41 250
24 24 10 17 M 48 0 0.00 M M 7.8 13 350 M M 1 22 350
25 23 5 14 M 51 0 0.06 M M 9.0 29 130 M M 10 1 36 130
26 32 -2 15 M 50 0 T M M 4.3 12 240 M M 5 1 18 240
27 33 17 25 M 40 0 T M M 10.6 23 340 M M 10 31 350
28 22 4 13 M 52 0 T M M 7.2 14 330 M M 3 23 330
================================================================================
SM 1027 361 1120 0 1.33 M 238.7 M 156
================================================================================
AV 36.7 12.9 8.5 FASTST M M 6 MAX(MPH)
MISC ----> 29 130 43 260
================================================================================
NOTES:
# LAST OF SEVERAL OCCURRENCES
COLUMN 17 PEAK WIND IN M.P.H.
PRELIMINARY LOCAL CLIMATOLOGICAL DATA (WS FORM: F-6) , PAGE 2
STATION: RUTLAND VT
MONTH: FEBRUARY
YEAR: 2022
LATITUDE: 43 31 N
LONGITUDE: 72 57 W
[TEMPERATURE DATA] [PRECIPITATION DATA] SYMBOLS USED IN COLUMN 16
AVERAGE MONTHLY: 24.8 TOTAL FOR MONTH: 1.33 1 = FOG OR MIST
DPTR FM NORMAL: 0.0 DPTR FM NORMAL: 1.33 2 = FOG REDUCING VISIBILITY
HIGHEST: 61 ON 18 GRTST 24HR 0.42 ON 22-22 TO 1/4 MILE OR LESS
LOWEST: -7 ON 6 3 = THUNDER
SNOW, ICE PELLETS, HAIL 4 = ICE PELLETS
TOTAL MONTH: M 5 = HAIL
GRTST 24HR M ON M 6 = FREEZING RAIN OR DRIZZLE
GRTST DEPTH: M ON M 7 = DUSTSTORM OR SANDSTORM:
VSBY 1/2 MILE OR LESS
8 = SMOKE OR HAZE
[NO. OF DAYS WITH] [WEATHER - DAYS WITH] 9 = BLOWING SNOW
X = TORNADO
MAX 32 OR BELOW: 11 0.01 INCH OR MORE: 7
MAX 90 OR ABOVE: 0 0.10 INCH OR MORE: 5
MIN 32 OR BELOW: 27 0.50 INCH OR MORE: 0
MIN 0 OR BELOW: 4 1.00 INCH OR MORE: 0
[HDD (BASE 65) ]
TOTAL THIS MO. 1120 CLEAR (SCALE 0-3) 8
DPTR FM NORMAL M PTCLDY (SCALE 4-7) 11
TOTAL FM JUL 1 4882 CLOUDY (SCALE 8-10) 9
DPTR FM NORMAL M
[CDD (BASE 65) ]
TOTAL THIS MO. 0
DPTR FM NORMAL M [PRESSURE DATA]
TOTAL FM JAN 1 0 HIGHEST SLP M ON M
DPTR FM NORMAL M LOWEST SLP M ON M
[REMARKS]
#FINAL-02-22#