000
CXUS54 KTSA 010950
CF6RVS
PRELIMINARY LOCAL CLIMATOLOGICAL DATA (WS FORM: F-6)
STATION: TULSA-RIVERSIDE OKLAHOMA
MONTH: FEBRUARY
YEAR: 2022
LATITUDE: 36 2 N
LONGITUDE: 95 59 W
TEMPERATURE IN F: :PCPN: SNOW: WIND :SUNSHINE: SKY :PK WND
================================================================================
1 2 3 4 5 6A 6B 7 8 9 10 11 12 13 14 15 16 17 18
12Z AVG MX 2MIN
DY MAX MIN AVG DEP HDD CDD WTR SNW DPTH SPD SPD DIR MIN PSBL S-S WX SPD DR
================================================================================
1 62 40 51 11 14 0 T M M 8.2 21 20 M M 9 33 20
2 40 19 30 -10 35 0 0.31 M M 15.3 26 30 M M 10 16 39 30
3 20 16 18 -23 47 0 0.03 M M 14.5 23 20 M M 10 18 34 20
4 35 12 24 -17 41 0 0.02 M M 4.4 15 10 M M 3 1 26 10
5 48 11 30 -11 35 0 0.00 0.0 M 5.7 18 180 M M 0 28 190
6 50 22 36 -5 29 0 0.00 0.0 M 2.0 9 190 M M 0 13 180
7 56 23 40 -1 25 0 0.00 0.0 M 3.3 12 230 M M 0 19 250
8 68 28 48 6 17 0 0.00 0.0 M 4.8 18 210 M M 0 29 210
9 68 26 47 5 18 0 0.00 0.0 M 2.8 14 300 M M 0 23 290
10 62 31 47 5 18 0 0.00 0.0 M 3.1 13 30 M M 0 8 18 30
11 65 32 49 7 16 0 0.00 0.0 M 7.2 21 10 M M 0 8 34 20
12 43 24 34 -8 31 0 0.00 0.0 M 7.6 24 10 M M 1 37 20
13 54 22 38 -5 27 0 0.00 0.0 M 3.4 15 10 M M 0 23 10
14 66 26 46 3 19 0 0.00 0.0 M 2.5 10 40 M M 0 8 14 30
15 67 32 50 7 15 0 0.00 0.0 M 13.0 26 180 M M 0 42 170
16 73 60 67 23 0 2 0.00 0.0 M 15.7 31 180 M M 6 49 180
17 63 20 42 -2 23 0 1.40 M M 10.0 24 360 M M 8 138 40 20
18 50 15 33 -11 32 0 0.00 0.0 M 2.6 13 180 M M 0 18 200
19 57 27 42 -2 23 0 0.00 0.0 M 3.4 15 30 M M 0 20 40
20 70 34 52 7 13 0 0.00 0.0 M 11.0 28 200 M M 0 40 200
21 72 50 61 16 4 0 0.02 M M 11.8 25 190 M M 2 38 200
22 66 21 44 -1 21 0 0.01 M M 10.5 18 360 M M 6 31 350
23 21 13 17 -28 48 0 0.32 M M 10.8 17 10 M M 7 19 30 350
24 25 17 21 -25 44 0 T M M 6.8 16 20 M M 10 16 24 40
25 30 15 23 -23 42 0 0.00 0.0 M 7.4 14 10 M M 0 20 10
26 44 22 33 -13 32 0 0.00 0.0 M 2.4 9 70 M M 0 13 40
27 57 20 39 -8 26 0 0.00 0.0 M 1.2 10 40 M M 0 1 15 20
28 71 24 48 1 17 0 0.00 0.0 M 3.0 14 190 M M 0 19 180
================================================================================
SM 1503 702 712 2 2.11 0.0 194.4 M 72
================================================================================
AV 53.7 25.1 6.9 FASTST M M 3 MAX(MPH)
MISC ----> 31 180 49 180
================================================================================
NOTES:
# LAST OF SEVERAL OCCURRENCES
COLUMN 17 PEAK WIND IN M.P.H.
PRELIMINARY LOCAL CLIMATOLOGICAL DATA (WS FORM: F-6) , PAGE 2
STATION: TULSA-RIVERSIDE OKLAHOMA
MONTH: FEBRUARY
YEAR: 2022
LATITUDE: 36 2 N
LONGITUDE: 95 59 W
[TEMPERATURE DATA] [PRECIPITATION DATA] SYMBOLS USED IN COLUMN 16
AVERAGE MONTHLY: 39.4 TOTAL FOR MONTH: 2.11 1 = FOG OR MIST
DPTR FM NORMAL: -3.9 DPTR FM NORMAL: 0.31 2 = FOG REDUCING VISIBILITY
HIGHEST: 73 ON 16 GRTST 24HR 1.40 ON 17-17 TO 1/4 MILE OR LESS
LOWEST: 11 ON 5 3 = THUNDER
SNOW, ICE PELLETS, HAIL 4 = ICE PELLETS
TOTAL MONTH: 0.0 INCH 5 = HAIL
GRTST 24HR 0.0 6 = FREEZING RAIN OR DRIZZLE
GRTST DEPTH: M ON M 7 = DUSTSTORM OR SANDSTORM:
VSBY 1/2 MILE OR LESS
8 = SMOKE OR HAZE
[NO. OF DAYS WITH] [WEATHER - DAYS WITH] 9 = BLOWING SNOW
X = TORNADO
MAX 32 OR BELOW: 4 0.01 INCH OR MORE: 7
MAX 90 OR ABOVE: 0 0.10 INCH OR MORE: 3
MIN 32 OR BELOW: 24 0.50 INCH OR MORE: 1
MIN 0 OR BELOW: 0 1.00 INCH OR MORE: 1
[HDD (BASE 65) ]
TOTAL THIS MO. 712 CLEAR (SCALE 0-3) 20
DPTR FM NORMAL 102 PTCLDY (SCALE 4-7) 3
TOTAL FM JUL 1 2470 CLOUDY (SCALE 8-10) 5
DPTR FM NORMAL -292
[CDD (BASE 65) ]
TOTAL THIS MO. 2
DPTR FM NORMAL 0 [PRESSURE DATA]
TOTAL FM JAN 1 2 HIGHEST SLP 30.69 ON 25
DPTR FM NORMAL 2 LOWEST SLP 29.64 ON 21
[REMARKS]
#FINAL-02-22#