000
CXUS54 KTSA 011207
CF6RVS
PRELIMINARY LOCAL CLIMATOLOGICAL DATA (WS FORM: F-6)
STATION: TULSA-RIVERSIDE OKLAHOMA
MONTH: FEBRUARY
YEAR: 2021
LATITUDE: 36 2 N
LONGITUDE: 95 59 W
TEMPERATURE IN F: :PCPN: SNOW: WIND :SUNSHINE: SKY :PK WND
================================================================================
1 2 3 4 5 6A 6B 7 8 9 10 11 12 13 14 15 16 17 18
12Z AVG MX 2MIN
DY MAX MIN AVG DEP HDD CDD WTR SNW DPTH SPD SPD DIR MIN PSBL S-S WX SPD DR
================================================================================
1 53 25 39 0 26 0 0.00 0.0 M 2.9 12 30 M M 1 19 10
2 59 31 45 6 20 0 0.00 0.0 M 3.3 12 120 M M 0 17 120
3 64 31 48 9 17 0 0.00 0.0 M 9.0 20 160 M M 0 32 160
4 58 29 44 5 21 0 0.00 0.0 M 9.4 21 340 M M 1 38 300
5 58 25 42 3 23 0 0.00 0.0 M 2.6 12 230 M M 2 8 17 230
6 49 30 40 0 25 0 0.04 M M 5.4 18 10 M M 8 28 10
7 35 28 32 -8 33 0 0.00 0.0 M 7.0 15 40 M M 10 18 21 50
8 35 19 27 -13 38 0 0.02 0.0 M 9.9 18 30 M M 10 16 24 350
9 22 17 20 -20 45 0 T M M 9.4 16 360 M M 10 18 23 360
10 22 18 20 -20 45 0 0.01 0.0 M 9.2 15 10 M M 10 16 23 20
11 21 17 19 -22 46 0 T M M 10.2 16 10 M M 10 18 29 360
12 19 14 17 -24 48 0 T M M 11.7 18 10 M M 10 18 30 10
13 20 8 14 -27 51 0 T M M 11.3 18 20 M M 8 27 360
14 12 4 8 -33 57 0 0.09 M M 14.0 22 30 M M 10 1 33 30
15 8 -2 3 -39 62 0 T M M 9.2 18 360 M M 7 8 33 10
16 14 -10 2 -40 63 0 0.12 M M 3.8 12 40 M M 4 1 15 60
17 29 13 21 -21 44 0 0.06 M M 5.5 10 10 M M 8 18 16 20
18 29 8 19 -23 46 0 0.00 0.0 M 6.1 17 360 M M 0 28 360
19 36 3 20 -23 45 0 T M M 3.5 13 180 M M 0 1 17 170
20 49 14 32 -11 33 0 0.00 0.0 M 6.3 14 170 M M 0 21 180
21 56 28 42 -1 23 0 0.00 0.0 M 8.3 21 170 M M 4 30 160
22 66 22 44 0 21 0 0.00 0.0 M 4.8 14 240 M M 0 28 240
23 75 28 52 8 13 0 0.00 0.0 M 6.3 22 190 M M 0 30 190
24 64 41 53 9 12 0 0.00 0.0 M 12.0 21 20 M M 0 32 10
25 56 33 45 0 20 0 T 0.0 M 9.4 17 30 M M 3 26 30
26 50 38 44 -1 21 0 0.08 0.0 M 4.1 9 130 M M 8 1 13 140
27 61 34 48 3 17 0 0.05 0.0 M 6.4 16 130 M M 8 12 26 130
28 60 43 52 6 13 0 T 0.0 M 7.2 22 360 M M 5 1 31 350
================================================================================
SM 1180 589 928 0 0.47 0.0 208.2 M 137
================================================================================
AV 42.1 21.0 7.4 FASTST M M 5 MAX(MPH)
MISC ----> # 22 30 38 300
================================================================================
NOTES:
# LAST OF SEVERAL OCCURRENCES
COLUMN 17 PEAK WIND IN M.P.H.
PRELIMINARY LOCAL CLIMATOLOGICAL DATA (WS FORM: F-6) , PAGE 2
STATION: TULSA-RIVERSIDE OKLAHOMA
MONTH: FEBRUARY
YEAR: 2021
LATITUDE: 36 2 N
LONGITUDE: 95 59 W
[TEMPERATURE DATA] [PRECIPITATION DATA] SYMBOLS USED IN COLUMN 16
AVERAGE MONTHLY: 31.6 TOTAL FOR MONTH: 0.47 1 = FOG OR MIST
DPTR FM NORMAL: -10.2 DPTR FM NORMAL: -1.81 2 = FOG REDUCING VISIBILITY
HIGHEST: 75 ON 23 GRTST 24HR 0.18 ON 16-17 TO 1/4 MILE OR LESS
LOWEST: -10 ON 16 3 = THUNDER
SNOW, ICE PELLETS, HAIL 4 = ICE PELLETS
TOTAL MONTH: 0.0 INCH 5 = HAIL
GRTST 24HR 0.0 6 = FREEZING RAIN OR DRIZZLE
GRTST DEPTH: M ON M 7 = DUSTSTORM OR SANDSTORM:
VSBY 1/2 MILE OR LESS
8 = SMOKE OR HAZE
[NO. OF DAYS WITH] [WEATHER - DAYS WITH] 9 = BLOWING SNOW
X = TORNADO
MAX 32 OR BELOW: 10 0.01 INCH OR MORE: 8
MAX 90 OR ABOVE: 0 0.10 INCH OR MORE: 1
MIN 32 OR BELOW: 23 0.50 INCH OR MORE: 0
MIN 0 OR BELOW: 2 1.00 INCH OR MORE: 0
[HDD (BASE 65) ]
TOTAL THIS MO. 928 CLEAR (SCALE 0-3) 12
DPTR FM NORMAL 277 PTCLDY (SCALE 4-7) 7
TOTAL FM JUL 1 2995 CLOUDY (SCALE 8-10) 9
DPTR FM NORMAL -6
[CDD (BASE 65) ]
TOTAL THIS MO. 0
DPTR FM NORMAL -1 [PRESSURE DATA]
TOTAL FM JAN 1 0 HIGHEST SLP 30.40 ON 25
DPTR FM NORMAL 0 LOWEST SLP 29.69 ON 24
[REMARKS]
#FINAL-02-21#