000
CXUS55 KTWC 010855
CF6SAD
PRELIMINARY LOCAL CLIMATOLOGICAL DATA (WS FORM: F-6)
STATION: SAFFORD AZ AIRPORT
MONTH: JANUARY
YEAR: 2024
LATITUDE: 32 50 N
LONGITUDE: 109 38 W
TEMPERATURE IN F: :PCPN: SNOW: WIND :SUNSHINE: SKY :PK WND
================================================================================
1 2 3 4 5 6A 6B 7 8 9 10 11 12 13 14 15 16 17 18
12Z AVG MX 2MIN
DY MAX MIN AVG DEP HDD CDD WTR SNW DPTH SPD SPD DIR MIN PSBL S-S WX SPD DR
================================================================================
1 57 36 47 1 18 0 0.00 M M 8.8 16 120 M M 0 22 120
2 60 37 49 3 16 0 T M M 7.0 15 290 M M 3 22 280
3 62 31 47 1 18 0 0.00 M M 7.8 24 300 M M 0 33 300
4 50 38 44 -2 21 0 0.02 M M 16.5 37 280 M M 7 47 280
5 52 37 45 -1 20 0 0.00 M M 11.8 22 320 M M 4 28 300
6 54 32 43 -3 22 0 0.00 M M 7.4 16 290 M M 0 21 320
7 54 31 43 -3 22 0 0.07 M M 14.1 41 310 M M 2 1 57 310
8 43 28 36 -10 29 0 0.00 0.0 0 15.9 29 300 M M M 39 290
9 47 21 34 -12 31 0 0.00 M M 4.1 12 320 M M 0 16 320
10 53 22 38 -8 27 0 0.00 0.0 0 3.5 12 280 M M M 16 290
11 48 25 37 -9 28 0 0.13 M M 11.8 39 270 M M 4 1 56 310
12 50 23 37 -10 28 0 0.00 M M 4.1 15 300 M M 0 19 290
13 54 25 40 -7 25 0 0.00 0.0 0 3.6 9 270 M M M 14 310
14 62 27 45 -2 20 0 0.00 0.0 0 6.3 20 310 M M M 27 320
15 61 28 45 -2 20 0 0.00 M M 4.6 15 320 M M 0 20 310
16 62 29 46 -1 19 0 0.00 M M 4.3 12 260 M M 0 15 260
17 62 28 45 -2 20 0 0.00 M M 4.4 13 300 M M 0 17 290
18 70 35 53 6 12 0 0.00 M M 5.8 18 310 M M 1 24 310
19 68 36 52 5 13 0 0.00 M M 5.0 13 110 M M 0 17 100
20 63 46 55 7 10 0 0.00 M M 10.1 16 120 M M 0 M M
21 55 47 51 3 14 0 0.23 M M 2.5 9 70 M M 10 1 14 90
22 57 43 50 2 15 0 0.07 M M 3.9 16 150 M M 7 1 21 140
23 56 46 51 3 14 0 0.10 M M 6.9 16 280 M M 9 22 280
24 58 42 50 2 15 0 T M M 6.1 18 320 M M 7 23 310
25 58 37 48 0 17 0 0.00 M M 5.6 18 340 M M 4 3 29 330
26 59 38 49 1 16 0 0.11 M M 8.9 36 310 M M 2 13 49 330
27 63 36 50 2 15 0 0.00 M M 9.2 18 140 M M 0 25 130
28 67 40 54 6 11 0 0.00 M M 9.5 16 130 M M 0 23 140
29 67 43 55 6 10 0 0.00 M M 6.6 15 120 M M 0 21 120
30 68 39 54 5 11 0 0.00 M M 5.9 17 120 M M 0 24 120
31 70 46 58 9 7 0 0.00 M M 6.8 14 100 M M 1 19 90
================================================================================
SM 1810 1072 564 0 0.73 0.0 228.8 M 61
================================================================================
AV 58.4 34.6 7.4 FASTST M M 2 MAX(MPH)
MISC ----> 41 310 57 310
================================================================================
NOTES:
# LAST OF SEVERAL OCCURRENCES
COLUMN 17 PEAK WIND IN M.P.H.
PRELIMINARY LOCAL CLIMATOLOGICAL DATA (WS FORM: F-6) , PAGE 2
STATION: SAFFORD AZ AIRPORT
MONTH: JANUARY
YEAR: 2024
LATITUDE: 32 50 N
LONGITUDE: 109 38 W
[TEMPERATURE DATA] [PRECIPITATION DATA] SYMBOLS USED IN COLUMN 16
AVERAGE MONTHLY: 46.5 TOTAL FOR MONTH: 0.73 1 = FOG OR MIST
DPTR FM NORMAL: -0.6 DPTR FM NORMAL: 0.02 2 = FOG REDUCING VISIBILITY
HIGHEST: 70 ON 31,18 GRTST 24HR 1.54 ON 22-23 TO 1/4 MILE OR LESS
LOWEST: 21 ON 9 3 = THUNDER
SNOW, ICE PELLETS, HAIL 4 = ICE PELLETS
TOTAL MONTH: 0.0 INCH 5 = HAIL
GRTST 24HR 0.0 6 = FREEZING RAIN OR DRIZZLE
GRTST DEPTH: 0 7 = DUSTSTORM OR SANDSTORM:
VSBY 1/2 MILE OR LESS
8 = SMOKE OR HAZE
[NO. OF DAYS WITH] [WEATHER - DAYS WITH] 9 = BLOWING SNOW
X = TORNADO
MAX 32 OR BELOW: 0 0.01 INCH OR MORE: 7
MAX 90 OR ABOVE: 0 0.10 INCH OR MORE: 4
MIN 32 OR BELOW: 13 0.50 INCH OR MORE: 0
MIN 0 OR BELOW: 0 1.00 INCH OR MORE: 0
[HDD (BASE 65) ]
TOTAL THIS MO. 564 CLEAR (SCALE 0-3) 19
DPTR FM NORMAL 11 PTCLDY (SCALE 4-7) 6
TOTAL FM JUL 1 1317 CLOUDY (SCALE 8-10) 6
DPTR FM NORMAL -144
[CDD (BASE 65) ]
TOTAL THIS MO. 0
DPTR FM NORMAL 0 [PRESSURE DATA]
TOTAL FM JAN 1 0 HIGHEST SLP M ON M
DPTR FM NORMAL 0 LOWEST SLP 29.53 ON 7
[REMARKS]
#FINAL-01-24#