000
CXUS55 KTWC 010855
CF6SAD
PRELIMINARY LOCAL CLIMATOLOGICAL DATA (WS FORM: F-6)
STATION: SAFFORD AZ AIRPORT
MONTH: SEPTEMBER
YEAR: 2020
LATITUDE: 32 50 N
LONGITUDE: 109 38 W
TEMPERATURE IN F: :PCPN: SNOW: WIND :SUNSHINE: SKY :PK WND
================================================================================
1 2 3 4 5 6A 6B 7 8 9 10 11 12 13 14 15 16 17 18
12Z AVG MX 2MIN
DY MAX MIN AVG DEP HDD CDD WTR SNW DPTH SPD SPD DIR MIN PSBL S-S WX SPD DR
================================================================================
1 95 73 84 2 0 19 0.00 M M 12.1 30 290 M M M 38 300
2 99 74 87 5 0 22 0.00 M M 14.1 24 270 M M M 33 280
3 105 68 87 5 0 22 0.00 M M 6.0 15 310 M M M 22 310
4 106 69 88 6 0 23 0.00 M M 6.1 15 100 M M M 23 170
5 104 79 92 10 0 27 0.00 M M 10.2 29 10 M M M 39 10
6 102 74 88 7 0 23 0.00 M M 6.9 14 150 M M M 20 160
7 107 69 88 7 0 23 0.00 M M 9.7 24 290 M M 0 35 280
8 98 77 88 7 0 23 T M M 14.1 31 300 M M 1 3 43 300
9 84 62 73 -8 0 8 0.00 M M 9.4 24 320 M M 3 34 310
10 83 57 70 -11 0 5 0.00 M M 7.7 16 140 M M 1 23 140
11 81 60 71 -10 0 6 0.00 M M 6.1 15 170 M M 0 20 170
12 86 57 72 -8 0 7 0.00 M M 4.7 15 140 M M 0 20 180
13 94 64 79 -1 0 14 0.00 M M 10.4 20 160 M M 0 26 170
14 91 66 79 -1 0 14 0.00 M M 9.1 16 90 M M 0 23 80
15 93 67 80 0 0 15 0.00 M M 7.2 25 40 M M 0 35 40
16 99 62 81 2 0 16 0.00 M M 5.8 15 130 M M 0 20 120
17 96 68 82 3 0 17 0.00 M M 7.4 15 150 M M 0 27 150
18 95 65 80 1 0 15 0.00 M M 10.5 21 160 M M 0 30 120
19 93 69 81 3 0 16 0.00 M M 8.9 20 120 M M 0 31 130
20 96 70 83 5 0 18 0.00 M M 8.0 17 130 M M 0 22 120
21 97 66 82 4 0 17 0.00 M M 7.9 15 80 M M 0 20 160
22 97 61 79 2 0 14 0.00 M M 6.7 20 300 M M 0 27 300
23 98 65 82 5 0 17 0.00 M M 7.1 30 340 M M 0 39 340
24 100 61 81 4 0 16 0.00 M M 5.2 14 290 M M 0 20 290
25 101 62 82 6 0 17 0.00 M M 8.3 21 290 M M 0 27 310
26 100 64 82 6 0 17 0.00 M M 11.5 28 290 M M 0 35 300
27 99 61 80 5 0 15 0.00 M M 10.8 18 290 M M 0 37 290
28 88 60 74 -1 0 9 0.00 M M 9.4 18 140 M M 4 8 30 150
29 89 60 75 1 0 10 0.00 M M 8.8 17 110 M M 0 22 110
30 97 54 76 2 0 11 0.00 M M 5.1 14 290 M M 0 18 270
================================================================================
SM 2873 1964 0 476 T M 255.2 M 9
================================================================================
AV 95.8 65.5 8.5 FASTST M M 0 MAX(MPH)
MISC ----> 31 300 43 300
================================================================================
NOTES:
# LAST OF SEVERAL OCCURRENCES
COLUMN 17 PEAK WIND IN M.P.H.
PRELIMINARY LOCAL CLIMATOLOGICAL DATA (WS FORM: F-6) , PAGE 2
STATION: SAFFORD AZ AIRPORT
MONTH: SEPTEMBER
YEAR: 2020
LATITUDE: 32 50 N
LONGITUDE: 109 38 W
[TEMPERATURE DATA] [PRECIPITATION DATA] SYMBOLS USED IN COLUMN 16
AVERAGE MONTHLY: 80.6 TOTAL FOR MONTH: T 1 = FOG OR MIST
DPTR FM NORMAL: 1.7 DPTR FM NORMAL: -1.03 2 = FOG REDUCING VISIBILITY
HIGHEST: 107 ON 7 GRTST 24HR T ON 8- 8 TO 1/4 MILE OR LESS
LOWEST: 54 ON 30 3 = THUNDER
SNOW, ICE PELLETS, HAIL 4 = ICE PELLETS
TOTAL MONTH: 0.0 INCH 5 = HAIL
GRTST 24HR M ON M 6 = FREEZING RAIN OR DRIZZLE
GRTST DEPTH: 0 7 = DUSTSTORM OR SANDSTORM:
VSBY 1/2 MILE OR LESS
8 = SMOKE OR HAZE
[NO. OF DAYS WITH] [WEATHER - DAYS WITH] 9 = BLOWING SNOW
X = TORNADO
MAX 32 OR BELOW: 0 0.01 INCH OR MORE: 0
MAX 90 OR ABOVE: 24 0.10 INCH OR MORE: 0
MIN 32 OR BELOW: 0 0.50 INCH OR MORE: 0
MIN 0 OR BELOW: 0 1.00 INCH OR MORE: 0
[HDD (BASE 65) ]
TOTAL THIS MO. 0 CLEAR (SCALE 0-3) 22
DPTR FM NORMAL 0 PTCLDY (SCALE 4-7) 2
TOTAL FM JUL 1 0 CLOUDY (SCALE 8-10) 6
DPTR FM NORMAL 0
[CDD (BASE 65) ]
TOTAL THIS MO. 476
DPTR FM NORMAL 57 [PRESSURE DATA]
TOTAL FM JAN 1 3134 HIGHEST SLP M ON M
DPTR FM NORMAL 652 LOWEST SLP 29.38 ON 8
[REMARKS]
#FINAL-09-20#