000
CXUS56 KSGX 011145
CF6SAN
PRELIMINARY LOCAL CLIMATOLOGICAL DATA (WS FORM: F-6)
STATION: SAN DIEGO INTL AIRPORT CA
MONTH: FEBRUARY
YEAR: 2022
LATITUDE: 32 43 N
LONGITUDE: 117 10 W
TEMPERATURE IN F: :PCPN: SNOW: WIND :SUNSHINE: SKY :PK WND
================================================================================
1 2 3 4 5 6A 6B 7 8 9 10 11 12 13 14 15 16 17 18
12Z AVG MX 2MIN
DY MAX MIN AVG DEP HDD CDD WTR SNW DPTH SPD SPD DIR MIN PSBL S-S WX SPD DR
================================================================================
1 63 50 57 -2 8 0 0.00 M M 7.0 13 170 M M 8 24 150
2 66 45 56 -3 9 0 0.00 M M 3.5 18 290 M M 1 22 300
3 64 39 52 -7 13 0 0.00 M M 2.6 12 300 M M 1 17 190
4 67 40 54 -5 11 0 0.00 M M 2.9 13 270 M M 1 16 290
5 68 39 54 -5 11 0 0.00 M M 2.8 13 310 M M 1 17 320
6 72 40 56 -3 9 0 0.00 M M 2.7 12 320 M M 0 16 320
7 74 44 59 0 6 0 0.00 M M 2.9 14 320 M M 0 19 320
8 76 44 60 1 5 0 0.00 M M 3.0 13 300 M M 2 16 320
9 85 45 65 6 0 0 0.00 M M 3.3 15 300 M M 1 19 300
10 82 50 66 7 0 1 0.00 M M 4.3 15 260 M M 0 21 230
11 81 50 66 7 0 1 0.00 M M 2.0 9 280 M M 0 15 210
12 91 49 70 11 0 5 0.00 M M 2.7 12 290 M M 1 8 17 300
13 83 48 66 7 0 1 0.00 M M 3.6 13 320 M M 1 20 310
14 75 47 61 2 4 0 0.00 M M 3.1 14 280 M M 3 8 17 300
15 60 49 55 -4 10 0 0.22 M M 10.4 24 250 M M 8 138 29 250
16 62 46 54 -5 11 0 0.00 M M 5.0 13 170 M M 4 22 200
17 71 46 59 0 6 0 0.00 M M 4.0 14 300 M M 0 19 320
18 69 41 55 -4 10 0 0.00 M M 3.6 17 320 M M 0 24 320
19 68 42 55 -4 10 0 0.00 M M 2.7 13 300 M M 2 1 17 320
20 63 50 57 -2 8 0 0.00 M M 4.6 14 240 M M 6 18 23 210
21 62 55 59 0 6 0 T M M 9.6 18 280 M M 8 25 220
22 60 52 56 -3 9 0 0.27 M M 11.6 22 270 M M 8 1 27 270
23 56 48 52 -7 13 0 0.21 M M 12.3 24 280 M M 7 1 32 300
24 60 40 50 -9 15 0 0.00 M M 5.6 18 280 M M 1 25 310
25 60 38 49 -10 16 0 0.00 M M 3.9 15 320 M M 2 20 320
26 67 40 54 -6 11 0 0.00 M M 4.3 15 300 M M 2 19 320
27 69 43 56 -4 9 0 0.00 M M 3.8 16 320 M M 5 21 320
28 75 44 60 0 5 0 0.00 M M 3.1 13 330 M M 2 18 320
================================================================================
SM 1949 1264 215 8 0.70 M 130.9 M 75
================================================================================
AV 69.6 45.1 4.7 FASTST M M 3 MAX(MPH)
MISC ----> # 24 250 32 300
================================================================================
NOTES:
# LAST OF SEVERAL OCCURRENCES
COLUMN 17 PEAK WIND IN M.P.H.
PRELIMINARY LOCAL CLIMATOLOGICAL DATA (WS FORM: F-6) , PAGE 2
STATION: SAN DIEGO INTL AIRPORT CA
MONTH: FEBRUARY
YEAR: 2022
LATITUDE: 32 43 N
LONGITUDE: 117 10 W
[TEMPERATURE DATA] [PRECIPITATION DATA] SYMBOLS USED IN COLUMN 16
AVERAGE MONTHLY: 57.4 TOTAL FOR MONTH: 0.70 1 = FOG OR MIST
DPTR FM NORMAL: -1.6 DPTR FM NORMAL: -1.50 2 = FOG REDUCING VISIBILITY
HIGHEST: 91 ON 12 GRTST 24HR 0.48 ON 22-23 TO 1/4 MILE OR LESS
LOWEST: 38 ON 25 3 = THUNDER
SNOW, ICE PELLETS, HAIL 4 = ICE PELLETS
TOTAL MONTH: M 5 = HAIL
GRTST 24HR M ON M 6 = FREEZING RAIN OR DRIZZLE
GRTST DEPTH: M ON M 7 = DUSTSTORM OR SANDSTORM:
VSBY 1/2 MILE OR LESS
8 = SMOKE OR HAZE
[NO. OF DAYS WITH] [WEATHER - DAYS WITH] 9 = BLOWING SNOW
X = TORNADO
MAX 32 OR BELOW: 0 0.01 INCH OR MORE: 3
MAX 90 OR ABOVE: 1 0.10 INCH OR MORE: 3
MIN 32 OR BELOW: 0 0.50 INCH OR MORE: 0
MIN 0 OR BELOW: 0 1.00 INCH OR MORE: 0
[HDD (BASE 65) ]
TOTAL THIS MO. 215 CLEAR (SCALE 0-3) 20
DPTR FM NORMAL 42 PTCLDY (SCALE 4-7) 6
TOTAL FM JUL 1 818 CLOUDY (SCALE 8-10) 2
DPTR FM NORMAL 115
[CDD (BASE 65) ]
TOTAL THIS MO. 8
DPTR FM NORMAL 3 [PRESSURE DATA]
TOTAL FM JAN 1 8 HIGHEST SLP 30.37 ON 4
DPTR FM NORMAL 5 LOWEST SLP 29.83 ON 1
[REMARKS]
#FINAL-02-22#