000
CXUS52 KCHS 010915
CF6SAV
PRELIMINARY LOCAL CLIMATOLOGICAL DATA (WS FORM: F-6)
STATION: SAVANNAH GA
MONTH: JANUARY
YEAR: 2024
LATITUDE: 32 7 N
LONGITUDE: 81 12 W
TEMPERATURE IN F: :PCPN: SNOW: WIND :SUNSHINE: SKY :PK WND
================================================================================
1 2 3 4 5 6A 6B 7 8 9 10 11 12 13 14 15 16 17 18
12Z AVG MX 2MIN
DY MAX MIN AVG DEP HDD CDD WTR SNW DPTH SPD SPD DIR MIN PSBL S-S WX SPD DR
================================================================================
1 67 40 54 3 11 0 0.00 0.0 0 8.3 20 330 M M 3 25 330
2 55 32 44 -7 21 0 0.00 0.0 0 4.6 15 30 M M 0 19 40
3 56 28 42 -9 23 0 0.02 0.0 0 3.2 10 340 M M 6 1 14 350
4 59 35 47 -4 18 0 0.02 0.0 0 7.1 15 350 M M 2 19 350
5 60 33 47 -4 18 0 0.00 0.0 0 9.1 17 80 M M 3 23 70
6 75 49 62 11 3 0 0.90 0.0 0 11.8 31 170 M M 7 1 40 180
7 58 43 51 0 14 0 0.00 0.0 0 10.3 23 290 M M 6 29 280
8 55 36 46 -4 19 0 0.03 0.0 0 8.2 18 80 M M 7 1 24 80
9 68 52 60 10 5 0 1.04 0.0 0 20.2 40 170 M M 9 13 51 150
10 56 41 49 -1 16 0 0.00 0.0 0 12.8 35 270 M M 3 45 280
11 56 40 48 -2 17 0 0.00 0.0 0 2.7 8 270 M M 6 10 270
12 72 36 54 4 11 0 0.85 0.0 0 7.6 24 250 M M 7 13 32 260
13 71 41 56 6 9 0 0.00 0.0 0 13.3 24 300 M M 7 31 290
14 60 39 50 0 15 0 0.00 0.0 0 5.0 12 180 M M 3 15 180
15 72 37 55 5 10 0 0.00 0.0 0 4.2 15 170 M M 6 19 140
16 61 36 49 -1 16 0 T 0.0 0 8.0 22 300 M M 7 1 27 300
17 47 27 37 -13 28 0 0.00 0.0 0 7.5 17 310 M M 2 23 300
18 63 25 44 -6 21 0 0.00 0.0 0 3.7 10 310 M M 4 12 300
19 66 40 53 3 12 0 T 0.0 0 12.8 28 290 M M 5 38 310
20 45 27 36 -14 29 0 0.00 0.0 0 9.4 20 310 M M 0 27 330
21 44 23 34 -16 31 0 0.00 0.0 0 6.5 18 40 M M 2 24 30
22 61 28 45 -6 20 0 0.00 0.0 0 8.4 16 110 M M 6 20 90
23 64 52 58 7 7 0 0.04 0.0 0 6.6 17 120 M M 10 1 24 130
24 71 60 66 15 0 1 0.18 0.0 0 6.7 15 160 M M 9 1 19 160
25 79 64 72 21 0 7 0.00 0.0 0 9.3 18 160 M M 8 12 22 180
26 79 61 70 19 0 5 T 0.0 0 6.6 16 160 M M 7 1 19 150
27 83 60 72 21 0 7 T 0.0 0 9.2 24 170 M M 6 12 29 170
28 70 50 60 9 5 0 0.00 0.0 0 15.7 26 280 M M 5 35 260
29 63 42 53 2 12 0 0.00 0.0 0 10.2 21 300 M M 1 26 340
30 65 37 51 0 14 0 0.00 0.0 0 4.4 14 250 M M 1 18 220
31 62 41 52 0 13 0 0.02 0.0 0 10.3 24 340 M M 6 29 320
================================================================================
SM 1963 1255 418 20 3.10 0.0 263.7 M 154
================================================================================
AV 63.3 40.5 8.5 FASTST M M 5 MAX(MPH)
MISC ----> 40 170 51 150
================================================================================
NOTES:
# LAST OF SEVERAL OCCURRENCES
COLUMN 17 PEAK WIND IN M.P.H.
PRELIMINARY LOCAL CLIMATOLOGICAL DATA (WS FORM: F-6) , PAGE 2
STATION: SAVANNAH GA
MONTH: JANUARY
YEAR: 2024
LATITUDE: 32 7 N
LONGITUDE: 81 12 W
[TEMPERATURE DATA] [PRECIPITATION DATA] SYMBOLS USED IN COLUMN 16
AVERAGE MONTHLY: 51.9 TOTAL FOR MONTH: 3.10 1 = FOG OR MIST
DPTR FM NORMAL: 1.2 DPTR FM NORMAL: -0.18 2 = FOG REDUCING VISIBILITY
HIGHEST: 83 ON 27 GRTST 24HR 1.04 ON 9- 9 TO 1/4 MILE OR LESS
LOWEST: 23 ON 21 3 = THUNDER
SNOW, ICE PELLETS, HAIL 4 = ICE PELLETS
TOTAL MONTH: 0.0 INCH 5 = HAIL
GRTST 24HR 0.0 6 = FREEZING RAIN OR DRIZZLE
GRTST DEPTH: 0 7 = DUSTSTORM OR SANDSTORM:
VSBY 1/2 MILE OR LESS
8 = SMOKE OR HAZE
[NO. OF DAYS WITH] [WEATHER - DAYS WITH] 9 = BLOWING SNOW
X = TORNADO
MAX 32 OR BELOW: 0 0.01 INCH OR MORE: 9
MAX 90 OR ABOVE: 0 0.10 INCH OR MORE: 4
MIN 32 OR BELOW: 7 0.50 INCH OR MORE: 3
MIN 0 OR BELOW: 0 1.00 INCH OR MORE: 1
[HDD (BASE 65) ]
TOTAL THIS MO. 418 CLEAR (SCALE 0-3) 10
DPTR FM NORMAL -32 PTCLDY (SCALE 4-7) 17
TOTAL FM JUL 1 957 CLOUDY (SCALE 8-10) 4
DPTR FM NORMAL -133
[CDD (BASE 65) ]
TOTAL THIS MO. 20
DPTR FM NORMAL 13 [PRESSURE DATA]
TOTAL FM JAN 1 20 HIGHEST SLP 30.64 ON 21
DPTR FM NORMAL 13 LOWEST SLP 29.43 ON 9
[REMARKS]
#FINAL-01-24#