000
CXUS52 KCHS 280815
CF6SAV
PRELIMINARY LOCAL CLIMATOLOGICAL DATA (WS FORM: F-6)
STATION: SAVANNAH GA
MONTH: MARCH
YEAR: 2024
LATITUDE: 32 7 N
LONGITUDE: 81 12 W
TEMPERATURE IN F: :PCPN: SNOW: WIND :SUNSHINE: SKY :PK WND
================================================================================
1 2 3 4 5 6A 6B 7 8 9 10 11 12 13 14 15 16 17 18
12Z AVG MX 2MIN
DY MAX MIN AVG DEP HDD CDD WTR SNW DPTH SPD SPD DIR MIN PSBL S-S WX SPD DR
================================================================================
1 65 50 58 1 7 0 1.09 0.0 0 6.8 15 60 M M 10 13 20 50
2 65 52 59 2 6 0 0.01 0.0 0 1.6 8 330 M M 10 1238 9 330
3 67 58 63 6 2 0 0.00 0.0 M 3.2 10 100 M M 10 128 14 90
4 75 55 65 7 0 0 0.00 0.0 M 4.1 12 180 M M 7 128 14 190
5 72 52 62 4 3 0 T 0.0 M 7.0 17 110 M M 9 128 21 130
6 80 64 72 14 0 7 0.39 0.0 M 10.1 20 250 M M 9 1 25 270
7 76 56 66 8 0 1 0.00 0.0 M 5.0 15 150 M M 5 1 18 150
8 72 54 63 5 2 0 T 0.0 0 9.8 25 100 M M 7 1 33 100
9 75 58 67 8 0 2 0.65 0.0 0 11.3 24 170 M M 10 13 32 210
10 69 54 62 3 3 0 0.00 0.0 0 15.8 25 300 M M 3 33 310
11 64 40 52 -7 13 0 0.00 0.0 0 4.9 16 320 M M 6 20 330
12 74 43 59 0 6 0 0.00 0.0 0 5.3 12 180 M M 5 16 250
13 79 49 64 5 1 0 0.00 0.0 0 3.4 13 190 M M 3 1 17 220
14 82 48 65 5 0 0 0.00 0.0 0 3.7 14 180 M M 2 19 200
15 87 54 71 11 0 6 0.11 0.0 0 6.8 21 240 M M 6 138 27 220
16 83 62 73 13 0 8 0.01 0.0 0 7.6 16 260 M M 6 1 22 260
17 81 59 70 10 0 5 0.04 0.0 0 9.1 22 320 M M 7 1 30 320
18 73 52 63 3 2 0 T 0.0 0 12.3 28 330 M M 6 1 39 320
19 63 40 52 -9 13 0 0.00 0.0 0 10.0 24 320 M M 1 34 330
20 75 42 59 -2 6 0 0.00 0.0 0 7.7 16 260 M M 3 28 240
21 80 49 65 4 0 0 0.00 0.0 0 8.1 21 110 M M 2 1 27 100
22 71 60 66 5 0 1 0.42 0.0 0 8.7 23 120 M M 9 1 30 140
23 77 62 70 9 0 5 0.09 0.0 0 9.4 25 260 M M 8 13 39 260
24 66 50 58 -4 7 0 0.00 0.0 0 12.1 22 120 M M 2 27 120
25 64 48 56 -6 9 0 0.00 0.0 0 11.4 18 80 M M 9 25 100
26 78 61 70 8 0 5 0.00 0.0 0 12.6 24 150 M M 10 35 160
27 77 65 71 9 0 6 0.23 0.0 0 8.8 21 160 M M 8 13 31 160
================================================================================
SM 1990 1437 80 46 3.04 0.0 216.6 M 173
================================================================================
AV 73.7 53.2 8.0 FASTST M M 6 MAX(MPH)
MISC ----> 28 330 # 39 320
================================================================================
NOTES:
# LAST OF SEVERAL OCCURRENCES
COLUMN 17 PEAK WIND IN M.P.H.
PRELIMINARY LOCAL CLIMATOLOGICAL DATA (WS FORM: F-6) , PAGE 2
STATION: SAVANNAH GA
MONTH: MARCH
YEAR: 2024
LATITUDE: 32 7 N
LONGITUDE: 81 12 W
[TEMPERATURE DATA] [PRECIPITATION DATA] SYMBOLS USED IN COLUMN 16
AVERAGE MONTHLY: 63.5 TOTAL FOR MONTH: 3.04 1 = FOG OR MIST
DPTR FM NORMAL: 3.9 DPTR FM NORMAL: 0.02 2 = FOG REDUCING VISIBILITY
HIGHEST: 87 ON 15 GRTST 24HR 1.09 ON 1- 1 TO 1/4 MILE OR LESS
LOWEST: 40 ON 19,11 3 = THUNDER
SNOW, ICE PELLETS, HAIL 4 = ICE PELLETS
TOTAL MONTH: 0.0 INCH 5 = HAIL
GRTST 24HR 0.0 6 = FREEZING RAIN OR DRIZZLE
GRTST DEPTH: 0 7 = DUSTSTORM OR SANDSTORM:
VSBY 1/2 MILE OR LESS
8 = SMOKE OR HAZE
[NO. OF DAYS WITH] [WEATHER - DAYS WITH] 9 = BLOWING SNOW
X = TORNADO
MAX 32 OR BELOW: 0 0.01 INCH OR MORE: 10
MAX 90 OR ABOVE: 0 0.10 INCH OR MORE: 6
MIN 32 OR BELOW: 0 0.50 INCH OR MORE: 2
MIN 0 OR BELOW: 0 1.00 INCH OR MORE: 1
[HDD (BASE 65) ]
TOTAL THIS MO. 80 CLEAR (SCALE 0-3) 6
DPTR FM NORMAL -101 PTCLDY (SCALE 4-7) 11
TOTAL FM JUL 1 1311 CLOUDY (SCALE 8-10) 10
DPTR FM NORMAL -279
[CDD (BASE 65) ]
TOTAL THIS MO. 46
DPTR FM NORMAL 12 [PRESSURE DATA]
TOTAL FM JAN 1 71 HIGHEST SLP M ON M
DPTR FM NORMAL 18 LOWEST SLP 29.65 ON 23
[REMARKS]