000
CXUS56 KLOX 011155
CF6SBA
PRELIMINARY LOCAL CLIMATOLOGICAL DATA (WS FORM: F-6)
STATION: SANTA BARBARA AIRPORT CA
MONTH: JUNE
YEAR: 2022
LATITUDE: 34 25 N
LONGITUDE: 119 50 W
TEMPERATURE IN F: :PCPN: SNOW: WIND :SUNSHINE: SKY :PK WND
================================================================================
1 2 3 4 5 6A 6B 7 8 9 10 11 12 13 14 15 16 17 18
12Z AVG MX 2MIN
DY MAX MIN AVG DEP HDD CDD WTR SNW DPTH SPD SPD DIR MIN PSBL S-S WX SPD DR
================================================================================
1 73 52 63 2 2 0 0.00 M M 5.8 14 260 M M 0 8 17 270
2 70 57 64 3 1 0 0.00 M M 7.2 14 240 M M 3 8 17 240
3 68 56 62 1 3 0 0.00 M M 5.2 12 90 M M 6 18 15 90
4 68 54 61 0 4 0 0.00 M M 6.3 13 250 M M 3 16 240
5 87 53 70 9 0 5 0.00 M M 6.8 21 290 M M 0 30 310
6 72 60 66 5 0 1 0.00 M M 6.9 15 140 M M 1 18 130
7 69 53 61 -1 4 0 0.00 M M 5.6 14 130 M M 1 18 18 130
8 69 56 63 1 2 0 0.00 M M 5.7 14 90 M M 2 18 18 80
9 71 61 66 4 0 1 0.00 M M 6.5 14 90 M M 5 18 19 80
10 70 59 65 3 0 0 0.00 M M 5.4 14 260 M M 8 18 16 270
11 70 58 64 2 1 0 0.00 M M 5.6 13 260 M M 8 128 15 270
12 67 58 63 1 2 0 0.00 M M 5.3 13 240 M M 6 128 17 240
13 79 59 69 7 0 4 0.00 M M 7.4 20 350 M M 2 18 24 350
14 76 59 68 6 0 3 0.00 M M 6.7 18 10 M M 1 18 24 350
15 75 54 65 3 0 0 0.00 M M 6.5 16 90 M M 1 8 21 80
16 72 62 67 5 0 2 0.00 M M 6.1 14 70 M M 6 18 18 60
17 79 54 67 5 0 2 0.00 M M 7.8 21 240 M M 2 8 25 240
18 78 48 63 0 2 0 0.00 M M 5.8 18 320 M M 0 23 320
19 88 52 70 7 0 5 0.00 M M 8.1 22 30 M M 0 28 250
20 82 58 70 7 0 5 0.00 M M 6.0 14 240 M M 0 18 240
21 78 56 67 4 0 2 0.00 M M 8.9 21 130 M M 0 18 24 140
22 71 55 63 0 2 0 0.00 M M 6.9 16 260 M M 4 18 20 240
23 73 59 66 3 0 1 0.00 M M 5.8 16 260 M M 4 18 20 240
24 69 58 64 1 1 0 0.00 M M 8.2 16 250 M M 6 1 19 260
25 70 58 64 0 1 0 0.00 M M 7.0 16 250 M M 4 1 19 260
26 73 59 66 2 0 1 0.00 M M 6.6 12 80 M M 3 18 18 240
27 74 57 66 2 0 1 0.00 M M 4.3 10 220 M M 3 18 14 210
28 73 59 66 2 0 1 0.00 M M 4.9 9 220 M M 3 12 12 190
29 73 59 66 2 0 1 0.00 M M 5.4 16 260 M M 2 18 19 250
30 74 61 68 4 0 3 0.00 M M 6.6 15 250 M M 2 18 17 240
================================================================================
SM 2211 1704 25 38 0.00 M 191.3 M 86
================================================================================
AV 73.7 56.8 6.4 FASTST M M 3 MAX(MPH)
MISC ----> 22 30 30 310
================================================================================
NOTES:
# LAST OF SEVERAL OCCURRENCES
COLUMN 17 PEAK WIND IN M.P.H.
PRELIMINARY LOCAL CLIMATOLOGICAL DATA (WS FORM: F-6) , PAGE 2
STATION: SANTA BARBARA AIRPORT CA
MONTH: JUNE
YEAR: 2022
LATITUDE: 34 25 N
LONGITUDE: 119 50 W
[TEMPERATURE DATA] [PRECIPITATION DATA] SYMBOLS USED IN COLUMN 16
AVERAGE MONTHLY: 65.3 TOTAL FOR MONTH: 0.00 1 = FOG OR MIST
DPTR FM NORMAL: 2.8 DPTR FM NORMAL: -0.11 2 = FOG REDUCING VISIBILITY
HIGHEST: 88 ON 19 GRTST 24HR 0.00 ON 1- 1 TO 1/4 MILE OR LESS
LOWEST: 48 ON 18 3 = THUNDER
SNOW, ICE PELLETS, HAIL 4 = ICE PELLETS
TOTAL MONTH: M 5 = HAIL
GRTST 24HR M ON M 6 = FREEZING RAIN OR DRIZZLE
GRTST DEPTH: M ON M 7 = DUSTSTORM OR SANDSTORM:
VSBY 1/2 MILE OR LESS
8 = SMOKE OR HAZE
[NO. OF DAYS WITH] [WEATHER - DAYS WITH] 9 = BLOWING SNOW
X = TORNADO
MAX 32 OR BELOW: 0 0.01 INCH OR MORE: 0
MAX 90 OR ABOVE: 0 0.10 INCH OR MORE: 0
MIN 32 OR BELOW: 0 0.50 INCH OR MORE: 0
MIN 0 OR BELOW: 0 1.00 INCH OR MORE: 0
[HDD (BASE 65) ]
TOTAL THIS MO. 25 CLEAR (SCALE 0-3) 17
DPTR FM NORMAL -66 PTCLDY (SCALE 4-7) 11
TOTAL FM JUL 1 2091 CLOUDY (SCALE 8-10) 2
DPTR FM NORMAL -203
[CDD (BASE 65) ]
TOTAL THIS MO. 38
DPTR FM NORMAL 25 [PRESSURE DATA]
TOTAL FM JAN 1 82 HIGHEST SLP 30.04 ON 30
DPTR FM NORMAL 51 LOWEST SLP 29.72 ON 8
[REMARKS]
#FINAL-06-22#