000
CXUS53 KIWX 181359
CF6SBN
PRELIMINARY LOCAL CLIMATOLOGICAL DATA (WS FORM: F-6)
STATION: SOUTH BEND
MONTH: JANUARY
YEAR: 2023
LATITUDE: 41 42 N
LONGITUDE: 86 19 W
TEMPERATURE IN F: :PCPN: SNOW: WIND :SUNSHINE: SKY :PK WND
================================================================================
1 2 3 4 5 6A 6B 7 8 9 10 11 12 13 14 15 16 17 18
12Z AVG MX 2MIN
DY MAX MIN AVG DEP HDD CDD WTR SNW DPTH SPD SPD DIR MIN PSBL S-S WX SPD DR
================================================================================
1 48 35 42 16 23 0 0.07 0.0 0 5.1 14 250 M M 9 12 19 260
2 48 38 43 17 22 0 T 0.0 0 4.1 10 100 M M 9 128 14 90
3 60 45 53 27 12 0 0.63 0.0 0 7.5 14 190 M M 10 12 20 170
4 57 35 46 21 19 0 0.06 T 0 9.7 21 250 M M 7 18 28 230
5 35 32 34 9 31 0 0.08 0.4 0 7.9 15 250 M M 10 1 20 260
6 34 29 32 7 33 0 0.04 T T 8.4 15 250 M M 10 1 20 250
7 37 28 33 8 32 0 0.00 0.0 0 3.4 12 360 M M 10 18 16 30
8 37 27 32 7 33 0 0.00 0.0 0 4.3 12 300 M M 7 15 310
9 42 25 34 10 31 0 0.00 0.0 0 8.9 16 240 M M 3 18 22 240
10 45 33 39 15 26 0 0.05 0.0 0 7.9 13 140 M M 5 1 16 140
11 54 34 44 20 21 0 T 0.0 0 7.3 18 140 M M 6 18 23 140
12 46 35 41 17 24 0 0.00 0.0 0 12.9 22 350 M M 10 18 30 10
13 36 29 33 9 32 0 T T 0 15.5 26 350 M M 10 37 350
14 33 25 29 5 36 0 0.00 0.0 0 4.7 14 20 M M 8 17 10
15 41 24 33 9 32 0 0.00 0.0 0 12.5 21 160 M M 0 29 150
16 48 36 42 18 23 0 0.20 0.0 0 13.8 23 150 M M 9 1 32 160
17 51 38 45 21 20 0 0.01 0.0 0 13.7 22 270 M M 8 1 30 260
18 40 37 39 15 26 0 0.31 0.0 0 7.9 23 100 M M 9 1 35 50
19 44 34 39 15 26 0 0.44 T 0 14.2 30 230 M M 10 1 43 220
20 35 31 33 10 32 0 0.08 0.1 0 11.1 21 270 M M 10 168 28 280
21 31 29 30 7 35 0 T T 0 7.6 13 200 M M 10 16 210
22 34 30 32 9 33 0 0.02 0.3 0 4.9 9 10 M M 10 18 12 110
23 32 26 29 6 36 0 0.01 0.3 T 12.7 18 230 M M 7 18 26 210
24 31 29 30 7 35 0 T T T 6.9 20 270 M M 10 18 26 270
25 33 29 31 8 34 0 0.20 3.5 2 8.3 17 350 M M 10 1 22 350
26 33 19 26 2 39 0 0.15 2.5 5 11.9 18 230 M M 10 18 24 230
27 36 12 24 0 41 0 0.02 0.4 5 15.3 26 260 M M 7 18 37 260
28 31 20 26 2 39 0 0.00 0.0 4 7.4 18 270 M M 5 27 270
29 32 27 30 6 35 0 0.04 T 3 8.4 16 360 M M 10 16 20 360
30 28 15 22 -2 43 0 T T 3 9.8 17 330 M M 10 8 23 320
31 19 5 12 -12 53 0 T T 3 6.6 15 280 M M 4 18 20 260
================================================================================
SM 1211 891 957 0 2.41 7.5 280.6 M 253
================================================================================
AV 39.1 28.7 9.1 FASTST M M 8 MAX(MPH)
MISC ----> 30 230 43 220
================================================================================
NOTES:
# LAST OF SEVERAL OCCURRENCES
COLUMN 17 PEAK WIND IN M.P.H.
PRELIMINARY LOCAL CLIMATOLOGICAL DATA (WS FORM: F-6) , PAGE 2
STATION: SOUTH BEND
MONTH: JANUARY
YEAR: 2023
LATITUDE: 41 42 N
LONGITUDE: 86 19 W
[TEMPERATURE DATA] [PRECIPITATION DATA] SYMBOLS USED IN COLUMN 16
AVERAGE MONTHLY: 33.9 TOTAL FOR MONTH: 2.41 1 = FOG OR MIST
DPTR FM NORMAL: 9.8 DPTR FM NORMAL: -0.25 2 = FOG REDUCING VISIBILITY
HIGHEST: 60 ON 3 GRTST 24HR 0.63 ON 3-3 TO 1/4 MILE OR LESS
LOWEST: 5 ON 31 3 = THUNDER
SNOW, ICE PELLETS, HAIL 4 = ICE PELLETS
TOTAL MONTH: 7.5 INCHES 5 = HAIL
GRTST 24HR 3.5 ON 25-25 6 = FREEZING RAIN OR DRIZZLE
GRTST DEPTH: 5 ON 27,26 7 = DUSTSTORM OR SANDSTORM:
VSBY 1/2 MILE OR LESS
8 = SMOKE OR HAZE
[NO. OF DAYS WITH] [WEATHER - DAYS WITH] 9 = BLOWING SNOW
X = TORNADO
MAX 32 OR BELOW: 7 0.01 INCH OR MORE: 17
MAX 90 OR ABOVE: 0 0.10 INCH OR MORE: 6
MIN 32 OR BELOW: 20 0.50 INCH OR MORE: 1
MIN 0 OR BELOW: 0 1.00 INCH OR MORE: 0
[HDD (BASE 65) ]
TOTAL THIS MO. 957 CLEAR (SCALE 0-3) 1
DPTR FM NORMAL -311 PTCLDY (SCALE 4-7) 10
TOTAL FM JUL 1 3153 CLOUDY (SCALE 8-10) 20
DPTR FM NORMAL -522
[CDD (BASE 65) ]
TOTAL THIS MO. 0
DPTR FM NORMAL 0 [PRESSURE DATA]
TOTAL FM JAN 1 0 HIGHEST SLP 30.46 ON 31
DPTR FM NORMAL 0 LOWEST SLP 29.47 ON 19
[REMARKS]
#FINAL-01-23#