000
CXUS56 KLOX 011155
CF6SBP
PRELIMINARY LOCAL CLIMATOLOGICAL DATA (WS FORM: F-6)
STATION: SAN LUIS OBISPO AIRPORT CA
MONTH: APRIL
YEAR: 2023
LATITUDE: 35 13 N
LONGITUDE: 120 38 W
TEMPERATURE IN F: :PCPN: SNOW: WIND :SUNSHINE: SKY :PK WND
================================================================================
1 2 3 4 5 6A 6B 7 8 9 10 11 12 13 14 15 16 17 18
12Z AVG MX 2MIN
DY MAX MIN AVG DEP HDD CDD WTR SNW DPTH SPD SPD DIR MIN PSBL S-S WX SPD DR
================================================================================
1 68 45 57 1 8 0 0.00 M M 11.8 26 310 M M 0 32 310
2 62 44 53 -4 12 0 0.00 M M 9.1 23 320 M M 1 31 320
3 57 41 49 -8 16 0 0.00 M M 15.0 33 290 M M 2 43 300
4 59 37 48 -9 17 0 0.00 M M 9.0 24 310 M M 0 29 330
5 65 43 54 -3 11 0 0.00 M M 12.1 26 320 M M 0 33 310
6 69 40 55 -2 10 0 0.00 M M 6.8 23 320 M M 0 28 320
7 65 48 57 0 8 0 0.00 M M 7.1 17 310 M M 4 21 300
8 69 48 59 2 6 0 0.00 M M 7.4 20 310 M M 5 1 24 300
9 79 48 64 7 1 0 T M M 5.0 21 330 M M 2 12 24 320
10 75 51 63 6 2 0 0.00 M M 5.8 26 310 M M 1 1 33 320
11 68 51 60 3 5 0 0.00 M M 12.2 25 310 M M 3 1 30 310
12 66 47 57 0 8 0 0.00 M M 13.8 29 300 M M 1 1 34 300
13 65 41 53 -4 12 0 0.00 M M 11.2 25 310 M M 1 34 330
14 66 39 53 -4 12 0 0.00 M M 6.2 20 310 M M 1 1 24 300
15 66 42 54 -3 11 0 0.00 M M 6.0 17 310 M M 3 1 20 300
16 63 48 56 -1 9 0 0.00 M M 5.9 17 310 M M 5 21 310
17 62 44 53 -4 12 0 0.00 M M 11.8 24 320 M M 1 30 310
18 63 42 53 -5 12 0 0.00 M M 11.0 28 320 M M 1 36 320
19 68 46 57 -1 8 0 0.00 M M 11.4 23 320 M M 0 28 320
20 77 52 65 7 0 0 0.00 M M 10.6 21 300 M M 0 27 300
21 85 54 70 12 0 5 T M M 7.4 23 310 M M 0 29 310
22 70 51 61 3 4 0 0.00 M M 10.4 25 310 M M 0 30 320
23 66 49 58 0 7 0 0.00 M M 13.9 26 320 M M 2 1 34 330
24 69 47 58 0 7 0 0.00 M M 10.5 24 310 M M 3 12 29 320
25 66 46 56 -2 9 0 0.00 M M 7.7 21 310 M M 4 128 25 350
26 70 48 59 1 6 0 0.00 M M 5.5 13 300 M M 6 12 16 290
27 72 47 60 2 5 0 0.00 M M 3.5 12 320 M M 6 12 15 310
28 69 49 59 1 6 0 0.00 M M 5.5 14 300 M M 6 12 17 340
29 67 50 59 1 6 0 0.00 M M 6.8 16 310 M M 7 1 20 310
30 67 51 59 1 6 0 0.00 M M 8.1 22 310 M M 8 1 27 300
================================================================================
SM 2033 1389 236 5 T M 268.5 M 73
================================================================================
AV 67.8 46.3 8.9 FASTST M M 2 MAX(MPH)
MISC ----> 33 290 43 300
================================================================================
NOTES:
# LAST OF SEVERAL OCCURRENCES
COLUMN 17 PEAK WIND IN M.P.H.
PRELIMINARY LOCAL CLIMATOLOGICAL DATA (WS FORM: F-6) , PAGE 2
STATION: SAN LUIS OBISPO AIRPORT CA
MONTH: APRIL
YEAR: 2023
LATITUDE: 35 13 N
LONGITUDE: 120 38 W
[TEMPERATURE DATA] [PRECIPITATION DATA] SYMBOLS USED IN COLUMN 16
AVERAGE MONTHLY: 57.0 TOTAL FOR MONTH: T 1 = FOG OR MIST
DPTR FM NORMAL: -0.4 DPTR FM NORMAL: -1.05 2 = FOG REDUCING VISIBILITY
HIGHEST: 85 ON 21 GRTST 24HR T ON 7- 7 TO 1/4 MILE OR LESS
LOWEST: 37 ON 4 3 = THUNDER
SNOW, ICE PELLETS, HAIL 4 = ICE PELLETS
TOTAL MONTH: M 5 = HAIL
GRTST 24HR M ON M 6 = FREEZING RAIN OR DRIZZLE
GRTST DEPTH: M ON M 7 = DUSTSTORM OR SANDSTORM:
VSBY 1/2 MILE OR LESS
8 = SMOKE OR HAZE
[NO. OF DAYS WITH] [WEATHER - DAYS WITH] 9 = BLOWING SNOW
X = TORNADO
MAX 32 OR BELOW: 0 0.01 INCH OR MORE: 0
MAX 90 OR ABOVE: 0 0.10 INCH OR MORE: 0
MIN 32 OR BELOW: 0 0.50 INCH OR MORE: 0
MIN 0 OR BELOW: 0 1.00 INCH OR MORE: 0
[HDD (BASE 65) ]
TOTAL THIS MO. 236 CLEAR (SCALE 0-3) 20
DPTR FM NORMAL -2 PTCLDY (SCALE 4-7) 9
TOTAL FM JUL 1 2150 CLOUDY (SCALE 8-10) 1
DPTR FM NORMAL 137
[CDD (BASE 65) ]
TOTAL THIS MO. 5
DPTR FM NORMAL -3 [PRESSURE DATA]
TOTAL FM JAN 1 5 HIGHEST SLP 30.24 ON 20
DPTR FM NORMAL -9 LOWEST SLP 29.82 ON 13
[REMARKS]
#FINAL-04-23#