000
CXUS51 KAKQ 011304
CLMSBY
CLIMATE REPORT
NATIONAL WEATHER SERVICE WAKEFIELD VA
804 AM EST FRI DEC 01 2023
...................................
...THE SALISBURY MD CLIMATE SUMMARY FOR THE MONTH OF NOVEMBER 2023...
CLIMATE NORMAL PERIOD: 1991 TO 2020
CLIMATE RECORD PERIOD: 1900 TO 2023
WEATHER OBSERVED NORMAL DEPART LAST YEAR`S
VALUE DATE(S) VALUE FROM VALUE DATE(S)
NORMAL
................................................................
TEMPERATURE (F)
RECORD
HIGH 85 11/01/1950
LOW 10 11/29/1930
HIGHEST 75 11/07 75 0 82 11/07
LOWEST 23 11/29 22 1 19 11/21
AVG. MAXIMUM 59.9 58.6 1.3 63.1
AVG. MINIMUM 34.8 37.9 -3.1 39.5
MEAN 47.3 48.2 -0.9 51.3
DAYS MAX >= 90 0 0.0 0.0 0
DAYS MAX <= 32 0 0.0 0.0 0
DAYS MIN <= 32 10 10.9 -0.9 12
DAYS MIN <= 0 0 0.0 0.0 0
PRECIPITATION (INCHES)
RECORD
MAXIMUM 8.85 1911
MINIMUM 0.09 2001
TOTALS 2.09 3.16 -1.07 3.36
DAILY AVG. 0.07 0.11 -0.04 0.11
DAYS >= .01 4 8.7 -4.7 8
DAYS >= .10 3 5.4 -2.4 7
DAYS >= .50 2 2.0 0.0 2
DAYS >= 1.00 0 0.8 -0.8 0
GREATEST
24 HR. TOTAL 1.70 11/21 TO 11/22
SNOWFALL (INCHES)
RECORDS
TOTAL 6.7 1976
TOTALS 0.0
SINCE 7/1 0.0 0.0 0.0 MM
SNOWDEPTH AVG. 0 0
DAYS >= 1.0 0 0.0 0.0 0
GREATEST
SNOW DEPTH 0 0 MM
24 HR TOTAL MM MM 0.0
DEGREE DAYS
HEATING TOTAL 520 505 15 420
SINCE 7/1 687 769 -82 MM
COOLING TOTAL 0 2 -2 16
SINCE 1/1 1372 1300 72 MM
................................................................
WIND (MPH)
AVERAGE WIND SPEED 5.4
HIGHEST WIND SPEED/DIRECTION 28/180 DATE 11/22
HIGHEST GUST SPEED/DIRECTION 45/160 DATE 11/22
SKY COVER
POSSIBLE SUNSHINE (PERCENT) MM
AVERAGE SKY COVER 0.20
AVERAGE RH (PERCENT) 69
WEATHER CONDITIONS. NUMBER OF DAYS WITH
THUNDERSTORM 0 MIXED PRECIP 0
HEAVY RAIN 3 RAIN 3
LIGHT RAIN 5 FREEZING RAIN 0
LT FREEZING RAIN 0 HAIL 0
HEAVY SNOW 0 SNOW 0
LIGHT SNOW 0 SLEET 0
FOG 14 FOG W/VIS <= 1/4 MILE 4
HAZE 0
- INDICATES NEGATIVE NUMBERS.
R INDICATES RECORD WAS SET OR TIED.
MM INDICATES DATA IS MISSING.
T INDICATES TRACE AMOUNT.
$$