000
CXUS56 KSTO 011400
CF6SCK
PRELIMINARY LOCAL CLIMATOLOGICAL DATA (WS FORM: F-6)
STATION: STOCKTON AIRPORT CA
MONTH: DECEMBER
YEAR: 2023
LATITUDE: 37 54 N
LONGITUDE: 121 15 W
TEMPERATURE IN F: :PCPN: SNOW: WIND :SUNSHINE: SKY :PK WND
================================================================================
1 2 3 4 5 6A 6B 7 8 9 10 11 12 13 14 15 16 17 18
12Z AVG MX 2MIN
DY MAX MIN AVG DEP HDD CDD WTR SNW DPTH SPD SPD DIR MIN PSBL S-S WX SPD DR
================================================================================
1 63 37 50 0 15 0 T M M 5.0 15 300 M M 3 17 300
2 63 49 56 6 9 0 0.07 M M 4.3 10 160 M M 9 1 13 150
3 66 45 56 7 9 0 0.00 M M 4.0 9 310 M M 3 18 11 320
4 66 42 54 5 11 0 0.00 M M 2.6 7 280 M M 1 128 11 290
5 67 41 54 5 11 0 0.00 0.0 M 2.5 9 120 M M 1 128 11 130
6 64 43 54 5 11 0 0.03 0.0 M 6.4 23 280 M M 3 18 28 280
7 64 38 51 2 14 0 T 0.0 M 5.2 22 280 M M 2 1 29 270
8 59 41 50 2 15 0 0.00 M M 9.7 21 330 M M 3 12 25 330
9 59 32 46 -2 19 0 0.00 M M 2.6 8 270 M M 0 9 300
10 59 30 45 -3 20 0 0.00 M M 2.2 8 340 M M 1 128 11 340
11 63 30 47 -1 18 0 0.00 M M 1.9 7 280 M M 0 1 10 360
12 61 31 46 -2 19 0 0.00 M M 3.1 8 290 M M 2 128 11 320
13 64 30 47 -1 18 0 0.00 M M 1.7 8 90 M M 0 18 9 90
14 62 35 49 1 16 0 0.00 M M 4.0 9 80 M M 0 18 10 90
15 63 34 49 1 16 0 0.00 M M 2.2 7 280 M M 0 18 8 270
16 68 32 50 3 15 0 0.00 M M 2.4 10 250 M M 0 18 11 320
17 61 37 49 2 16 0 0.41 M M 3.6 22 60 M M 4 18 27 50
18 59 47 53 6 12 0 0.40 M M 10.6 24 130 M M 7 18 32 120
19 66 56 61 14 4 0 0.28 M M 13.5 22 150 M M 6 1 26 150
20 60 54 57 10 8 0 0.43 M M 5.9 14 130 M M 7 1 19 140
21 63 46 55 8 10 0 0.00 M M 4.8 10 300 M M 3 12 13 290
22 68 45 57 10 8 0 0.00 M M 6.1 15 290 M M 1 128 18 310
23 59 41 50 3 15 0 0.00 M M 3.6 8 320 M M 2 12 11 280
24 56 36 46 -1 19 0 0.00 M M 2.3 7 300 M M 5 128 11 280
25 60 38 49 2 16 0 0.00 M M 1.9 8 280 M M 5 128 9 270
26 60 41 51 4 14 0 0.00 M M 4.3 9 250 M M 1 128 11 90
27 64 39 52 5 13 0 0.17 M M 6.5 17 150 M M 7 128 22 150
28 66 50 58 11 7 0 0.00 M M 5.1 13 140 M M 4 18 15 140
29 68 50 59 12 6 0 0.75 M M 8.9 18 280 M M 3 18 22 150
30 62 50 56 9 9 0 0.26 M M 3.9 12 110 M M 8 1 16 170
31 58 47 53 6 12 0 0.00 M M 3.5 14 140 M M 7 1 16 140
================================================================================
SM 1941 1267 405 0 2.80 0.0 144.3 M 98
================================================================================
AV 62.6 40.9 4.7 FASTST M M 3 MAX(MPH)
MISC ----> 24 130 32 120
================================================================================
NOTES:
# LAST OF SEVERAL OCCURRENCES
COLUMN 17 PEAK WIND IN M.P.H.
PRELIMINARY LOCAL CLIMATOLOGICAL DATA (WS FORM: F-6) , PAGE 2
STATION: STOCKTON AIRPORT CA
MONTH: DECEMBER
YEAR: 2023
LATITUDE: 37 54 N
LONGITUDE: 121 15 W
[TEMPERATURE DATA] [PRECIPITATION DATA] SYMBOLS USED IN COLUMN 16
AVERAGE MONTHLY: 51.7 TOTAL FOR MONTH: 2.80 1 = FOG OR MIST
DPTR FM NORMAL: 4.0 DPTR FM NORMAL: 0.39 2 = FOG REDUCING VISIBILITY
HIGHEST: 68 ON 29,16 GRTST 24HR 1.01 ON 29-30 TO 1/4 MILE OR LESS
LOWEST: 30 ON 13,11 3 = THUNDER
SNOW, ICE PELLETS, HAIL 4 = ICE PELLETS
TOTAL MONTH: 0.0 INCH 5 = HAIL
GRTST 24HR 0.0 6 = FREEZING RAIN OR DRIZZLE
GRTST DEPTH: M ON M 7 = DUSTSTORM OR SANDSTORM:
VSBY 1/2 MILE OR LESS
8 = SMOKE OR HAZE
[NO. OF DAYS WITH] [WEATHER - DAYS WITH] 9 = BLOWING SNOW
X = TORNADO
MAX 32 OR BELOW: 0 0.01 INCH OR MORE: 9
MAX 90 OR ABOVE: 0 0.10 INCH OR MORE: 7
MIN 32 OR BELOW: 6 0.50 INCH OR MORE: 1
MIN 0 OR BELOW: 0 1.00 INCH OR MORE: 0
[HDD (BASE 65) ]
TOTAL THIS MO. 405 CLEAR (SCALE 0-3) 20
DPTR FM NORMAL -130 PTCLDY (SCALE 4-7) 10
TOTAL FM JUL 1 758 CLOUDY (SCALE 8-10) 1
DPTR FM NORMAL -155
[CDD (BASE 65) ]
TOTAL THIS MO. 0
DPTR FM NORMAL 0 [PRESSURE DATA]
TOTAL FM JAN 1 1563 HIGHEST SLP 30.38 ON 9
DPTR FM NORMAL -3 LOWEST SLP 29.70 ON 20
[REMARKS]
#FINAL-12-23#