000
CXUS52 KMLB 012203
CF6SFB
PRELIMINARY LOCAL CLIMATOLOGICAL DATA (WS FORM: F-6)
STATION: SANFORD
MONTH: SEPTEMBER
YEAR: 2022
LATITUDE: 28 46 N
LONGITUDE: 81 15 W
TEMPERATURE IN F: :PCPN: SNOW: WIND :SUNSHINE: SKY :PK WND
================================================================================
1 2 3 4 5 6A 6B 7 8 9 10 11 12 13 14 15 16 17 18
12Z AVG MX 2MIN
DY MAX MIN AVG DEP HDD CDD WTR SNW DPTH SPD SPD DIR MIN PSBL S-S WX SPD DR
================================================================================
1 93 74 84 1 0 19 T 0.0 0 4.7 21 310 M M 2 3 27 280
2 89 74 82 -1 0 17 0.00 0.0 0 5.4 23 120 M M 1 3 27 120
3 92 75 84 1 0 19 0.00 0.0 0 6.3 15 90 M M 1 22 190
4 93 77 85 2 0 20 0.00 0.0 0 4.1 16 100 M M 3 18 100
5 96 76 86 4 0 21 0.00 0.0 0 3.9 17 100 M M 1 3 20 110
6 96 77 87 5 0 22 0.00 0.0 0 3.6 17 50 M M 2 3 23 50
7 94 75 85 3 0 20 0.04 0.0 0 5.1 18 80 M M 2 3 23 70
8 89 72 81 -1 0 16 0.69 0.0 0 5.2 22 50 M M 2 13 27 40
9 90 73 82 0 0 17 0.10 0.0 0 5.7 25 250 M M 3 13 34 250
10 92 74 83 1 0 18 0.03 0.0 0 6.0 25 250 M M 1 3 31 250
11 95 73 84 2 0 19 T 0.0 0 3.1 23 240 M M 1 3 29 240
12 93 74 84 2 0 19 0.69 0.0 0 3.6 23 260 M M 1 13 30 270
13 89 74 82 0 0 17 0.14 0.0 0 5.0 20 260 M M 1 13 24 270
14 91 72 82 0 0 17 2.31 0.0 0 5.2 22 150 M M 3 13 27 340
15 90 72 81 -1 0 16 0.01 0.0 0 4.4 16 10 M M 2 20 10
16 88 74 81 -1 0 16 0.70 0.0 0 3.3 17 20 M M 2 13 22 20
17 86 74 80 -1 0 15 0.02 0.0 0 4.8 20 10 M M 5 3 24 10
18 87 71 79 -2 0 14 0.00 0.0 0 4.2 15 90 M M 3 3 19 100
19 91 72 82 1 0 17 0.38 0.0 0 3.4 16 110 M M 3 13 21 110
20 91 75 83 2 0 18 T 0.0 0 3.4 20 30 M M 2 3 25 40
21 86 74 80 -1 0 15 T 0.0 0 7.6 23 50 M M 5 28 40
22 91 74 83 2 0 18 0.00 0.0 0 6.7 14 20 M M 1 18 360
23 89 74 82 1 0 17 T 0.0 0 8.7 20 50 M M 6 25 30
24 88 73 81 1 0 16 0.00 0.0 0 7.8 17 50 M M 4 21 30
25 89 73 81 1 0 16 T 0.0 0 6.1 17 80 M M 7 21 90
26 93 72 83 3 0 18 0.00 0.0 0 5.6 16 90 M M 2 19 100
27 85 74 80 0 0 15 0.72 0.0 0 4.5 16 40 M M 5 1 22 30
28 75 70 73 -7 0 8 5.96 0.0 0 20.6 41 40 M M 8 13 56 50
29 75 62 69 -11 0 4 9.42 0.0 0 28.2 49 360 M M 10 1 69 350
30 80 63 72 -7 0 7 0.00 0.0 0 9.0 22 290 M M 6 30 300
================================================================================
SM 2676 2187 0 491 21.21 0.0 195.2 M 95
================================================================================
AV 89.2 72.9 6.5 FASTST M M 3 MAX(MPH)
MISC ----> 49 360 69 350
================================================================================
NOTES:
# LAST OF SEVERAL OCCURRENCES
COLUMN 17 PEAK WIND IN M.P.H.
PRELIMINARY LOCAL CLIMATOLOGICAL DATA (WS FORM: F-6) , PAGE 2
STATION: SANFORD
MONTH: SEPTEMBER
YEAR: 2022
LATITUDE: 28 46 N
LONGITUDE: 81 15 W
[TEMPERATURE DATA] [PRECIPITATION DATA] SYMBOLS USED IN COLUMN 16
AVERAGE MONTHLY: 81.1 TOTAL FOR MONTH: 21.21 1 = FOG OR MIST
DPTR FM NORMAL: -0.3 DPTR FM NORMAL: 14.97 2 = FOG REDUCING VISIBILITY
HIGHEST: 96 ON 6, 5 GRTST 24HR 14.41 ON 28-29 TO 1/4 MILE OR LESS
LOWEST: 62 ON 29 3 = THUNDER
SNOW, ICE PELLETS, HAIL 4 = ICE PELLETS
TOTAL MONTH: 0.0 INCH 5 = HAIL
GRTST 24HR 0.0 6 = FREEZING RAIN OR DRIZZLE
GRTST DEPTH: 0 7 = DUSTSTORM OR SANDSTORM:
VSBY 1/2 MILE OR LESS
8 = SMOKE OR HAZE
[NO. OF DAYS WITH] [WEATHER - DAYS WITH] 9 = BLOWING SNOW
X = TORNADO
MAX 32 OR BELOW: 0 0.01 INCH OR MORE: 14
MAX 90 OR ABOVE: 16 0.10 INCH OR MORE: 10
MIN 32 OR BELOW: 0 0.50 INCH OR MORE: 7
MIN 0 OR BELOW: 0 1.00 INCH OR MORE: 3
[HDD (BASE 65) ]
TOTAL THIS MO. 0 CLEAR (SCALE 0-3) 20
DPTR FM NORMAL 0 PTCLDY (SCALE 4-7) 8
TOTAL FM JUL 1 0 CLOUDY (SCALE 8-10) 2
DPTR FM NORMAL 0
[CDD (BASE 65) ]
TOTAL THIS MO. 491
DPTR FM NORMAL -1 [PRESSURE DATA]
TOTAL FM JAN 1 3220 HIGHEST SLP 30.11 ON 3
DPTR FM NORMAL 214 LOWEST SLP 29.35 ON 29
[REMARKS]
#FINAL-09-22#