000
CXUS52 KMLB 010716
CF6SFB
PRELIMINARY LOCAL CLIMATOLOGICAL DATA (WS FORM: F-6)
STATION: SANFORD
MONTH: DECEMBER
YEAR: 2021
LATITUDE: 28 46 N
LONGITUDE: 81 15 W
TEMPERATURE IN F: :PCPN: SNOW: WIND :SUNSHINE: SKY :PK WND
================================================================================
1 2 3 4 5 6A 6B 7 8 9 10 11 12 13 14 15 16 17 18
12Z AVG MX 2MIN
DY MAX MIN AVG DEP HDD CDD WTR SNW DPTH SPD SPD DIR MIN PSBL S-S WX SPD DR
================================================================================
1 78 52 65 0 0 0 0.00 0.0 0 3.0 8 360 M M 1 10 350
2 76 54 65 0 0 0 0.00 0.0 0 5.1 15 350 M M 1 21 330
3 78 52 65 0 0 0 0.00 0.0 0 4.7 10 150 M M 0 14 340
4 77 50 64 -1 1 0 0.00 0.0 0 2.5 10 230 M M 1 128 17 240
5 80 56 68 3 0 3 0.00 0.0 0 2.9 9 90 M M 5 12 170
6 83 59 71 6 0 6 0.00 0.0 0 5.0 13 250 M M 2 12 16 220
7 77 62 70 6 0 5 0.00 0.0 0 5.3 10 360 M M 4 12 13 350
8 85 63 74 10 0 9 0.02 0.0 0 6.9 17 250 M M 1 1 20 250
9 81 65 73 9 0 8 0.00 0.0 0 3.6 12 10 M M 4 1 14 20
10 84 62 73 9 0 8 0.00 0.0 0 2.8 12 110 M M 0 1 13 100
11 85 62 74 10 0 9 0.00 0.0 0 3.8 12 210 M M 1 12 18 250
12 83 64 74 10 0 9 0.01 0.0 0 5.4 16 20 M M 5 1 19 20
13 83 64 74 10 0 9 T 0.0 0 7.3 14 50 M M 2 1 17 10
14 81 67 74 11 0 9 0.00 0.0 0 8.1 17 60 M M 7 1 21 80
15 76 65 71 8 0 6 0.53 0.0 0 7.6 18 70 M M 6 1 24 60
16 83 67 75 12 0 10 0.03 0.0 0 5.2 15 110 M M 5 1 19 120
17 83 63 73 10 0 8 0.00 0.0 0 4.5 14 100 M M 2 12 18 140
18 84 63 74 11 0 9 0.00 0.0 0 4.6 14 150 M M 2 1 17 140
19 85 72 79 17 0 14 T 0.0 0 8.4 20 300 M M 4 25 310
20 76 65 71 9 0 6 0.63 0.0 0 10.8 18 20 M M 9 138 23 30
21 73 57 65 3 0 0 1.12 0.0 0 10.7 20 290 M M 10 1 23 60
22 66 50 58 -4 7 0 0.00 0.0 0 10.5 20 300 M M 5 24 300
23 73 47 60 -2 5 0 0.00 0.0 0 7.4 13 30 M M 1 16 20
24 78 53 66 4 0 1 0.00 0.0 0 4.3 12 130 M M 2 15 120
25 79 54 67 5 0 2 0.00 0.0 0 5.7 16 230 M M 1 21 230
26 80 58 69 7 0 4 0.00 0.0 0 6.9 16 290 M M 1 20 290
27 78 58 68 7 0 3 0.00 0.0 0 2.3 10 300 M M 1 1 12 280
28 82 57 70 9 0 5 0.00 0.0 0 5.3 15 220 M M 2 12 17 220
29 84 63 74 13 0 9 0.00 0.0 0 6.0 15 200 M M 0 20 210
30 82 61 72 11 0 7 0.00 0.0 0 4.0 12 220 M M 3 128 16 200
31 84 65 75 14 0 10 0.00 0.0 0 4.7 9 240 M M 3 128 12 210
================================================================================
SM 2477 1850 13 169 2.34 0.0 175.3 M 91
================================================================================
AV 79.9 59.7 5.7 FASTST M M 3 MAX(MPH)
MISC ----> # 20 300 25 310
================================================================================
NOTES:
# LAST OF SEVERAL OCCURRENCES
COLUMN 17 PEAK WIND IN M.P.H.
PRELIMINARY LOCAL CLIMATOLOGICAL DATA (WS FORM: F-6) , PAGE 2
STATION: SANFORD
MONTH: DECEMBER
YEAR: 2021
LATITUDE: 28 46 N
LONGITUDE: 81 15 W
[TEMPERATURE DATA] [PRECIPITATION DATA] SYMBOLS USED IN COLUMN 16
AVERAGE MONTHLY: 69.8 TOTAL FOR MONTH: 2.34 1 = FOG OR MIST
DPTR FM NORMAL: 6.7 DPTR FM NORMAL: 0.10 2 = FOG REDUCING VISIBILITY
HIGHEST: 85 ON 19,11 GRTST 24HR 1.74 ON 20-21 TO 1/4 MILE OR LESS
LOWEST: 47 ON 23 3 = THUNDER
SNOW, ICE PELLETS, HAIL 4 = ICE PELLETS
TOTAL MONTH: 0.0 INCH 5 = HAIL
GRTST 24HR 0.0 6 = FREEZING RAIN OR DRIZZLE
GRTST DEPTH: 0 7 = DUSTSTORM OR SANDSTORM:
VSBY 1/2 MILE OR LESS
8 = SMOKE OR HAZE
[NO. OF DAYS WITH] [WEATHER - DAYS WITH] 9 = BLOWING SNOW
X = TORNADO
MAX 32 OR BELOW: 0 0.01 INCH OR MORE: 6
MAX 90 OR ABOVE: 0 0.10 INCH OR MORE: 3
MIN 32 OR BELOW: 0 0.50 INCH OR MORE: 3
MIN 0 OR BELOW: 0 1.00 INCH OR MORE: 1
[HDD (BASE 65) ]
TOTAL THIS MO. 13 CLEAR (SCALE 0-3) 19
DPTR FM NORMAL -123 PTCLDY (SCALE 4-7) 10
TOTAL FM JUL 1 57 CLOUDY (SCALE 8-10) 2
DPTR FM NORMAL -130
[CDD (BASE 65) ]
TOTAL THIS MO. 169
DPTR FM NORMAL 93 [PRESSURE DATA]
TOTAL FM JAN 1 3809 HIGHEST SLP M ON M
DPTR FM NORMAL 253 LOWEST SLP 29.62 ON 21
[REMARKS]
#FINAL-12-21#