000
CXUS52 KMLB 010632
CF6SFB
PRELIMINARY LOCAL CLIMATOLOGICAL DATA (WS FORM: F-6)
STATION: SANFORD
MONTH: APRIL
YEAR: 2021
LATITUDE: 28 46 N
LONGITUDE: 81 15 W
TEMPERATURE IN F: :PCPN: SNOW: WIND :SUNSHINE: SKY :PK WND
================================================================================
1 2 3 4 5 6A 6B 7 8 9 10 11 12 13 14 15 16 17 18
12Z AVG MX 2MIN
DY MAX MIN AVG DEP HDD CDD WTR SNW DPTH SPD SPD DIR MIN PSBL S-S WX SPD DR
================================================================================
1 74 56 65 -4 0 0 0.00 0.0 0 10.5 22 350 M M 4 27 350
2 64 50 57 -12 8 0 0.00 0.0 0 15.2 24 40 M M 0 32 30
3 73 50 62 -7 3 0 0.00 0.0 0 11.1 22 40 M M 7 27 50
4 75 54 65 -5 0 0 0.00 0.0 0 6.8 16 80 M M 5 18 70
5 80 52 66 -4 0 1 0.00 0.0 0 4.7 16 100 M M 1 20 80
6 83 54 69 -1 0 4 0.00 0.0 0 4.6 16 110 M M 1 23 90
7 84 56 70 0 0 5 0.00 0.0 0 5.8 18 80 M M 0 23 80
8 85 60 73 3 0 8 0.00 0.0 0 7.2 14 110 M M 0 17 140
9 87 62 75 5 0 10 0.00 0.0 0 8.9 22 120 M M 0 26 120
10 92 64 78 8 0 13 T 0.0 0 11.9 38 280 M M 2 3 49 280
11 68 60 64 -7 1 0 1.80 0.0 0 7.8 21 130 M M 6 13 27 360
12 84 60 72 1 0 7 0.00 0.0 0 7.2 13 300 M M 3 17 290
13 90 58 74 3 0 9 0.00 0.0 0 7.2 16 40 M M 0 21 50
14 86 62 74 3 0 9 0.00 0.0 0 6.8 15 170 M M 0 1 19 140
15 87 68 78 7 0 13 0.00 0.0 0 9.1 26 280 M M 2 35 290
16 82 65 74 2 0 9 0.15 0.0 0 5.5 16 270 M M 7 13 20 260
17 87 65 76 4 0 11 0.05 0.0 0 7.7 18 260 M M 5 13 24 270
18 82 66 74 2 0 9 0.25 0.0 0 6.0 17 320 M M 6 13 23 360
19 74 63 69 -3 0 4 0.90 0.0 0 4.0 17 320 M M 7 13 21 320
20 70 64 67 -5 0 2 0.26 0.0 0 5.1 16 80 M M 8 13 20 60
21 84 64 74 2 0 9 0.03 0.0 0 7.7 16 250 M M 4 1 21 290
22 76 59 68 -4 0 3 0.00 0.0 0 10.2 17 50 M M 0 23 350
23 79 59 69 -4 0 4 0.00 0.0 0 9.8 18 90 M M 2 24 90
24 88 63 76 3 0 11 0.00 0.0 0 11.8 20 190 M M 2 27 190
25 88 66 77 4 0 12 0.09 0.0 0 10.5 20 260 M M 3 13 26 210
26 83 62 73 0 0 8 0.00 0.0 0 7.8 21 70 M M 1 26 70
27 81 62 72 -1 0 7 0.00 0.0 0 8.6 18 100 M M 2 23 110
28 84 62 73 -1 0 8 0.00 0.0 0 6.5 16 140 M M 2 22 120
29 89 66 78 4 0 13 0.00 0.0 0 6.9 17 280 M M 1 21 280
30 89 69 79 5 0 14 0.00 0.0 0 9.1 18 290 M M 2 23 280
================================================================================
SM 2448 1821 12 203 3.53 0.0 242.0 M 83
================================================================================
AV 81.6 60.7 8.1 FASTST M M 3 MAX(MPH)
MISC ----> 38 280 49 280
================================================================================
NOTES:
# LAST OF SEVERAL OCCURRENCES
COLUMN 17 PEAK WIND IN M.P.H.
PRELIMINARY LOCAL CLIMATOLOGICAL DATA (WS FORM: F-6) , PAGE 2
STATION: SANFORD
MONTH: APRIL
YEAR: 2021
LATITUDE: 28 46 N
LONGITUDE: 81 15 W
[TEMPERATURE DATA] [PRECIPITATION DATA] SYMBOLS USED IN COLUMN 16
AVERAGE MONTHLY: 71.2 TOTAL FOR MONTH: 3.53 1 = FOG OR MIST
DPTR FM NORMAL: -0.2 DPTR FM NORMAL: 1.08 2 = FOG REDUCING VISIBILITY
HIGHEST: 92 ON 10 GRTST 24HR 1.80 ON 10-11 TO 1/4 MILE OR LESS
LOWEST: 50 ON 3, 2 3 = THUNDER
SNOW, ICE PELLETS, HAIL 4 = ICE PELLETS
TOTAL MONTH: 0.0 INCH 5 = HAIL
GRTST 24HR 0.0 6 = FREEZING RAIN OR DRIZZLE
GRTST DEPTH: 0 7 = DUSTSTORM OR SANDSTORM:
VSBY 1/2 MILE OR LESS
8 = SMOKE OR HAZE
[NO. OF DAYS WITH] [WEATHER - DAYS WITH] 9 = BLOWING SNOW
X = TORNADO
MAX 32 OR BELOW: 0 0.01 INCH OR MORE: 8
MAX 90 OR ABOVE: 2 0.10 INCH OR MORE: 5
MIN 32 OR BELOW: 0 0.50 INCH OR MORE: 2
MIN 0 OR BELOW: 0 1.00 INCH OR MORE: 1
[HDD (BASE 65) ]
TOTAL THIS MO. 12 CLEAR (SCALE 0-3) 20
DPTR FM NORMAL -3 PTCLDY (SCALE 4-7) 10
TOTAL FM JUL 1 480 CLOUDY (SCALE 8-10) 0
DPTR FM NORMAL -118
[CDD (BASE 65) ]
TOTAL THIS MO. 203
DPTR FM NORMAL -5 [PRESSURE DATA]
TOTAL FM JAN 1 570 HIGHEST SLP M ON M
DPTR FM NORMAL 158 LOWEST SLP 29.68 ON 11
[REMARKS]
#FINAL-04-21#