000
CXUS52 KMLB 011134
CF6SFB
PRELIMINARY LOCAL CLIMATOLOGICAL DATA (WS FORM: F-6)
STATION: SANFORD
MONTH: AUGUST
YEAR: 2020
LATITUDE: 28 46 N
LONGITUDE: 81 15 W
TEMPERATURE IN F: :PCPN: SNOW: WIND :SUNSHINE: SKY :PK WND
================================================================================
1 2 3 4 5 6A 6B 7 8 9 10 11 12 13 14 15 16 17 18
12Z AVG MX 2MIN
DY MAX MIN AVG DEP HDD CDD WTR SNW DPTH SPD SPD DIR MIN PSBL S-S WX SPD DR
================================================================================
1 95 78 87 3 0 22 0.00 0.0 0 5.8 16 70 M M 1 18 80
2 88 77 83 -1 0 18 0.16 0.0 0 11.1 23 60 M M 4 1 31 110
3 93 78 86 2 0 21 0.00 0.0 0 11.1 20 270 M M 4 25 290
4 97 76 87 3 0 22 1.11 0.0 0 4.4 28 80 M M 3 13 34 120
5 93 75 84 0 0 19 0.51 0.0 0 4.3 28 150 M M 2 13 34 150
6 94 75 85 1 0 20 0.19 0.0 0 4.5 20 350 M M 1 13 27 340
7 95 74 85 1 0 20 0.03 0.0 0 4.2 29 290 M M 2 138 38 290
8 95 75 85 1 0 20 T 0.0 0 4.5 14 90 M M 1 3 16 100
9 95 75 85 1 0 20 0.12 0.0 0 5.9 33 360 M M 2 138 45 360
10 94 75 85 2 0 20 0.00 0.0 0 3.8 17 100 M M 1 3 21 100
11 94 77 86 3 0 21 T 0.0 0 3.3 21 350 M M 1 3 26 360
12 94 76 85 2 0 20 0.01 0.0 0 3.7 23 160 M M 1 3 30 150
13 92 78 85 2 0 20 0.07 0.0 0 5.7 17 60 M M 1 3 24 320
14 95 78 87 4 0 22 T 0.0 0 6.7 24 290 M M 1 38 35 260
15 96 78 87 4 0 22 0.00 0.0 0 5.5 16 280 M M 2 3 19 280
16 96 78 87 4 0 22 0.00 0.0 0 6.6 20 210 M M 1 3 25 200
17 93 76 85 2 0 20 0.04 0.0 0 4.5 18 200 M M 1 3 25 190
18 95 73 84 1 0 19 0.48 0.0 0 6.9 36 240 M M 3 138 45 230
19 90 73 82 -1 0 17 T 0.0 0 5.9 15 230 M M 1 18 220
20 92 74 83 0 0 18 0.33 0.0 0 4.6 21 180 M M 2 13 31 160
21 90 72 81 -2 0 16 1.21 0.0 0 6.1 46 280 M M 2 1238 59 280
22 91 75 83 0 0 18 0.10 0.0 0 5.3 22 80 M M 3 13 27 100
23 93 76 85 2 0 20 0.01 0.0 0 8.5 22 130 M M 2 3 24 130
24 94 79 87 4 0 22 0.01 0.0 0 11.8 25 120 M M 4 3 30 120
25 94 80 87 5 0 22 T 0.0 0 10.6 24 90 M M 2 27 90
26 94 78 86 4 0 21 0.00 0.0 0 8.0 17 110 M M 2 21 80
27 92 77 85 3 0 20 0.78 0.0 0 5.5 25 180 M M 3 123 32 180
28 94 77 86 4 0 21 0.00 0.0 0 5.7 12 240 M M 2 3 14 230
29 94 76 85 3 0 20 0.37 0.0 0 6.4 26 280 M M 2 18 33 280
30 86 75 81 -1 0 16 0.76 0.0 0 7.5 25 290 M M 5 138 32 270
31 87 75 81 -1 0 16 0.64 0.0 0 6.7 23 290 M M 3 13 28 300
================================================================================
SM 2885 2359 0 615 6.93 0.0 195.1 M 65
================================================================================
AV 93.1 76.1 6.3 FASTST M M 2 MAX(MPH)
MISC ----> 46 280 59 280
================================================================================
NOTES:
# LAST OF SEVERAL OCCURRENCES
COLUMN 17 PEAK WIND IN M.P.H.
PRELIMINARY LOCAL CLIMATOLOGICAL DATA (WS FORM: F-6) , PAGE 2
STATION: SANFORD
MONTH: AUGUST
YEAR: 2020
LATITUDE: 28 46 N
LONGITUDE: 81 15 W
[TEMPERATURE DATA] [PRECIPITATION DATA] SYMBOLS USED IN COLUMN 16
AVERAGE MONTHLY: 84.6 TOTAL FOR MONTH: 6.93 1 = FOG OR MIST
DPTR FM NORMAL: 1.5 DPTR FM NORMAL: -0.20 2 = FOG REDUCING VISIBILITY
HIGHEST: 97 ON 4 GRTST 24HR 1.60 ON 4- 5 TO 1/4 MILE OR LESS
LOWEST: 72 ON 21 3 = THUNDER
SNOW, ICE PELLETS, HAIL 4 = ICE PELLETS
TOTAL MONTH: 0.0 INCH 5 = HAIL
GRTST 24HR 0.0 6 = FREEZING RAIN OR DRIZZLE
GRTST DEPTH: 0 7 = DUSTSTORM OR SANDSTORM:
VSBY 1/2 MILE OR LESS
8 = SMOKE OR HAZE
[NO. OF DAYS WITH] [WEATHER - DAYS WITH] 9 = BLOWING SNOW
X = TORNADO
MAX 32 OR BELOW: 0 0.01 INCH OR MORE: 19
MAX 90 OR ABOVE: 28 0.10 INCH OR MORE: 13
MIN 32 OR BELOW: 0 0.50 INCH OR MORE: 6
MIN 0 OR BELOW: 0 1.00 INCH OR MORE: 2
[HDD (BASE 65) ]
TOTAL THIS MO. 0 CLEAR (SCALE 0-3) 27
DPTR FM NORMAL 0 PTCLDY (SCALE 4-7) 4
TOTAL FM JUL 1 0 CLOUDY (SCALE 8-10) 0
DPTR FM NORMAL 0
[CDD (BASE 65) ]
TOTAL THIS MO. 615
DPTR FM NORMAL 56 [PRESSURE DATA]
TOTAL FM JAN 1 2965 HIGHEST SLP 30.17 ON 9
DPTR FM NORMAL 549 LOWEST SLP 29.76 ON 3
[REMARKS]
#FINAL-08-20#