000
CXUS56 KMTR 010900
CF6SFD
PRELIMINARY LOCAL CLIMATOLOGICAL DATA (WS FORM: F-6)
STATION: SAN FRANCISCO DWTN CA
MONTH: AUGUST
YEAR: 2022
LATITUDE: 37 46 N
LONGITUDE: 122 26 W
TEMPERATURE IN F: :PCPN: SNOW: WIND :SUNSHINE: SKY :PK WND
================================================================================
1 2 3 4 5 6A 6B 7 8 9 10 11 12 13 14 15 16 17 18
12Z AVG MX 2MIN
DY MAX MIN AVG DEP HDD CDD WTR SNW DPTH SPD SPD DIR MIN PSBL S-S WX SPD DR
================================================================================
1 69 57 63 2 2 0 0.00 M 0 M M M M M M M M
2 71 57 64 3 1 0 0.00 M 0 M M M M M M M M
3 66 57 62 1 3 0 0.00 M 0 M M M M M M M M
4 69 59 64 3 1 0 0.00 M 0 M M M M M M M M
5 70 60 65 4 0 0 0.00 M 0 M M M M M M M M
6 69 61 65 4 0 0 0.00 M 0 M M M M M M M M
7 68 61 65 4 0 0 0.00 M 0 M M M M M M M M
8 68 59 64 3 1 0 0.00 M 0 M M M M M M M M
9 70 60 65 4 0 0 0.00 M 0 M M M M M M M M
10 71 60 66 5 0 1 0.00 M 0 M M M M M M M M
11 68 60 64 3 1 0 0.00 M 0 M M M M M M M M
12 70 59 65 3 0 0 0.00 M 0 M M M M M M M M
13 71 57 64 2 1 0 0.00 M 0 M M M M M M M M
14 72 56 64 2 1 0 0.00 M 0 M M M M M M M M
15 72 56 64 2 1 0 0.00 M 0 M M M M M M M M
16 74 56 65 3 0 0 0.00 M 0 M M M M M M M M
17 68 55 62 0 3 0 0.00 M 0 M M M M M M M M
18 65 53 59 -3 6 0 0.00 M 0 M M M M M M M M
19 66 55 61 -1 4 0 0.00 M 0 M M M M M M M M
20 69 56 63 1 2 0 0.00 M 0 M M M M M M M M
21 70 55 63 1 2 0 0.00 M 0 M M M M M M M M
22 71 55 63 1 2 0 0.00 M 0 M M M M M M M M
23 72 57 65 3 0 0 0.00 M 0 M M M M M M M M
24 65 55 60 -2 5 0 0.00 M 0 M M M M M M M M
25 68 57 63 1 2 0 0.00 M 0 M M M M M M M M
26 68 56 62 0 3 0 0.00 M 0 M M M M M M M M
27 70 55 63 1 2 0 0.00 M 0 M M M M M M M M
28 69 58 64 2 1 0 0.00 M 0 M M M M M M M M
29 67 59 63 1 2 0 0.00 M 0 M M M M M M M M
30 67 58 63 1 2 0 0.00 M 0 M M M M M M M M
31 66 58 62 0 3 0 0.00 M 0 M M M M M M M M
================================================================================
SM 2139 1777 51 1 0.00 M M M M
================================================================================
AV 69.0 57.3 M FASTST M M M MAX(MPH)
MISC ----> M M M M
================================================================================
NOTES:
# LAST OF SEVERAL OCCURRENCES
COLUMN 17 PEAK WIND IN M.P.H.
PRELIMINARY LOCAL CLIMATOLOGICAL DATA (WS FORM: F-6) , PAGE 2
STATION: SAN FRANCISCO DWTN CA
MONTH: AUGUST
YEAR: 2022
LATITUDE: 37 46 N
LONGITUDE: 122 26 W
[TEMPERATURE DATA] [PRECIPITATION DATA] SYMBOLS USED IN COLUMN 16
AVERAGE MONTHLY: 63.2 TOTAL FOR MONTH: 0.00 1 = FOG OR MIST
DPTR FM NORMAL: 1.5 DPTR FM NORMAL: -0.06 2 = FOG REDUCING VISIBILITY
HIGHEST: 74 ON 16 GRTST 24HR 0.00 ON 2- 2 TO 1/4 MILE OR LESS
LOWEST: 53 ON 18 3 = THUNDER
SNOW, ICE PELLETS, HAIL 4 = ICE PELLETS
TOTAL MONTH: M 5 = HAIL
GRTST 24HR M ON M 6 = FREEZING RAIN OR DRIZZLE
GRTST DEPTH: 0 7 = DUSTSTORM OR SANDSTORM:
VSBY 1/2 MILE OR LESS
8 = SMOKE OR HAZE
[NO. OF DAYS WITH] [WEATHER - DAYS WITH] 9 = BLOWING SNOW
X = TORNADO
MAX 32 OR BELOW: 0 0.01 INCH OR MORE: 0
MAX 90 OR ABOVE: 0 0.10 INCH OR MORE: 0
MIN 32 OR BELOW: 0 0.50 INCH OR MORE: 0
MIN 0 OR BELOW: 0 1.00 INCH OR MORE: 0
[HDD (BASE 65) ]
TOTAL THIS MO. 51 CLEAR (SCALE 0-3) 0
DPTR FM NORMAL -67 PTCLDY (SCALE 4-7) 0
TOTAL FM JUL 1 215 CLOUDY (SCALE 8-10) 31
DPTR FM NORMAL -56
[CDD (BASE 65) ]
TOTAL THIS MO. 1
DPTR FM NORMAL -15 [PRESSURE DATA]
TOTAL FM JAN 1 35 HIGHEST SLP M ON M
DPTR FM NORMAL -15 LOWEST SLP 9999.00 ON 2
[REMARKS]
#FINAL-08-22#