000
CXUS55 KBYZ 011100
CF6SHR
PRELIMINARY LOCAL CLIMATOLOGICAL DATA (WS FORM: F-6)
STATION: SHERIDAN WY
MONTH: FEBRUARY
YEAR: 2023
LATITUDE: 44 46 N
LONGITUDE: 106 58 W
TEMPERATURE IN F: :PCPN: SNOW: WIND :SUNSHINE: SKY :PK WND
================================================================================
1 2 3 4 5 6A 6B 7 8 9 10 11 12 13 14 15 16 17 18
12Z AVG MX 2MIN
DY MAX MIN AVG DEP HDD CDD WTR SNW DPTH SPD SPD DIR MIN PSBL S-S WX SPD DR
================================================================================
1 34 0 17 -7 48 0 0.00 M M 2.3 9 200 M M 4 12 320
2 45 12 29 5 36 0 0.00 M M 3.8 20 250 M M 4 18 23 250
3 51 23 37 13 28 0 0.00 M M 6.7 24 240 M M 0 28 240
4 50 19 35 11 30 0 0.00 M M 6.4 30 270 M M 0 37 270
5 41 13 27 3 38 0 0.00 M M 3.7 14 340 M M 5 19 290
6 41 21 31 7 34 0 T M M 12.3 31 320 M M 6 18 37 300
7 48 18 33 9 32 0 0.00 M M 2.6 12 160 M M 0 14 170
8 43 22 33 8 32 0 0.04 M M 13.3 37 310 M M 5 128 44 320
9 37 10 24 -1 41 0 0.01 M M 8.9 31 300 M M 3 18 37 300
10 44 9 27 2 38 0 0.00 M M 2.2 9 340 M M 0 10 340
11 44 12 28 3 37 0 0.00 M M 2.8 8 190 M M 0 9 180
12 45 14 30 5 35 0 0.00 M M 2.8 13 140 M M 0 16 140
13 44 20 32 7 33 0 0.00 M M 5.1 18 330 M M 0 23 320
14 40 12 26 1 39 0 0.41 M M 20.2 33 310 M M 10 128 41 310
15 22 -2 10 -16 55 0 0.00 M M 5.9 23 340 M M 1 27 340
16 33 1 17 -9 48 0 0.00 M M 4.2 14 160 M M 0 16 170
17 34 8 21 -5 44 0 0.00 M M 3.3 12 330 M M 0 12 340
18 40 3 22 -4 43 0 0.00 M M 4.1 15 320 M M 4 19 330
19 39 14 27 0 38 0 0.02 M M 8.5 22 270 M M 8 1 28 270
20 35 18 27 0 38 0 0.31 M M 10.4 23 300 M M 8 12 27 300
21 49 9 29 2 36 0 0.29 M M 16.0 40 270 M M 9 128 46 260
22 9 -12 -1 -28 66 0 0.27 M M 6.7 12 40 M M 10 8 13 70
23 0 -21 -10 -38 75 0 0.00 M M 2.0 8 120 M M 3 18 9 130
24 8 -25 -8 -36 73 0 0.00 M M 2.2 12 220 M M 0 14 360
25 44 4 24 -4 41 0 0.00 M M 4.8 18 230 M M 0 22 220
26 45 11 28 -1 37 0 0.00 M M 3.9 13 20 M M 0 15 160
27 38 19 29 0 36 0 0.00 M M 7.2 18 280 M M 5 8 20 270
28 34 12 23 -7 42 0 0.00 M M 7.8 24 280 M M 5 128 31 280
================================================================================
SM 1037 244 1173 0 1.35 M 180.1 M 90
================================================================================
AV 37.0 8.7 6.4 FASTST M M 3 MAX(MPH)
MISC ----> 40 270 46 260
================================================================================
NOTES:
# LAST OF SEVERAL OCCURRENCES
COLUMN 17 PEAK WIND IN M.P.H.
PRELIMINARY LOCAL CLIMATOLOGICAL DATA (WS FORM: F-6) , PAGE 2
STATION: SHERIDAN WY
MONTH: FEBRUARY
YEAR: 2023
LATITUDE: 44 46 N
LONGITUDE: 106 58 W
[TEMPERATURE DATA] [PRECIPITATION DATA] SYMBOLS USED IN COLUMN 16
AVERAGE MONTHLY: 22.9 TOTAL FOR MONTH: 1.35 1 = FOG OR MIST
DPTR FM NORMAL: -3.1 DPTR FM NORMAL: 0.70 2 = FOG REDUCING VISIBILITY
HIGHEST: 51 ON 3 GRTST 24HR 0.41 ON 14-14 TO 1/4 MILE OR LESS
LOWEST: -25 ON 24 3 = THUNDER
SNOW, ICE PELLETS, HAIL 4 = ICE PELLETS
TOTAL MONTH: M 5 = HAIL
GRTST 24HR M ON M 6 = FREEZING RAIN OR DRIZZLE
GRTST DEPTH: M ON M 7 = DUSTSTORM OR SANDSTORM:
VSBY 1/2 MILE OR LESS
8 = SMOKE OR HAZE
[NO. OF DAYS WITH] [WEATHER - DAYS WITH] 9 = BLOWING SNOW
X = TORNADO
MAX 32 OR BELOW: 4 0.01 INCH OR MORE: 7
MAX 90 OR ABOVE: 0 0.10 INCH OR MORE: 4
MIN 32 OR BELOW: 28 0.50 INCH OR MORE: 0
MIN 0 OR BELOW: 5 1.00 INCH OR MORE: 0
[HDD (BASE 65) ]
TOTAL THIS MO. 1173 CLEAR (SCALE 0-3) 14
DPTR FM NORMAL 83 PTCLDY (SCALE 4-7) 11
TOTAL FM JUL 1 5558 CLOUDY (SCALE 8-10) 3
DPTR FM NORMAL 110
[CDD (BASE 65) ]
TOTAL THIS MO. 0
DPTR FM NORMAL 0 [PRESSURE DATA]
TOTAL FM JAN 1 0 HIGHEST SLP 30.58 ON 23
DPTR FM NORMAL 0 LOWEST SLP 29.22 ON 21
[REMARKS]
#FINAL-02-23#