000
CXUS55 KBYZ 011000
CF6SHR
PRELIMINARY LOCAL CLIMATOLOGICAL DATA (WS FORM: F-6)
STATION: SHERIDAN WY
MONTH: APRIL
YEAR: 2022
LATITUDE: 44 46 N
LONGITUDE: 106 58 W
TEMPERATURE IN F: :PCPN: SNOW: WIND :SUNSHINE: SKY :PK WND
================================================================================
1 2 3 4 5 6A 6B 7 8 9 10 11 12 13 14 15 16 17 18
12Z AVG MX 2MIN
DY MAX MIN AVG DEP HDD CDD WTR SNW DPTH SPD SPD DIR MIN PSBL S-S WX SPD DR
================================================================================
1 52 26 39 -1 26 0 T M M 10.9 25 340 M M 5 1 32 340
2 65 21 43 2 22 0 0.00 M M 9.9 51 320 M M 2 63 320
3 55 31 43 2 22 0 0.00 M M 11.7 30 300 M M 0 37 300
4 60 24 42 1 23 0 0.08 M M 9.2 47 310 M M 3 1 57 310
5 47 30 39 -2 26 0 0.02 M M 25.3 40 310 M M 5 1 52 310
6 49 33 41 0 24 0 T M M 29.3 49 330 M M 9 8 66 320
7 53 24 39 -3 26 0 T M M 13.7 31 340 M M 3 38 360
8 73 19 46 4 19 0 0.00 M M 3.4 14 140 M M 0 20 160
9 69 34 52 10 13 0 T M M 13.3 33 320 M M 8 39 320
10 45 27 36 -6 29 0 0.09 M M 11.1 29 280 M M 8 1 35 290
11 43 23 33 -9 32 0 0.15 M M 5.5 18 150 M M 8 1 23 140
12 32 12 22 -20 43 0 0.60 M M 22.1 38 300 M M 10 128 44 300
13 21 9 15 -27 50 0 0.03 M M 24.2 43 330 M M 3 89 49 330
14 26 6 16 -27 49 0 0.03 M M 8.1 18 310 M M 3 1 21 330
15 26 15 21 -22 44 0 0.05 M M 3.4 8 320 M M 10 18 10 330
16 47 10 29 -14 36 0 0.00 M M 10.3 38 320 M M 0 43 320
17 44 28 36 -7 29 0 T M M 18.5 37 330 M M 7 1 45 330
18 56 28 42 -2 23 0 0.00 M M 9.9 23 140 M M 3 30 140
19 72 33 53 9 12 0 0.01 M M 10.1 32 260 M M 4 40 270
20 54 28 41 -3 24 0 T M M 10.3 26 260 M M 4 32 270
21 71 28 50 6 15 0 0.00 M M 10.5 29 310 M M 1 37 300
22 65 34 50 6 15 0 0.07 M M 13.2 38 320 M M 4 1 44 310
23 36 33 35 -10 30 0 0.49 M M 31.3 47 310 M M 10 1 58 300
24 49 26 38 -7 27 0 0.01 M M 16.6 32 310 M M 3 1 40 310
25 60 23 42 -3 23 0 0.00 M M 3.8 15 130 M M 0 22 140
26 69 28 49 3 16 0 0.00 M M 6.9 18 270 M M 0 24 260
27 64 41 53 7 12 0 0.01 M M 9.1 31 300 M M 2 36 300
28 61 33 47 1 18 0 0.27 M M 6.2 18 270 M M 4 1 24 310
29 46 40 43 -3 22 0 0.60 M M 19.8 39 310 M M 10 1 48 310
30 58 33 46 -1 19 0 0.00 M M 9.2 21 330 M M 5 26 330
================================================================================
SM 1568 780 769 0 2.51 M 386.8 M 134
================================================================================
AV 52.3 26.0 12.9 FASTST M M 4 MAX(MPH)
MISC ----> 51 320 66 320
================================================================================
NOTES:
# LAST OF SEVERAL OCCURRENCES
COLUMN 17 PEAK WIND IN M.P.H.
PRELIMINARY LOCAL CLIMATOLOGICAL DATA (WS FORM: F-6) , PAGE 2
STATION: SHERIDAN WY
MONTH: APRIL
YEAR: 2022
LATITUDE: 44 46 N
LONGITUDE: 106 58 W
[TEMPERATURE DATA] [PRECIPITATION DATA] SYMBOLS USED IN COLUMN 16
AVERAGE MONTHLY: 39.1 TOTAL FOR MONTH: 2.51 1 = FOG OR MIST
DPTR FM NORMAL: -4.1 DPTR FM NORMAL: 0.64 2 = FOG REDUCING VISIBILITY
HIGHEST: 73 ON 8 GRTST 24HR 4.22 ON 11-12 TO 1/4 MILE OR LESS
LOWEST: 6 ON 14 3 = THUNDER
SNOW, ICE PELLETS, HAIL 4 = ICE PELLETS
TOTAL MONTH: M 5 = HAIL
GRTST 24HR M ON M 6 = FREEZING RAIN OR DRIZZLE
GRTST DEPTH: M ON M 7 = DUSTSTORM OR SANDSTORM:
VSBY 1/2 MILE OR LESS
8 = SMOKE OR HAZE
[NO. OF DAYS WITH] [WEATHER - DAYS WITH] 9 = BLOWING SNOW
X = TORNADO
MAX 32 OR BELOW: 4 0.01 INCH OR MORE: 15
MAX 90 OR ABOVE: 0 0.10 INCH OR MORE: 5
MIN 32 OR BELOW: 21 0.50 INCH OR MORE: 2
MIN 0 OR BELOW: 0 1.00 INCH OR MORE: 0
[HDD (BASE 65) ]
TOTAL THIS MO. 769 CLEAR (SCALE 0-3) 12
DPTR FM NORMAL 115 PTCLDY (SCALE 4-7) 13
TOTAL FM JUL 1 6415 CLOUDY (SCALE 8-10) 5
DPTR FM NORMAL -595
[CDD (BASE 65) ]
TOTAL THIS MO. 0
DPTR FM NORMAL 0 [PRESSURE DATA]
TOTAL FM JAN 1 0 HIGHEST SLP 30.53 ON 7
DPTR FM NORMAL 0 LOWEST SLP 29.23 ON 4
[REMARKS]
#FINAL-04-22#