000
CXUS56 KMTR 010842
CLMSJC
CLIMATE REPORT
NATIONAL WEATHER SERVICE SAN FRANCISCO BAY AREA
142 AM PDT TUE AUG 01 2023
...................................
...THE SAN JOSE AIRPORT CLIMATE SUMMARY FOR THE MONTH OF JULY 2023...
CLIMATE NORMAL PERIOD: 1991 TO 2020
CLIMATE RECORD PERIOD: 1893 TO 2023
WEATHER OBSERVED NORMAL DEPART LAST YEAR`S
VALUE DATE(S) VALUE FROM VALUE DATE(S)
NORMAL
................................................................
TEMPERATURE (F)
RECORD
HIGH 108 07/14/1972
07/07/1905
LOW 40 07/01/1896
07/30/1895
07/25/1893
HIGHEST 94 07/01 91 07/10
LOWEST 54 07/08 53 07/24
07/09
AVG. MAXIMUM 82.0 80.8 1.2 80.0
AVG. MINIMUM 58.2 58.1 0.1 58.8
MEAN 70.1 69.4
DAYS MAX >= 90 4 1
DAYS MAX <= 32 0 0
DAYS MIN <= 32 0 0
DAYS MIN <= 0 0 0
PRECIPITATION (INCHES)
TOTALS 0.00R 0.00 0.00 T
DAILY AVG. 0.00 0.00 0.00 T
DAYS >= .01 0 0
DAYS >= .10 0 0
DAYS >= .50 0 0
DAYS >= 1.00 0 0
GREATEST
24 HR. TOTAL 0.00 06/30 TO 06/30 T 07/31 TO 07/31
07/28 TO 07/28
07/31 TO 07/31
DEGREE DAYS
HEATING TOTAL 7 4 3 1
SINCE 7/1 7 0 7 MM
COOLING TOTAL 172 142 30 145
SINCE 1/1 240 286 -46 MM
................................................................
WIND (MPH)
AVERAGE WIND SPEED 7.0
RESULTANT WIND SPEED/DIRECTION 6/330
HIGHEST WIND SPEED/DIRECTION 20/320 DATE 07/08
20/320 07/09
HIGHEST GUST SPEED/DIRECTION 27/330 DATE 07/08
27/330 07/09
SKY COVER
POSSIBLE SUNSHINE (PERCENT) MM
AVERAGE SKY COVER 0.25
NUMBER OF DAYS FAIR 22
NUMBER OF DAYS PC 9
NUMBER OF DAYS CLOUDY 0
AVERAGE RH (PERCENT) 65
WEATHER CONDITIONS. NUMBER OF DAYS WITH
THUNDERSTORM 0 MIXED PRECIP 0
HEAVY RAIN 0 RAIN 0
LIGHT RAIN 0 FREEZING RAIN 0
LT FREEZING RAIN 0 HAIL 0
HEAVY SNOW 0 SNOW 0
LIGHT SNOW 0 SLEET 0
FOG 0 FOG W/VIS <= 1/4 MILE 0
HAZE 6
- INDICATES NEGATIVE NUMBERS.
R INDICATES RECORD WAS SET OR TIED.
MM INDICATES DATA IS MISSING.
T INDICATES TRACE AMOUNT.
$$