000
CXUS54 KSJT 011650
CF6SJT
PRELIMINARY LOCAL CLIMATOLOGICAL DATA (WS FORM: F-6)
STATION: SAN ANGELO
MONTH: JANUARY
YEAR: 2024
LATITUDE: 31 21 N
LONGITUDE: 100 30 W
TEMPERATURE IN F: :PCPN: SNOW: WIND :SUNSHINE: SKY :PK WND
================================================================================
1 2 3 4 5 6A 6B 7 8 9 10 11 12 13 14 15 16 17 18
12Z AVG MX 2MIN
DY MAX MIN AVG DEP HDD CDD WTR SNW DPTH SPD SPD DIR MIN PSBL S-S WX SPD DR
================================================================================
1 50 30 40 -7 25 0 0.00 0.0 0 5.2 12 80 M M 0 15 80
2 41 29 35 -12 30 0 T 0.0 0 4.5 10 20 M M 8 1 13 80
3 49 41 45 -2 20 0 0.00 0.0 0 4.4 12 130 M M 10 1 15 130
4 48 42 45 -2 20 0 0.10 0.0 0 8.7 20 150 M M 9 1 25 150
5 60 32 46 -1 19 0 0.00 0.0 0 9.9 25 290 M M 1 34 290
6 57 28 43 -4 22 0 0.00 0.0 0 4.9 21 290 M M 0 26 310
7 64 25 45 -2 20 0 0.00 0.0 0 13.3 33 170 M M 0 49 190
8 59 40 50 3 15 0 0.14 0.0 0 24.8 38 310 M M 8 18 54 160
9 53 30 42 -5 23 0 0.00 0.0 0 12.6 26 300 M M 0 36 320
10 68 30 49 2 16 0 0.00 0.0 0 10.8 21 260 M M 0 31 220
11 74 35 55 8 10 0 0.00 0.0 0 12.3 39 270 M M 1 8 53 260
12 57 29 43 -4 22 0 0.00 0.0 0 15.0 41 280 M M 1 8 59 280
13 66 24 45 -2 20 0 0.00 0.0 0 11.6 24 40 M M 0 33 30
14 24 11 18 -29 47 0 T 0.8 T 12.2 18 30 M M 8 1 24 40
15 31 11 21 -26 44 0 T 0.8 1 11.5 29 20 M M 5 1 36 30
16 31 15 23 -24 42 0 0.00 0.0 0 7.9 25 20 M M 0 30 20
17 53 18 36 -11 29 0 0.00 0.0 0 13.3 23 200 M M 0 33 200
18 77 34 56 9 9 0 0.00 0.0 0 9.8 22 280 M M 0 29 270
19 48 25 37 -10 28 0 0.00 0.0 0 14.0 30 20 M M 0 39 20
20 41 20 31 -17 34 0 0.00 0.0 0 8.6 15 80 M M 2 20 80
21 45 26 36 -12 29 0 0.15 0.0 0 6.9 18 160 M M 9 1 26 180
22 59 41 50 2 15 0 T 0.0 0 4.3 12 90 M M 7 12 16 170
23 64 45 55 7 10 0 0.10 0.0 0 5.7 17 110 M M 8 13 23 110
24 59 48 54 6 11 0 0.00 0.0 0 5.7 13 110 M M 9 12 17 110
25 70 39 55 7 10 0 0.00 0.0 M 6.1 20 230 M M 3 12 26 220
26 69 41 55 7 10 0 0.02 0.0 0 7.0 22 30 M M 4 1 28 30
27 63 37 50 2 15 0 0.00 0.0 0 9.9 22 350 M M 4 27 350
28 68 31 50 2 15 0 0.00 0.0 0 3.8 10 240 M M 0 17 280
29 70 32 51 3 14 0 0.00 0.0 0 5.9 14 200 M M 0 21 200
30 72 33 53 4 12 0 0.00 0.0 0 4.2 10 200 M M 0 16 200
31 73 33 53 4 12 0 0.00 0.0 0 5.8 15 140 M M 0 21 140
================================================================================
SM 1763 955 648 0 0.51 1.6 280.6 M 97
================================================================================
AV 56.9 30.8 9.1 FASTST M M 3 MAX(MPH)
MISC ----> 41 280 59 280
================================================================================
NOTES:
# LAST OF SEVERAL OCCURRENCES
COLUMN 17 PEAK WIND IN M.P.H.
PRELIMINARY LOCAL CLIMATOLOGICAL DATA (WS FORM: F-6) , PAGE 2
STATION: SAN ANGELO
MONTH: JANUARY
YEAR: 2024
LATITUDE: 31 21 N
LONGITUDE: 100 30 W
[TEMPERATURE DATA] [PRECIPITATION DATA] SYMBOLS USED IN COLUMN 16
AVERAGE MONTHLY: 43.8 TOTAL FOR MONTH: 0.51 1 = FOG OR MIST
DPTR FM NORMAL: -3.6 DPTR FM NORMAL: -0.41 2 = FOG REDUCING VISIBILITY
HIGHEST: 77 ON 18 GRTST 24HR 0.15 ON 21 TO 1/4 MILE OR LESS
LOWEST: 11 ON 15,14 3 = THUNDER
SNOW, ICE PELLETS, HAIL 4 = ICE PELLETS
TOTAL MONTH: 1.6 INCHES 5 = HAIL
GRTST 24HR 1.6 ON 14-15 6 = FREEZING RAIN OR DRIZZLE
GRTST DEPTH: 1 ON 15 7 = DUSTSTORM OR SANDSTORM:
VSBY 1/2 MILE OR LESS
8 = SMOKE OR HAZE
[NO. OF DAYS WITH] [WEATHER - DAYS WITH] 9 = BLOWING SNOW
X = TORNADO
MAX 32 OR BELOW: 3 0.01 INCH OR MORE: 5
MAX 90 OR ABOVE: 0 0.10 INCH OR MORE: 4
MIN 32 OR BELOW: 18 0.50 INCH OR MORE: 0
MIN 0 OR BELOW: 0 1.00 INCH OR MORE: 0
[HDD (BASE 65) ]
TOTAL THIS MO. 648 CLEAR (SCALE 0-3) 18
DPTR FM NORMAL 101 PTCLDY (SCALE 4-7) 9
TOTAL FM JUL 1 1435 CLOUDY (SCALE 8-10) 4
DPTR FM NORMAL 0
[CDD (BASE 65) ]
TOTAL THIS MO. 0
DPTR FM NORMAL -1 [PRESSURE DATA]
TOTAL FM JAN 1 0 HIGHEST SLP 30.60 ON 19
DPTR FM NORMAL -1 LOWEST SLP 29.47 ON 11
[REMARKS]
#FINAL-01-24#