000
CXUS54 KSJT 011100
CF6SJT
PRELIMINARY LOCAL CLIMATOLOGICAL DATA (WS FORM: F-6)
STATION: SAN ANGELO
MONTH: DECEMBER
YEAR: 2023
LATITUDE: 31 21 N
LONGITUDE: 100 30 W
TEMPERATURE IN F: :PCPN: SNOW: WIND :SUNSHINE: SKY :PK WND
================================================================================
1 2 3 4 5 6A 6B 7 8 9 10 11 12 13 14 15 16 17 18
12Z AVG MX 2MIN
DY MAX MIN AVG DEP HDD CDD WTR SNW DPTH SPD SPD DIR MIN PSBL S-S WX SPD DR
================================================================================
1 70 34 52 1 13 0 0.00 0.0 0 2.6 13 270 M M 0 16 270
2 69 39 54 3 11 0 0.05 0.0 0 9.2 28 260 M M 2 8 35 270
3 73 30 52 1 13 0 0.00 0.0 0 9.9 28 260 M M 0 36 250
4 68 29 49 -1 16 0 0.00 0.0 0 4.3 10 30 M M 0 14 110
5 70 31 51 1 14 0 0.00 0.0 0 2.4 8 20 M M 0 11 350
6 72 34 53 3 12 0 0.00 0.0 0 6.1 15 190 M M 1 22 170
7 70 51 61 11 4 0 0.00 0.0 0 15.0 26 190 M M 1 37 200
8 82 55 69 19 0 4 0.00 0.0 0 12.7 26 250 M M 2 34 240
9 63 40 52 3 13 0 0.00 0.0 0 11.3 25 10 M M 0 33 20
10 57 28 43 -6 22 0 0.00 0.0 0 6.9 14 260 M M 0 21 230
11 68 29 49 0 16 0 0.00 0.0 0 4.5 10 150 M M 0 15 160
12 61 32 47 -2 18 0 0.00 0.0 0 8.3 20 170 M M 6 28 160
13 59 49 54 5 11 0 0.11 0.0 0 9.8 21 150 M M 10 1 30 160
14 58 45 52 4 13 0 0.04 0.0 0 8.5 14 120 M M 10 1 20 120
15 59 42 51 3 14 0 1.20 0.0 0 6.5 18 360 M M 5 13 23 360
16 64 33 49 1 16 0 0.00 0.0 0 6.4 14 330 M M 0 19 340
17 70 34 52 4 13 0 0.00 0.0 0 6.8 17 220 M M 0 23 220
18 61 32 47 -1 18 0 0.00 0.0 0 5.0 14 60 M M 0 19 80
19 68 38 53 5 12 0 0.00 0.0 0 6.8 22 190 M M 0 30 200
20 67 47 57 9 8 0 0.00 0.0 0 7.6 20 190 M M 6 26 170
21 68 51 60 12 5 0 0.06 0.0 0 5.1 17 200 M M 6 1 24 190
22 71 51 61 14 4 0 0.00 0.0 M 5.6 12 230 M M 4 1 16 230
23 68 50 59 12 6 0 0.63 0.0 0 7.7 23 170 M M 9 13 32 170
24 66 44 55 8 10 0 0.07 0.0 0 12.6 26 290 M M 2 1 36 300
25 50 30 40 -7 25 0 0.00 0.0 0 7.1 15 330 M M 0 19 360
26 60 28 44 -3 21 0 0.00 0.0 0 8.7 24 220 M M 0 31 190
27 55 27 41 -6 24 0 0.00 0.0 0 6.5 18 330 M M 0 28 330
28 58 29 44 -3 21 0 0.00 0.0 0 5.6 22 10 M M 0 29 20
29 60 26 43 -4 22 0 0.00 0.0 0 8.4 17 290 M M 0 23 290
30 70 27 49 2 16 0 0.00 0.0 0 5.9 16 240 M M 0 21 240
31 73 32 53 6 12 0 0.00 0.0 0 5.3 17 230 M M 0 24 250
================================================================================
SM 2028 1147 423 4 2.16 0.0 229.1 M 64
================================================================================
AV 65.4 37.0 7.4 FASTST M M 2 MAX(MPH)
MISC ----> # 28 260 37 200
================================================================================
NOTES:
# LAST OF SEVERAL OCCURRENCES
COLUMN 17 PEAK WIND IN M.P.H.
PRELIMINARY LOCAL CLIMATOLOGICAL DATA (WS FORM: F-6) , PAGE 2
STATION: SAN ANGELO
MONTH: DECEMBER
YEAR: 2023
LATITUDE: 31 21 N
LONGITUDE: 100 30 W
[TEMPERATURE DATA] [PRECIPITATION DATA] SYMBOLS USED IN COLUMN 16
AVERAGE MONTHLY: 51.2 TOTAL FOR MONTH: 2.16 1 = FOG OR MIST
DPTR FM NORMAL: 2.8 DPTR FM NORMAL: 1.27 2 = FOG REDUCING VISIBILITY
HIGHEST: 82 ON 8 GRTST 24HR 1.24 ON 14-15 TO 1/4 MILE OR LESS
LOWEST: 26 ON 29 3 = THUNDER
SNOW, ICE PELLETS, HAIL 4 = ICE PELLETS
TOTAL MONTH: 0.0 INCH 5 = HAIL
GRTST 24HR 0.0 6 = FREEZING RAIN OR DRIZZLE
GRTST DEPTH: 0 7 = DUSTSTORM OR SANDSTORM:
VSBY 1/2 MILE OR LESS
8 = SMOKE OR HAZE
[NO. OF DAYS WITH] [WEATHER - DAYS WITH] 9 = BLOWING SNOW
X = TORNADO
MAX 32 OR BELOW: 0 0.01 INCH OR MORE: 7
MAX 90 OR ABOVE: 0 0.10 INCH OR MORE: 3
MIN 32 OR BELOW: 14 0.50 INCH OR MORE: 2
MIN 0 OR BELOW: 0 1.00 INCH OR MORE: 1
[HDD (BASE 65) ]
TOTAL THIS MO. 423 CLEAR (SCALE 0-3) 23
DPTR FM NORMAL -92 PTCLDY (SCALE 4-7) 5
TOTAL FM JUL 1 787 CLOUDY (SCALE 8-10) 3
DPTR FM NORMAL -104
[CDD (BASE 65) ]
TOTAL THIS MO. 4
DPTR FM NORMAL 2 [PRESSURE DATA]
TOTAL FM JAN 1 3424 HIGHEST SLP 30.51 ON 10
DPTR FM NORMAL 638 LOWEST SLP 29.67 ON 8
[REMARKS]
#FINAL-12-23#