000
CXUS56 KSLC 301831
CF6SLC
PRELIMINARY LOCAL CLIMATOLOGICAL DATA (WS FORM: F-6)
STATION: SALT LAKE CITY UT
MONTH: MAY
YEAR: 2021
LATITUDE: 40 46 N
LONGITUDE: 111 58 W
TEMPERATURE IN F: :PCPN: SNOW: WIND :SUNSHINE: SKY :PK WND
================================================================================
1 2 3 4 5 6A 6B 7 8 9 10 11 12 13 14 15 16 17 18
12Z AVG MX 2MIN
DY MAX MIN AVG DEP HDD CDD WTR SNW DPTH SPD SPD DIR MIN PSBL S-S WX SPD DR
================================================================================
1 82 59 71 15 0 6 0.00 0.0 0 9.7 21 110 M M 1 36 230
2 65 50 58 1 7 0 0.00 0.0 0 11.2 23 360 M M 3 27 300
3 65 49 57 0 8 0 0.00 0.0 0 9.2 22 310 M M 4 8 40 300
4 69 47 58 1 7 0 0.00 0.0 0 8.4 17 300 M M 1 25 290
5 72 48 60 2 5 0 0.00 0.0 0 5.0 13 320 M M 2 20 320
6 87 49 68 10 0 3 0.00 0.0 0 6.3 14 150 M M 0 20 190
7 86 56 71 13 0 6 0.01 0.0 0 13.8 33 320 M M 3 8 44 330
8 59 46 53 -6 12 0 T 0.0 0 11.0 24 290 M M 3 28 290
9 61 41 51 -8 14 0 0.00 0.0 0 6.2 16 340 M M 2 25 300
10 61 44 53 -7 12 0 0.07 0.0 0 6.9 22 10 M M 6 27 230
11 64 41 53 -7 12 0 0.00 0.0 0 5.0 14 300 M M 1 20 310
12 75 45 60 0 5 0 0.00 0.0 0 6.5 14 20 M M 0 19 10
13 84 52 68 7 0 3 0.00 0.0 0 8.1 18 340 M M 1 25 350
14 85 59 72 11 0 7 0.00 0.0 0 8.3 23 350 M M 1 35 M
15 82 60 71 10 0 6 0.00 0.0 0 7.8 15 320 M M 0 22 300
16 78 54 66 4 0 1 T 0.0 0 8.8 25 330 M M 1 3 37 330
17 74 50 62 0 3 0 T 0.0 0 6.4 22 130 M M 2 3 29 130
18 82 57 70 8 0 5 0.00 0.0 0 7.3 17 270 M M 1 22 290
19 85 58 72 9 0 7 T 0.0 0 9.6 26 160 M M 1 3 34 160
20 74 54 64 1 1 0 0.00 0.0 0 13.8 26 150 M M 3 8 32 150
21 66 49 58 -5 7 0 0.06 0.0 0 7.2 29 180 M M 6 3 39 180
22 69 43 56 -8 9 0 0.00 0.0 0 11.3 25 170 M M 5 31 180
23 62 43 53 -11 12 0 0.51 0.0 0 12.5 26 160 M M 8 13 35 160
24 69 45 57 -7 8 0 T 0.0 0 5.9 15 260 M M 3 19 270
25 77 50 64 -1 1 0 0.00 0.0 0 8.1 17 340 M M 3 23 220
26 72 52 62 -3 3 0 0.00 0.0 0 8.3 17 320 M M 1 29 350
27 82 49 66 1 0 1 0.00 0.0 0 4.7 13 10 M M 0 18 330
28 83 58 71 5 0 6 0.00 0.0 0 8.8 21 340 M M 0 27 330
29 79 56 68 2 0 3 0.00 0.0 0 7.3 16 320 M M 1 21 280
30 81 55 68 2 0 3 0.00 0.0 0 6.9 20 310 M M 0 27 280
31 85 56 71 5 0 6 0.00 0.0 0 6.1 18 310 M M 1 25 310
================================================================================
SM 2315 1575 126 63 0.65 0.0 256.4 M 64
================================================================================
AV 74.7 50.8 8.3 FASTST M M 2 MAX(MPH)
MISC ----> 33 320 44 330
================================================================================
NOTES:
# LAST OF SEVERAL OCCURRENCES
COLUMN 17 PEAK WIND IN M.P.H.
PRELIMINARY LOCAL CLIMATOLOGICAL DATA (WS FORM: F-6) , PAGE 2
STATION: SALT LAKE CITY UT
MONTH: MAY
YEAR: 2021
LATITUDE: 40 46 N
LONGITUDE: 111 58 W
[TEMPERATURE DATA] [PRECIPITATION DATA] SYMBOLS USED IN COLUMN 16
AVERAGE MONTHLY: 62.7 TOTAL FOR MONTH: 0.65 1 = FOG OR MIST
DPTR FM NORMAL: 1.2 DPTR FM NORMAL: -1.17 2 = FOG REDUCING VISIBILITY
HIGHEST: 87 ON 6 GRTST 24HR 0.51 ON 23-23 TO 1/4 MILE OR LESS
LOWEST: 41 ON 11, 9 3 = THUNDER
SNOW, ICE PELLETS, HAIL 4 = ICE PELLETS
TOTAL MONTH: 0.0 INCH 5 = HAIL
GRTST 24HR 0.0 6 = FREEZING RAIN OR DRIZZLE
GRTST DEPTH: 0 7 = DUSTSTORM OR SANDSTORM:
VSBY 1/2 MILE OR LESS
8 = SMOKE OR HAZE
[NO. OF DAYS WITH] [WEATHER - DAYS WITH] 9 = BLOWING SNOW
X = TORNADO
MAX 32 OR BELOW: 0 0.01 INCH OR MORE: 4
MAX 90 OR ABOVE: 0 0.10 INCH OR MORE: 1
MIN 32 OR BELOW: 0 0.50 INCH OR MORE: 1
MIN 0 OR BELOW: 0 1.00 INCH OR MORE: 0
[HDD (BASE 65) ]
TOTAL THIS MO. 126 CLEAR (SCALE 0-3) 26
DPTR FM NORMAL -46 PTCLDY (SCALE 4-7) 5
TOTAL FM JUL 1 5025 CLOUDY (SCALE 8-10) 0
DPTR FM NORMAL -92
[CDD (BASE 65) ]
TOTAL THIS MO. 63
DPTR FM NORMAL 0 [PRESSURE DATA]
TOTAL FM JAN 1 66 HIGHEST SLP 30.19 ON 5
DPTR FM NORMAL -2 LOWEST SLP 29.34 ON 19
[REMARKS]
#FINAL-05-21#