000
CXUS56 KPQR 011155
CF6SLE
PRELIMINARY LOCAL CLIMATOLOGICAL DATA (WS FORM: F-6)
STATION: SALEM OR
MONTH: SEPTEMBER
YEAR: 2022
LATITUDE: 44 55 N
LONGITUDE: 123 0 W
TEMPERATURE IN F: :PCPN: SNOW: WIND :SUNSHINE: SKY :PK WND
================================================================================
1 2 3 4 5 6A 6B 7 8 9 10 11 12 13 14 15 16 17 18
12Z AVG MX 2MIN
DY MAX MIN AVG DEP HDD CDD WTR SNW DPTH SPD SPD DIR MIN PSBL S-S WX SPD DR
================================================================================
1 92 52 72 5 0 7 0.00 M M 3.5 13 360 M M 0 8 16 360
2 89 55 72 5 0 7 0.00 M M 5.0 18 290 M M 0 8 22 300
3 80 57 69 2 0 4 0.00 M M 3.7 12 130 M M 6 14 130
4 87 51 69 2 0 4 0.00 M M 5.8 17 310 M M 0 22 310
5 83 56 70 4 0 5 0.00 M M 10.0 21 360 M M 2 26 20
6 91 54 73 7 0 8 0.00 M M 3.0 10 10 M M 0 13 360
7 88 54 71 5 0 6 0.00 M M 6.8 20 350 M M 0 8 23 350
8 83 45 64 -2 1 0 0.00 M M 7.2 17 10 M M 0 25 350
9 93 53 73 7 0 8 0.00 M M 9.8 24 10 M M 1 8 29 30
10 90 61 76 10 0 11 0.00 M M 4.8 12 320 M M 10 8 15 310
11 81 60 71 6 0 6 T M M 4.1 12 270 M M 0 8 14 270
12 76 59 68 3 0 3 0.01 M M 4.4 13 150 M M 7 8 15 140
13 73 58 66 1 0 1 0.00 M M 3.4 12 280 M M 10 8 14 270
14 76 60 68 3 0 3 0.00 M M 3.1 13 280 M M 9 18 310
15 75 60 68 4 0 3 0.00 M M 3.8 14 320 M M 10 17 310
16 73 56 65 1 0 0 0.00 M M 6.7 14 30 M M 6 19 20
17 72 51 62 -2 3 0 T M M 5.7 14 340 M M 3 16 340
18 77 54 66 2 0 1 0.00 M M 4.4 10 330 M M 3 14 330
19 82 48 65 2 0 0 0.00 M M 3.1 10 170 M M 0 8 14 190
20 85 50 68 5 0 3 0.00 M M 4.2 15 190 M M 0 18 170
21 76 56 66 3 0 1 0.00 M M 6.3 16 190 M M 3 19 190
22 74 51 63 1 2 0 0.00 M M 7.8 15 200 M M 6 20 220
23 77 46 62 0 3 0 0.00 M M 4.3 12 330 M M 0 14 330
24 81 51 66 4 0 1 0.00 M M 5.1 13 20 M M 0 18 20
25 85 49 67 5 0 2 0.00 M M 2.4 9 300 M M 0 12 20
26 88 53 71 10 0 6 0.00 M M 2.8 7 340 M M 0 10 360
27 80 53 67 6 0 2 0.00 M M 6.1 15 250 M M 0 19 240
28 71 52 62 1 3 0 0.10 M M 8.4 18 190 M M 7 1 24 190
29 68 52 60 0 5 0 0.18 M M 6.4 17 180 M M 8 12 22 190
30 70 49 60 0 5 0 0.00 M M 6.5 13 360 M M 6 12 16 340
================================================================================
SM 2416 1606 22 92 0.29 M 158.6 M 97
================================================================================
AV 80.5 53.5 5.3 FASTST M M 3 MAX(MPH)
MISC ----> 24 10 29 30
================================================================================
NOTES:
# LAST OF SEVERAL OCCURRENCES
COLUMN 17 PEAK WIND IN M.P.H.
PRELIMINARY LOCAL CLIMATOLOGICAL DATA (WS FORM: F-6) , PAGE 2
STATION: SALEM OR
MONTH: SEPTEMBER
YEAR: 2022
LATITUDE: 44 55 N
LONGITUDE: 123 0 W
[TEMPERATURE DATA] [PRECIPITATION DATA] SYMBOLS USED IN COLUMN 16
AVERAGE MONTHLY: 67.0 TOTAL FOR MONTH: 0.29 1 = FOG OR MIST
DPTR FM NORMAL: 3.0 DPTR FM NORMAL: -1.17 2 = FOG REDUCING VISIBILITY
HIGHEST: 93 ON 9 GRTST 24HR 0.24 ON 28-29 TO 1/4 MILE OR LESS
LOWEST: 45 ON 8 3 = THUNDER
SNOW, ICE PELLETS, HAIL 4 = ICE PELLETS
TOTAL MONTH: M 5 = HAIL
GRTST 24HR M ON M 6 = FREEZING RAIN OR DRIZZLE
GRTST DEPTH: M ON M 7 = DUSTSTORM OR SANDSTORM:
VSBY 1/2 MILE OR LESS
8 = SMOKE OR HAZE
[NO. OF DAYS WITH] [WEATHER - DAYS WITH] 9 = BLOWING SNOW
X = TORNADO
MAX 32 OR BELOW: 0 0.01 INCH OR MORE: 3
MAX 90 OR ABOVE: 4 0.10 INCH OR MORE: 2
MIN 32 OR BELOW: 0 0.50 INCH OR MORE: 0
MIN 0 OR BELOW: 0 1.00 INCH OR MORE: 0
[HDD (BASE 65) ]
TOTAL THIS MO. 22 CLEAR (SCALE 0-3) 19
DPTR FM NORMAL -60 PTCLDY (SCALE 4-7) 7
TOTAL FM JUL 1 23 CLOUDY (SCALE 8-10) 4
DPTR FM NORMAL -91
[CDD (BASE 65) ]
TOTAL THIS MO. 92
DPTR FM NORMAL 38 [PRESSURE DATA]
TOTAL FM JAN 1 644 HIGHEST SLP 30.23 ON 8
DPTR FM NORMAL 245 LOWEST SLP 29.65 ON 18
[REMARKS]
#FINAL-09-22#