000
CXUS56 KLOX 011155
CF6SMO
PRELIMINARY LOCAL CLIMATOLOGICAL DATA (WS FORM: F-6)
STATION: SANTA MONICA AIRPORT CA
MONTH: JULY
YEAR: 2023
LATITUDE: 34 0 N
LONGITUDE: 118 27 W
TEMPERATURE IN F: :PCPN: SNOW: WIND :SUNSHINE: SKY :PK WND
================================================================================
1 2 3 4 5 6A 6B 7 8 9 10 11 12 13 14 15 16 17 18
12Z AVG MX 2MIN
DY MAX MIN AVG DEP HDD CDD WTR SNW DPTH SPD SPD DIR MIN PSBL S-S WX SPD DR
================================================================================
1 69 60 65 -3 0 0 0.00 M M 4.7 13 220 M M 7 18 16 220
2 69 58 64 -4 1 0 0.00 M M 5.2 13 220 M M 8 1 17 220
3 68 57 63 -5 2 0 0.00 M M 3.9 12 230 M M 8 12 17 220
4 69 58 64 -4 1 0 0.00 M M 6.1 12 230 M M 6 1 17 230
5 69 59 64 -4 1 0 0.00 M M 5.5 14 230 M M 6 18 230
6 69 59 64 -4 1 0 0.00 M M 4.9 13 210 M M 5 8 17 210
7 69 60 65 -3 0 0 0.00 M M 4.6 14 220 M M 4 19 220
8 72 58 65 -3 0 0 0.00 M M 4.7 13 220 M M 3 17 220
9 71 59 65 -4 0 0 0.00 M M 4.0 13 230 M M 4 18 250
10 73 59 66 -3 0 1 0.00 M M 4.6 13 230 M M 1 17 260
11 71 60 66 -3 0 1 0.00 M M 4.6 10 210 M M 3 1 15 230
12 78 59 69 0 0 4 0.00 M M 5.2 13 210 M M 1 1 17 230
13 79 62 71 2 0 6 0.00 M M 4.6 13 220 M M 0 17 220
14 79 61 70 1 0 5 0.00 M M 4.1 12 240 M M 0 15 250
15 73 62 68 -1 0 3 0.00 M M 4.7 12 230 M M 3 1 16 210
16 74 63 69 0 0 4 0.00 M M 4.7 13 210 M M 2 16 240
17 75 64 70 1 0 5 0.00 M M 5.4 12 210 M M 2 1 12 210
18 77 65 71 2 0 6 0.00 M M 6.5 12 250 M M 2 1 18 240
19 78 65 72 3 0 7 0.00 M M 5.1 12 190 M M 0 16 200
20 79 64 72 3 0 7 0.00 M M 4.2 12 220 M M 0 1 16 230
21 74 62 68 -2 0 3 0.00 M M 5.1 12 230 M M 3 1 18 220
22 73 62 68 -2 0 3 0.00 M M 4.7 12 220 M M 4 18 16 260
23 80 65 73 3 0 8 0.00 M M 4.1 14 230 M M 4 18 20 220
24 73 66 70 0 0 5 0.00 M M 5.5 14 250 M M 0 18 19 230
25 79 65 72 2 0 7 0.00 M M 4.6 12 200 M M 2 18 17 250
26 82 65 74 4 0 9 0.00 M M 4.2 13 230 M M 0 12 18 250
27 81 66 74 4 0 9 0.00 M M 4.4 13 230 M M 0 1 18 230
28 77 67 72 2 0 7 0.00 M M 4.7 14 200 M M 3 20 210
29 80 66 73 3 0 8 0.00 M M 4.1 13 210 M M 1 18 20 250
30 79 67 73 3 0 8 0.00 M M 4.1 12 200 M M 1 18 16 230
31 84 68 76 6 0 11 0.00 M M 3.8 12 230 M M 1 18 17 260
================================================================================
SM 2323 1931 6 127 0.00 M 146.6 M 84
================================================================================
AV 74.9 62.3 4.7 FASTST M M 3 MAX(MPH)
MISC ----> # 14 230 # 20 220
================================================================================
NOTES:
# LAST OF SEVERAL OCCURRENCES
COLUMN 17 PEAK WIND IN M.P.H.
PRELIMINARY LOCAL CLIMATOLOGICAL DATA (WS FORM: F-6) , PAGE 2
STATION: SANTA MONICA AIRPORT CA
MONTH: JULY
YEAR: 2023
LATITUDE: 34 0 N
LONGITUDE: 118 27 W
[TEMPERATURE DATA] [PRECIPITATION DATA] SYMBOLS USED IN COLUMN 16
AVERAGE MONTHLY: 68.6 TOTAL FOR MONTH: 0.00 1 = FOG OR MIST
DPTR FM NORMAL: -0.4 DPTR FM NORMAL: -0.04 2 = FOG REDUCING VISIBILITY
HIGHEST: 84 ON 31 GRTST 24HR 0.00 ON 1- 1 TO 1/4 MILE OR LESS
LOWEST: 57 ON 3 3 = THUNDER
SNOW, ICE PELLETS, HAIL 4 = ICE PELLETS
TOTAL MONTH: M 5 = HAIL
GRTST 24HR M ON M 6 = FREEZING RAIN OR DRIZZLE
GRTST DEPTH: M ON M 7 = DUSTSTORM OR SANDSTORM:
VSBY 1/2 MILE OR LESS
8 = SMOKE OR HAZE
[NO. OF DAYS WITH] [WEATHER - DAYS WITH] 9 = BLOWING SNOW
X = TORNADO
MAX 32 OR BELOW: 0 0.01 INCH OR MORE: 0
MAX 90 OR ABOVE: 0 0.10 INCH OR MORE: 0
MIN 32 OR BELOW: 0 0.50 INCH OR MORE: 0
MIN 0 OR BELOW: 0 1.00 INCH OR MORE: 0
[HDD (BASE 65) ]
TOTAL THIS MO. 6 CLEAR (SCALE 0-3) 21
DPTR FM NORMAL 2 PTCLDY (SCALE 4-7) 9
TOTAL FM JUL 1 6 CLOUDY (SCALE 8-10) 1
DPTR FM NORMAL 6
[CDD (BASE 65) ]
TOTAL THIS MO. 127
DPTR FM NORMAL -1 [PRESSURE DATA]
TOTAL FM JAN 1 134 HIGHEST SLP 30.01 ON 19
DPTR FM NORMAL -87 LOWEST SLP 29.78 ON 22
[REMARKS]
#FINAL-07-23#