000
CXUS56 KLOX 011155
CF6SMO
PRELIMINARY LOCAL CLIMATOLOGICAL DATA (WS FORM: F-6)
STATION: SANTA MONICA AIRPORT CA
MONTH: MAY
YEAR: 2022
LATITUDE: 34 0 N
LONGITUDE: 118 27 W
TEMPERATURE IN F: :PCPN: SNOW: WIND :SUNSHINE: SKY :PK WND
================================================================================
1 2 3 4 5 6A 6B 7 8 9 10 11 12 13 14 15 16 17 18
12Z AVG MX 2MIN
DY MAX MIN AVG DEP HDD CDD WTR SNW DPTH SPD SPD DIR MIN PSBL S-S WX SPD DR
================================================================================
1 68 55 62 0 3 0 0.00 M M 4.3 14 210 M M 4 19 220
2 67 57 62 0 3 0 0.00 M M 5.8 14 240 M M 5 19 230
3 66 58 62 0 3 0 0.00 M M 4.8 15 230 M M 5 20 230
4 68 55 62 0 3 0 0.00 M M 5.2 14 220 M M 1 19 230
5 66 55 61 -1 4 0 0.00 M M 4.5 13 230 M M 6 18 21 300
6 69 55 62 0 3 0 0.00 M M 4.2 12 240 M M 0 1 15 230
7 68 58 63 1 2 0 0.00 M M 5.0 13 200 M M 2 19 220
8 65 56 61 -1 4 0 0.00 M M 6.0 15 230 M M 4 20 240
9 65 53 59 -3 6 0 0.00 M M 6.8 16 260 M M 0 22 260
10 65 51 58 -4 7 0 0.00 M M 6.1 21 250 M M 0 31 250
11 67 50 59 -3 6 0 0.00 M M 7.8 22 260 M M 0 32 250
12 75 53 64 2 1 0 0.00 M M 5.1 15 260 M M 0 24 270
13 79 56 68 5 0 3 0.00 M M 5.4 15 230 M M 0 21 260
14 82 57 70 7 0 5 0.00 M M 4.7 13 210 M M 0 16 250
15 78 56 67 4 0 2 0.00 M M 4.4 17 240 M M 0 24 220
16 66 57 62 -1 3 0 0.00 M M 4.8 14 230 M M 4 18 220
17 66 56 61 -2 4 0 0.00 M M 4.6 13 220 M M 4 18 200
18 67 57 62 -1 3 0 0.00 M M 5.1 14 220 M M 5 19 220
19 62 58 60 -3 5 0 0.00 M M 3.9 10 240 M M 10 1 14 230
20 66 58 62 -1 3 0 0.00 M M 4.0 12 210 M M 10 1 16 220
21 68 57 63 0 2 0 0.00 M M 5.3 14 230 M M 6 18 230
22 64 55 60 -3 5 0 0.00 M M 4.8 14 220 M M 3 20 240
23 65 55 60 -3 5 0 0.00 M M 4.3 12 240 M M 8 16 250
24 66 60 63 0 2 0 0.00 M M 4.2 13 220 M M 8 8 17 220
25 68 60 64 1 1 0 0.00 M M 4.9 12 240 M M 8 18 19 200
26 68 60 64 1 1 0 0.00 M M 5.8 15 250 M M 7 1 20 220
27 69 59 64 1 1 0 0.00 M M 5.4 15 250 M M 5 21 240
28 66 57 62 -2 3 0 0.00 M M 5.1 14 250 M M 6 20 240
29 69 56 63 -1 2 0 0.00 M M 4.8 15 220 M M 2 21 220
30 68 58 63 -1 2 0 0.00 M M 5.2 18 220 M M 2 24 250
31 70 55 63 -1 2 0 0.00 M M 4.7 13 240 M M 1 17 210
================================================================================
SM 2116 1743 89 10 0.00 M 157.0 M 116
================================================================================
AV 68.3 56.2 5.1 FASTST M M 4 MAX(MPH)
MISC ----> 22 260 32 250
================================================================================
NOTES:
# LAST OF SEVERAL OCCURRENCES
COLUMN 17 PEAK WIND IN M.P.H.
PRELIMINARY LOCAL CLIMATOLOGICAL DATA (WS FORM: F-6) , PAGE 2
STATION: SANTA MONICA AIRPORT CA
MONTH: MAY
YEAR: 2022
LATITUDE: 34 0 N
LONGITUDE: 118 27 W
[TEMPERATURE DATA] [PRECIPITATION DATA] SYMBOLS USED IN COLUMN 16
AVERAGE MONTHLY: 62.2 TOTAL FOR MONTH: 0.00 1 = FOG OR MIST
DPTR FM NORMAL: -0.5 DPTR FM NORMAL: -0.26 2 = FOG REDUCING VISIBILITY
HIGHEST: 82 ON 14 GRTST 24HR 0.00 ON 1- 1 TO 1/4 MILE OR LESS
LOWEST: 50 ON 11 3 = THUNDER
SNOW, ICE PELLETS, HAIL 4 = ICE PELLETS
TOTAL MONTH: M 5 = HAIL
GRTST 24HR M ON M 6 = FREEZING RAIN OR DRIZZLE
GRTST DEPTH: M ON M 7 = DUSTSTORM OR SANDSTORM:
VSBY 1/2 MILE OR LESS
8 = SMOKE OR HAZE
[NO. OF DAYS WITH] [WEATHER - DAYS WITH] 9 = BLOWING SNOW
X = TORNADO
MAX 32 OR BELOW: 0 0.01 INCH OR MORE: 0
MAX 90 OR ABOVE: 0 0.10 INCH OR MORE: 0
MIN 32 OR BELOW: 0 0.50 INCH OR MORE: 0
MIN 0 OR BELOW: 0 1.00 INCH OR MORE: 0
[HDD (BASE 65) ]
TOTAL THIS MO. 89 CLEAR (SCALE 0-3) 14
DPTR FM NORMAL 3 PTCLDY (SCALE 4-7) 14
TOTAL FM JUL 1 1328 CLOUDY (SCALE 8-10) 3
DPTR FM NORMAL -37
[CDD (BASE 65) ]
TOTAL THIS MO. 10
DPTR FM NORMAL -6 [PRESSURE DATA]
TOTAL FM JAN 1 88 HIGHEST SLP 30.16 ON 12
DPTR FM NORMAL 32 LOWEST SLP 29.76 ON 30
[REMARKS]
#FINAL-05-22#