000
CXUS56 KLOX 011155
CF6SMX
PRELIMINARY LOCAL CLIMATOLOGICAL DATA (WS FORM: F-6)
STATION: SANTA MARIA AIRPORT CA
MONTH: SEPTEMBER
YEAR: 2021
LATITUDE: 34 54 N
LONGITUDE: 120 27 W
TEMPERATURE IN F: :PCPN: SNOW: WIND :SUNSHINE: SKY :PK WND
================================================================================
1 2 3 4 5 6A 6B 7 8 9 10 11 12 13 14 15 16 17 18
12Z AVG MX 2MIN
DY MAX MIN AVG DEP HDD CDD WTR SNW DPTH SPD SPD DIR MIN PSBL S-S WX SPD DR
================================================================================
1 75 54 65 0 0 0 0.01 M M 5.3 16 320 M M 6 18 M M
2 71 51 61 -4 4 0 0.00 M M 5.5 15 310 M M 5 18 24 290
3 72 51 62 -3 3 0 0.00 M M 5.8 15 300 M M 4 18 19 320
4 71 53 62 -3 3 0 0.00 M M 5.3 15 300 M M 4 18 19 300
5 76 53 65 0 0 0 0.00 M M 4.5 14 330 M M 6 128 22 220
6 77 56 67 2 0 2 0.00 M M 3.9 14 290 M M 5 128 18 310
7 78 57 68 3 0 3 0.00 M M 3.5 14 300 M M 4 128 19 310
8 83 57 70 5 0 5 0.00 M M 3.9 16 350 M M 5 128 19 350
9 77 58 68 3 0 3 0.00 M M 4.3 16 320 M M 6 128 18 330
10 73 59 66 1 0 1 0.00 M M 6.4 16 300 M M 5 18 25 190
11 70 56 63 -2 2 0 0.00 M M 6.3 15 310 M M 7 18 19 300
12 71 55 63 -2 2 0 0.00 M M 4.7 13 290 M M 7 1 18 290
13 71 55 63 -1 2 0 0.00 M M 4.7 14 350 M M 6 18 25 70
14 71 56 64 0 1 0 0.00 M M 5.1 14 300 M M 6 1 17 300
15 68 54 61 -3 4 0 0.00 M M 4.6 14 320 M M 7 1 28 330
16 68 54 61 -3 4 0 0.00 M M 4.6 17 330 M M 8 1 M M
17 68 54 61 -3 4 0 0.00 M M 4.9 15 320 M M 7 1 22 320
18 70 53 62 -2 3 0 0.00 M M 6.1 17 310 M M 5 M M
19 76 53 65 1 0 0 0.00 M M 9.3 31 300 M M 3 178 38 300
20 86 52 69 5 0 4 0.00 M M 3.7 16 340 M M 0 1 19 330
21 76 54 65 1 0 0 0.00 M M 3.8 14 310 M M 2 12 20 350
22 73 53 63 -1 2 0 0.00 M M 5.0 16 310 M M 6 12 M M
23 71 54 63 -1 2 0 0.00 M M 4.1 13 300 M M 7 1 M M
24 68 54 61 -3 4 0 0.00 M M 3.8 12 310 M M 7 128 15 310
25 66 54 60 -4 5 0 0.00 M M 3.7 12 320 M M 8 128 M M
26 64 55 60 -4 5 0 0.00 M M 3.5 12 300 M M 8 18 M M
27 68 57 63 -1 2 0 0.00 M M 5.1 17 300 M M 9 1 20 310
28 71 50 61 -3 4 0 0.00 M M 10.2 30 300 M M 4 1278 35 290
29 70 49 60 -4 5 0 0.00 M M 7.6 22 310 M M 0 18 25 310
30 86 48 67 3 0 2 0.00 M M 4.9 M M M M 0 M M
================================================================================
SM 2185 1619 61 20 0.01 M 154.1 M 157
================================================================================
AV 72.8 54.0 5.1 FASTST M M 5 MAX(MPH)
MISC ----> 31 300 38 300
================================================================================
NOTES:
# LAST OF SEVERAL OCCURRENCES
COLUMN 17 PEAK WIND IN M.P.H.
PRELIMINARY LOCAL CLIMATOLOGICAL DATA (WS FORM: F-6) , PAGE 2
STATION: SANTA MARIA AIRPORT CA
MONTH: SEPTEMBER
YEAR: 2021
LATITUDE: 34 54 N
LONGITUDE: 120 27 W
[TEMPERATURE DATA] [PRECIPITATION DATA] SYMBOLS USED IN COLUMN 16
AVERAGE MONTHLY: 63.4 TOTAL FOR MONTH: 0.01 1 = FOG OR MIST
DPTR FM NORMAL: -0.9 DPTR FM NORMAL: -0.06 2 = FOG REDUCING VISIBILITY
HIGHEST: 86 ON 30,20 GRTST 24HR 0.01 ON 1- 1 TO 1/4 MILE OR LESS
LOWEST: 48 ON 30 3 = THUNDER
SNOW, ICE PELLETS, HAIL 4 = ICE PELLETS
TOTAL MONTH: M 5 = HAIL
GRTST 24HR M ON M 6 = FREEZING RAIN OR DRIZZLE
GRTST DEPTH: M ON M 7 = DUSTSTORM OR SANDSTORM:
VSBY 1/2 MILE OR LESS
8 = SMOKE OR HAZE
[NO. OF DAYS WITH] [WEATHER - DAYS WITH] 9 = BLOWING SNOW
X = TORNADO
MAX 32 OR BELOW: 0 0.01 INCH OR MORE: 1
MAX 90 OR ABOVE: 0 0.10 INCH OR MORE: 0
MIN 32 OR BELOW: 0 0.50 INCH OR MORE: 0
MIN 0 OR BELOW: 0 1.00 INCH OR MORE: 0
[HDD (BASE 65) ]
TOTAL THIS MO. 61 CLEAR (SCALE 0-3) 5
DPTR FM NORMAL 2 PTCLDY (SCALE 4-7) 24
TOTAL FM JUL 1 123 CLOUDY (SCALE 8-10) 1
DPTR FM NORMAL -42
[CDD (BASE 65) ]
TOTAL THIS MO. 20
DPTR FM NORMAL -20 [PRESSURE DATA]
TOTAL FM JAN 1 90 HIGHEST SLP 30.16 ON 22
DPTR FM NORMAL -35 LOWEST SLP 29.81 ON 1
[REMARKS]
#FINAL-09-21#