000
CXUS54 KMAF 011110
CF6SNK
PRELIMINARY LOCAL CLIMATOLOGICAL DATA (WS FORM: F-6)
STATION: SNYDER WINSTON FIELD
MONTH: APRIL
YEAR: 2023
LATITUDE: 32 41 N
LONGITUDE: 100 57 W
TEMPERATURE IN F: :PCPN: SNOW: WIND :SUNSHINE: SKY :PK WND
================================================================================
1 2 3 4 5 6A 6B 7 8 9 10 11 12 13 14 15 16 17 18
12Z AVG MX 2MIN
DY MAX MIN AVG DEP HDD CDD WTR SNW DPTH SPD SPD DIR MIN PSBL S-S WX SPD DR
================================================================================
1 75 43 59 M 6 0 M M M 9.2 17 60 M M 0 22 80
2 86 52 69 M 0 4 M M M 11.4 21 270 M M 0 33 280
3 91 50 71 M 0 6 M M M 11.9 26 250 M M 0 36 210
4 89 58 74 M 0 9 M M M 14.9 33 240 M M 2 8 41 240
5 68 44 56 M 9 0 M M M 10.9 21 320 M M 0 35 320
6 64 43 54 M 11 0 M M M 14.2 21 90 M M 0 29 80
7 66 38 52 M 13 0 M M M 10.0 17 70 M M 2 22 70
8 74 45 60 M 5 0 M M M 5.7 10 100 M M 1 16 160
9 78 52 65 M 0 0 0.59 M M 10.2 31 360 M M 3 3 48 100
10 76 54 65 M 0 0 0.04 M M 7.2 24 150 M M 2 29 150
11 77 54 66 M 0 1 M M M 8.0 14 160 M M 2 1 20 150
12 79 53 66 M 0 1 M M M 12.1 16 140 M M 0 22 140
13 83 52 68 M 0 3 M M M 13.0 17 160 M M 0 25 170
14 86 58 72 M 0 7 M M M 12.9 24 240 M M 0 36 230
15 76 53 65 M 0 0 M M M 10.8 20 50 M M 0 8 28 360
16 70 43 57 M 8 0 M M M 6.6 14 50 M M 0 M M
17 74 48 61 M 4 0 M M M 14.0 25 180 M M 0 32 190
18 92 55 74 M 0 9 M M M 11.9 18 230 M M 0 29 230
19 91 62 77 M 0 12 M M M 15.2 28 240 M M 0 41 220
20 75 56 66 M 0 1 M M M 11.3 22 10 M M 2 8 26 190
21 73 50 62 M 3 0 M M M 8.2 16 70 M M 0 22 30
22 70 46 58 M 7 0 M M M 14.5 25 50 M M 5 33 50
23 47 39 43 M 22 0 0.21 M M 11.5 24 60 M M 10 3 35 60
24 63 46 55 M 10 0 M M M 8.7 15 130 M M 8 22 170
25 79 54 67 M 0 2 M M M 10.7 25 80 M M 6 40 110
26 75 52 64 M 1 0 M M M 10.3 28 10 M M 5 48 10
27 78 45 62 M 3 0 M M M 8.4 14 230 M M 0 23 280
28 62 49 56 M 9 0 M M M 16.8 29 20 M M 5 40 20
29 77 42 60 M 5 0 M M M 8.6 16 340 M M 0 25 320
30 94 50 72 M 0 7 M M M 13.5 23 70 M M 0 33 40
================================================================================
SM 2288 1486 116 62 0.84 M 332.5 M 53
================================================================================
AV 76.3 49.5 11.1 FASTST M M 2 MAX(MPH)
MISC ----> 33 240 # 48 100
================================================================================
NOTES:
# LAST OF SEVERAL OCCURRENCES
COLUMN 17 PEAK WIND IN M.P.H.
PRELIMINARY LOCAL CLIMATOLOGICAL DATA (WS FORM: F-6) , PAGE 2
STATION: SNYDER WINSTON FIELD
MONTH: APRIL
YEAR: 2023
LATITUDE: 32 41 N
LONGITUDE: 100 57 W
[TEMPERATURE DATA] [PRECIPITATION DATA] SYMBOLS USED IN COLUMN 16
AVERAGE MONTHLY: 62.9 TOTAL FOR MONTH: 0.84 1 = FOG OR MIST
DPTR FM NORMAL: 0.0 DPTR FM NORMAL: M 2 = FOG REDUCING VISIBILITY
HIGHEST: 94 ON 30 GRTST 24HR 0.59 ON 9- 9 TO 1/4 MILE OR LESS
LOWEST: 38 ON 7 3 = THUNDER
SNOW, ICE PELLETS, HAIL 4 = ICE PELLETS
TOTAL MONTH: M 5 = HAIL
GRTST 24HR M ON M 6 = FREEZING RAIN OR DRIZZLE
GRTST DEPTH: M ON M 7 = DUSTSTORM OR SANDSTORM:
VSBY 1/2 MILE OR LESS
8 = SMOKE OR HAZE
[NO. OF DAYS WITH] [WEATHER - DAYS WITH] 9 = BLOWING SNOW
X = TORNADO
MAX 32 OR BELOW: 0 0.01 INCH OR MORE: 3
MAX 90 OR ABOVE: 4 0.10 INCH OR MORE: 2
MIN 32 OR BELOW: 0 0.50 INCH OR MORE: 1
MIN 0 OR BELOW: 0 1.00 INCH OR MORE: 0
[HDD (BASE 65) ]
TOTAL THIS MO. 116 CLEAR (SCALE 0-3) 24
DPTR FM NORMAL M PTCLDY (SCALE 4-7) 4
TOTAL FM JUL 1 2530 CLOUDY (SCALE 8-10) 2
DPTR FM NORMAL M
[CDD (BASE 65) ]
TOTAL THIS MO. 62
DPTR FM NORMAL M [PRESSURE DATA]
TOTAL FM JAN 1 87 HIGHEST SLP M ON M
DPTR FM NORMAL M LOWEST SLP M ON M
[REMARKS]
#FINAL-04-23#