000
CXAK56 PAFC 020114
CF6SNP
PRELIMINARY LOCAL CLIMATOLOGICAL DATA (WS FORM: F-6)
STATION: SAINT PAUL ISLAND
MONTH: MAY
YEAR: 2021
LATITUDE: 57 9 N
LONGITUDE: 170 13 W
TEMPERATURE IN F: :PCPN: SNOW: WIND :SUNSHINE: SKY :PK WND
================================================================================
1 2 3 4 5 6A 6B 7 8 9 10 11 12 13 14 15 16 17 18
12Z AVG MX 2MIN
DY MAX MIN AVG DEP HDD CDD WTR SNW DPTH SPD SPD DIR MIN PSBL S-S WX SPD DR
================================================================================
1 38 28 33 -1 32 0 T M M 10.2 14 340 M M 10 M M
2 39 25 32 -2 33 0 0.03 M M 17.8 25 290 M M 9 1 37 270
3 40 22 31 -3 34 0 0.11 M M 10.8 16 270 M M 9 1 21 360
4 M M M M M M 0.00 M M 7.6 13 140 M M 10 1 M M
5 M M M M M M 0.00 M M 15.5 23 80 M M 9 30 80
6 M M M M M M 0.03 M M 23.9 28 90 M M 8 8 40 90
7 M M M M M M 0.03 M M 18.7 24 80 M M 6 35 80
8 M M M M M M 0.04 M M 16.8 23 50 M M 10 8 32 40
9 M M M M M M 0.00 M M M M M M M M M M
10 M M M M M M 0.00 M M M M M M M M M M
11 44 37 41 5 24 0 0.00 M M 9.5 13 120 M M 8 8 M M
12 44 38 41 5 24 0 0.00 M M 15.9 22 90 M M 7 30 120
13 40 38 39 3 26 0 0.07 M M 24.1 35 90 M M 10 1 43 90
14 45 38 42 6 23 0 0.01 M M 12.9 17 110 M M 10 18 M M
15 46 34 40 4 25 0 0.00 M M 13.2 17 10 M M 7 1 M M
16 41 34 38 2 27 0 0.00 M M 10.0 14 280 M M 10 1 M M
17 40 36 38 1 27 0 T M M 5.8 8 350 M M 10 1 M M
18 43 33 38 1 27 0 T M M 11.2 21 60 M M 10 M M
19 41 32 37 0 28 0 T M M 22.5 32 20 M M 9 1 37 20
20 42 34 38 1 27 0 0.00 M M 25.2 33 340 M M 9 39 330
21 44 34 39 2 26 0 T M M 11.2 18 320 M M 10 1 23 320
22 41 39 40 2 25 0 0.00 M M 17.4 29 110 M M 10 1 36 120
23 42 40 41 3 24 0 0.01 M M 24.8 31 110 M M 8 1 41 120
24 46 40 43 5 22 0 0.00 M M 16.2 23 130 M M 4 18 28 130
25 M M M M M M M M M M M M M M 5 1 M M
26 M M M M M M M M M M M M M M M M M
27 M M M M M M M M M M M M M M M 1 M M
28 52 40 46 7 19 0 0.00 M M 17.0 26 40 M M 6 1 32 30
29 49 38 44 5 21 0 0.00 M M 24.3 31 40 M M 0 8 39 40
30 44 34 39 0 26 0 0.00 M M 16.6 24 10 M M 4 30 20
31 49 34 42 3 23 0 T M M 7.0 13 50 M M 10 18 16 60
================================================================================
SM 910 728 543 0 0.33 M 406.1 M 218
================================================================================
AV 43.3 34.7 15.6 FASTST M M 8 MAX(MPH)
MISC ----> 35 90 43 90
================================================================================
NOTES:
# LAST OF SEVERAL OCCURRENCES
COLUMN 17 PEAK WIND IN M.P.H.
PRELIMINARY LOCAL CLIMATOLOGICAL DATA (WS FORM: F-6) , PAGE 2
STATION: SAINT PAUL ISLAND
MONTH: MAY
YEAR: 2021
LATITUDE: 57 9 N
LONGITUDE: 170 13 W
[TEMPERATURE DATA] [PRECIPITATION DATA] SYMBOLS USED IN COLUMN 16
AVERAGE MONTHLY: 39.0 TOTAL FOR MONTH: 0.33 1 = FOG OR MIST
DPTR FM NORMAL: 2.5 DPTR FM NORMAL: -0.69 2 = FOG REDUCING VISIBILITY
HIGHEST: 52 ON 28 GRTST 24HR 0.11 ON 3- 3 TO 1/4 MILE OR LESS
LOWEST: 22 ON 3 3 = THUNDER
SNOW, ICE PELLETS, HAIL 4 = ICE PELLETS
TOTAL MONTH: M 5 = HAIL
GRTST 24HR M ON M 6 = FREEZING RAIN OR DRIZZLE
GRTST DEPTH: M ON M 7 = DUSTSTORM OR SANDSTORM:
VSBY 1/2 MILE OR LESS
8 = SMOKE OR HAZE
[NO. OF DAYS WITH] [WEATHER - DAYS WITH] 9 = BLOWING SNOW
X = TORNADO
MAX 32 OR BELOW: 0 0.01 INCH OR MORE: 8
MAX 90 OR ABOVE: 0 0.10 INCH OR MORE: 1
MIN 32 OR BELOW: 4 0.50 INCH OR MORE: 0
MIN 0 OR BELOW: 0 1.00 INCH OR MORE: 0
[HDD (BASE 65) ]
TOTAL THIS MO. 543 CLEAR (SCALE 0-3) 1
DPTR FM NORMAL -341 PTCLDY (SCALE 4-7) 10
TOTAL FM JUL 1 8019 CLOUDY (SCALE 8-10) 20
DPTR FM NORMAL -1940
[CDD (BASE 65) ]
TOTAL THIS MO. 0
DPTR FM NORMAL 0 [PRESSURE DATA]
TOTAL FM JAN 1 0 HIGHEST SLP 29.61 ON 27
DPTR FM NORMAL 0 LOWEST SLP 29.37 ON 29
[REMARKS]
#FINAL-05-21#