000
CXUS55 KPIH 031346
CF6SNT
PRELIMINARY LOCAL CLIMATOLOGICAL DATA (WS FORM: F-6)
STATION: STANLEY
MONTH: AUGUST
YEAR: 2022
LATITUDE: 44 10 N
LONGITUDE: 114 56 W
TEMPERATURE IN F: :PCPN: SNOW: WIND :SUNSHINE: SKY :PK WND
================================================================================
1 2 3 4 5 6A 6B 7 8 9 10 11 12 13 14 15 16 17 18
12Z AVG MX 2MIN
DY MAX MIN AVG DEP HDD CDD WTR SNW DPTH SPD SPD DIR MIN PSBL S-S WX SPD DR
================================================================================
1 90 45 68 7 0 3 0.04 M M 4.1 15 160 M M 0 24 340
2 75 47 61 0 4 0 0.00 M M 2.9 13 10 M M 0 20 360
3 82 38 60 -1 5 0 0.00 M M 3.3 12 250 M M 0 19 360
4 83 41 62 1 3 0 0.00 M M 3.2 14 280 M M 0 25 280
5 80 47 64 3 1 0 0.00 M M 3.7 14 210 M M 0 22 190
6 77 42 60 0 5 0 0.02 M M 5.0 15 320 M M 0 27 320
7 82 31 57 -3 8 0 0.00 M M 3.8 13 360 M M 0 20 360
8 88 32 60 0 5 0 0.00 M M 3.2 12 20 M M 0 19 20
9 88 43 66 6 0 1 0.00 M M 2.7 15 130 M M 0 25 120
10 75 52 64 4 1 0 0.00 M M 4.7 14 130 M M 0 23 150
11 85 44 65 5 0 0 0.58 M M 4.4 16 120 M M 0 26 130
12 85 50 68 8 0 3 0.21 M M 4.0 15 120 M M 0 27 130
13 85 47 66 7 0 1 0.00 M M 3.4 14 290 M M 0 24 300
14 84 38 61 2 4 0 0.00 M M 4.1 16 320 M M 0 25 310
15 85 36 61 2 4 0 0.00 M M 3.2 10 310 M M 0 16 50
16 88 36 62 3 3 0 0.00 M M 3.3 14 50 M M 0 21 40
17 91 37 64 6 1 0 0.00 M M 2.6 10 40 M M 0 17 20
18 89 39 64 6 1 0 0.00 M M 3.4 14 180 M M 0 25 180
19 82 45 64 6 1 0 0.00 M M 3.6 17 150 M M 0 30 140
20 78 49 64 6 1 0 0.00 M M 2.8 12 160 M M 0 18 140
21 84 43 64 7 1 0 0.00 M M 3.2 15 340 M M 0 24 340
22 86 39 63 6 2 0 0.10 M M 3.4 18 210 M M 0 32 220
23 84 37 61 4 4 0 0.00 M M 2.6 12 290 M M 0 19 200
24 85 37 61 4 4 0 0.00 M M 3.9 14 180 M M 0 24 170
25 84 40 62 6 3 0 0.00 M M 3.8 14 320 M M 0 22 330
26 81 42 62 6 3 0 0.00 M M 4.3 17 330 M M 0 30 330
27 75 43 59 3 6 0 0.00 M M 3.4 17 200 M M 0 31 210
28 76 34 55 -1 10 0 0.00 M M 3.7 13 270 M M 0 23 240
29 85 32 59 4 6 0 0.00 M M 2.7 13 320 M M 0 20 350
30 89 34 62 7 3 0 0.00 M M 2.7 10 20 M M 0 15 330
31 91 39 65 10 0 0 0.00 M M 3.5 13 330 M M 0 22 250
================================================================================
SM 2592 1259 89 8 0.95 M 108.6 M 0
================================================================================
AV 83.6 40.6 3.5 FASTST M M 0 MAX(MPH)
MISC ----> 18 210 32 220
================================================================================
NOTES:
# LAST OF SEVERAL OCCURRENCES
COLUMN 17 PEAK WIND IN M.P.H.
PRELIMINARY LOCAL CLIMATOLOGICAL DATA (WS FORM: F-6) , PAGE 2
STATION: STANLEY
MONTH: AUGUST
YEAR: 2022
LATITUDE: 44 10 N
LONGITUDE: 114 56 W
[TEMPERATURE DATA] [PRECIPITATION DATA] SYMBOLS USED IN COLUMN 16
AVERAGE MONTHLY: 62.1 TOTAL FOR MONTH: 0.95 1 = FOG OR MIST
DPTR FM NORMAL: 3.7 DPTR FM NORMAL: 0.47 2 = FOG REDUCING VISIBILITY
HIGHEST: 91 ON 31,17 GRTST 24HR 0.79 ON 11-12 TO 1/4 MILE OR LESS
LOWEST: 31 ON 7 3 = THUNDER
SNOW, ICE PELLETS, HAIL 4 = ICE PELLETS
TOTAL MONTH: M 5 = HAIL
GRTST 24HR M ON M 6 = FREEZING RAIN OR DRIZZLE
GRTST DEPTH: M ON M 7 = DUSTSTORM OR SANDSTORM:
VSBY 1/2 MILE OR LESS
8 = SMOKE OR HAZE
[NO. OF DAYS WITH] [WEATHER - DAYS WITH] 9 = BLOWING SNOW
X = TORNADO
MAX 32 OR BELOW: 0 0.01 INCH OR MORE: 5
MAX 90 OR ABOVE: 3 0.10 INCH OR MORE: 3
MIN 32 OR BELOW: 3 0.50 INCH OR MORE: 1
MIN 0 OR BELOW: 0 1.00 INCH OR MORE: 0
[HDD (BASE 65) ]
TOTAL THIS MO. 89 CLEAR (SCALE 0-3) 31
DPTR FM NORMAL -121 PTCLDY (SCALE 4-7) 0
TOTAL FM JUL 1 208 CLOUDY (SCALE 8-10) 0
DPTR FM NORMAL -187
[CDD (BASE 65) ]
TOTAL THIS MO. 8
DPTR FM NORMAL 4 [PRESSURE DATA]
TOTAL FM JAN 1 13 HIGHEST SLP M ON M
DPTR FM NORMAL 0 LOWEST SLP 29.69 ON 27
[REMARKS]
1ST: HIGH OF 90 TIES OLD RECORD SET IN 2015.
11TH: RAINFALL OF 0.58 INCHES BREAKS OLD RECORD OF 0.30 INCHES
SET IN 2017.
17TH: HIGH OF 91 BREAKS OLD RECORD OF 90 SET IN 1967.
30TH: HIGH OF 89 TIES OLD RECORD SET IN 1970.
31ST: HIGH OF 91 BREAKS PREVIOUS RECORD OF 86 SET IN 1967.
#FINAL-08-22#