000
CXUS55 KCYS 021730
CF6SNY
PRELIMINARY LOCAL CLIMATOLOGICAL DATA (WS FORM: F-6) ...CORRECTED...
STATION: SIDNEY NEBRASKA AIRPORT
MONTH: FEBRUARY
YEAR: 2021
LATITUDE: 41 5 N
LONGITUDE: 102 59 W
TEMPERATURE IN F: :PCPN: SNOW: WIND :SUNSHINE: SKY :PK WND
================================================================================
1 2 3 4 5 6A 6B 7 8 9 10 11 12 13 14 15 16 17 18
12Z AVG MX 2MIN
DY MAX MIN AVG DEP HDD CDD WTR SNW DPTH SPD SPD DIR MIN PSBL S-S WX SPD DR
================================================================================
1 60 11 36 6 29 0 0.00 M M 6.7 14 290 M M 0 14 280
2 68 20 44 14 21 0 0.00 M M 8.9 22 300 M M 0 29 290
3 67 25 46 16 19 0 T M M 13.4 35 310 M M 2 43 320
4 39 13 26 -4 39 0 0.00 M M 13.7 30 330 M M 3 37 330
5 38 19 29 -1 36 0 0.01 M M 10.4 22 300 M M 5 1 31 300
6 30 8 19 -11 46 0 T M M 14.0 24 30 M M 10 189 32 40
7 23 -7 8 -22 57 0 T M M 8.7 20 180 M M 9 128 25 160
8 8 -6 1 -29 64 0 0.00 M M 7.4 16 120 M M 8 18 19 140
9 10 5 8 -23 57 0 T M M 9.7 17 140 M M 10 19 20 130
10 8 4 6 -25 59 0 T M M 11.0 20 130 M M 10 12 24 130
11 5 -7 -1 -32 66 0 T M M 10.3 18 140 M M 10 18 25 150
12 1 -9 -4 -35 69 0 0.01 M M 12.3 20 130 M M 10 18 23 120
13 -2 -8 -5 -36 70 0 0.01 M M 6.5 14 60 M M 10 18 16 70
14 -5 -31 -18 -50 83 0 T M M 5.8 13 70 M M 5 18 16 70
15 1 -25 -12 -44 77 0 0.00 M M 12.5 18 180 M M 4 8 22 180
16 17 -3 7 -25 58 0 0.00 M M 7.8 15 180 M M 5 18 18 160
17 27 2 15 -17 50 0 0.00 M M 4.5 12 360 M M 6 12 14 20
18 21 -1 10 -22 55 0 T M M 6.1 15 240 M M 7 128 17 230
19 38 -2 18 -15 47 0 0.00 M M 8.9 18 280 M M 2 22 280
20 41 8 25 -8 40 0 0.00 M M 8.9 22 230 M M 6 25 230
21 34 22 28 -5 37 0 0.00 M M 18.1 31 310 M M 1 39 310
22 46 29 38 4 27 0 0.00 M M 17.7 32 290 M M 0 41 300
23 56 26 41 7 24 0 0.00 M M 24.8 47 300 M M 0 63 300
24 41 19 30 -4 35 0 0.00 M M 8.7 18 20 M M 3 23 30
25 40 21 31 -3 34 0 0.00 M M 12.2 28 200 M M 6 34 200
26 47 19 33 -2 32 0 0.00 M M 18.1 38 290 M M 1 48 280
27 42 17 30 -5 35 0 0.00 M M 11.0 29 310 M M 3 34 320
28 41 21 31 -4 34 0 0.00 M M 15.4 29 330 M M 3 37 320
================================================================================
SM 842 190 1300 0 0.03 M 313.5 M 139
================================================================================
AV 30.1 6.8 11.2 FASTST M M 5 MAX(MPH)
MISC ----> 47 300 63 300
================================================================================
NOTES:
# LAST OF SEVERAL OCCURRENCES
COLUMN 17 PEAK WIND IN M.P.H.
PRELIMINARY LOCAL CLIMATOLOGICAL DATA (WS FORM: F-6) , PAGE 2
STATION: SIDNEY NEBRASKA AIRPORT
MONTH: FEBRUARY
YEAR: 2021
LATITUDE: 41 5 N
LONGITUDE: 102 59 W
[TEMPERATURE DATA] [PRECIPITATION DATA] SYMBOLS USED IN COLUMN 16
AVERAGE MONTHLY: 18.4 TOTAL FOR MONTH: 0.03 1 = FOG OR MIST
DPTR FM NORMAL: -13.6 DPTR FM NORMAL: -0.29 2 = FOG REDUCING VISIBILITY
HIGHEST: 68 ON 2 GRTST 24HR 0.02 ON 12-13 TO 1/4 MILE OR LESS
LOWEST: -31 ON 14 3 = THUNDER
SNOW, ICE PELLETS, HAIL 4 = ICE PELLETS
TOTAL MONTH: M 5 = HAIL
GRTST 24HR M ON M 6 = FREEZING RAIN OR DRIZZLE
GRTST DEPTH: M ON M 7 = DUSTSTORM OR SANDSTORM:
VSBY 1/2 MILE OR LESS
8 = SMOKE OR HAZE
[NO. OF DAYS WITH] [WEATHER - DAYS WITH] 9 = BLOWING SNOW
X = TORNADO
MAX 32 OR BELOW: 13 0.01 INCH OR MORE: 3
MAX 90 OR ABOVE: 0 0.10 INCH OR MORE: 0
MIN 32 OR BELOW: 28 0.50 INCH OR MORE: 0
MIN 0 OR BELOW: 10 1.00 INCH OR MORE: 0
[HDD (BASE 65) ]
TOTAL THIS MO. 1300 CLEAR (SCALE 0-3) 11
DPTR FM NORMAL 375 PTCLDY (SCALE 4-7) 9
TOTAL FM JUL 1 4961 CLOUDY (SCALE 8-10) 8
DPTR FM NORMAL 379
[CDD (BASE 65) ]
TOTAL THIS MO. 0
DPTR FM NORMAL 0 [PRESSURE DATA]
TOTAL FM JAN 1 0 HIGHEST SLP 30.61 ON 14
DPTR FM NORMAL 0 LOWEST SLP 29.48 ON 3
[REMARKS]
FEBRUARY 12TH...RECORD LOW HIGH 1 DEGREE (PREVIOUS 16 DEGREES IN 1986)
FEBRUARY 13TH...RECORD LOW HIGH -2 DEGREES (PREVIOUS 13 DEGREES IN 2007)
FEBRUARY 14TH...RECORD LOW HIGH -5 DEGREES (PREVIOUS 10 DEGREES IN 1990)
FEBRUARY 14TH...RECORD LOW -31* DEGREES (PREVIOUS -10 DEGREES IN 1978)
FEBRAURY AVERAGE TEMPERATURE 18.9 DEGREES WAS 2ND COLDEST
*ALL-TIME COLDEST LOW TEMPERATURE FOR FEBRUARY
#FINAL-02-21#