000
CXUS55 KPUB 011210
CF6SPD
PRELIMINARY LOCAL CLIMATOLOGICAL DATA (WS FORM: F-6)
STATION: SPRINGFIELD CO
MONTH: JULY
YEAR: 2020
LATITUDE: 37 16 N
LONGITUDE: 102 37 W
TEMPERATURE IN F: :PCPN: SNOW: WIND :SUNSHINE: SKY :PK WND
================================================================================
1 2 3 4 5 6A 6B 7 8 9 10 11 12 13 14 15 16 17 18
12Z AVG MX 2MIN
DY MAX MIN AVG DEP HDD CDD WTR SNW DPTH SPD SPD DIR MIN PSBL S-S WX SPD DR
================================================================================
1 92 61 77 2 0 12 0.00 M M 11.5 23 40 M M 0 33 50
2 98 56 77 2 0 12 0.02 M M 10.2 35 110 M M 0 45 120
3 90 60 75 -1 0 10 0.00 M M 12.1 36 220 M M 0 47 220
4 92 57 75 -1 0 10 0.67 M M 13.6 32 300 M M 0 43 300
5 83 61 72 -4 0 7 0.00 M M 8.1 35 80 M M 0 46 80
6 90 57 74 -2 0 9 0.00 M M 8.4 18 140 M M 0 27 160
7 95 63 79 3 0 14 0.01 M M 17.0 37 280 M M 0 58 300
8 104 64 84 8 0 19 0.00 M M 14.2 22 190 M M 0 28 180
9 94 67 81 5 0 16 0.00 M M 15.3 24 330 M M 0 33 350
10 95 68 82 6 0 17 0.00 M M 8.3 20 120 M M 0 25 150
11 98 65 82 6 0 17 0.00 M M 12.7 28 360 M M 0 49 50
12 98 69 84 8 0 19 0.00 M M 14.7 29 120 M M 0 38 110
13 104 66 85 9 0 20 0.09 M M 10.7 30 270 M M 0 43 280
14 97 61 79 3 0 14 0.61 M M 10.4 45 310 M M 0 61 330
15 83 61 72 -4 0 7 0.05 M M 9.3 25 340 M M 0 32 340
16 98 62 80 4 0 15 0.10 M M 11.8 29 190 M M 0 43 230
17 100 64 82 6 0 17 0.01 M M 14.1 38 270 M M 0 58 270
18 102 63 83 6 0 18 0.00 0.0 0 14.5 26 220 M M 0 41 210
19 92 65 79 3 0 14 0.04 M M 11.1 24 180 M M 0 32 110
20 94 62 78 2 0 13 0.09 M M 12.6 44 360 M M 0 56 360
21 88 59 74 -2 0 9 0.00 M M 12.1 24 140 M M 0 34 130
22 96 63 80 4 0 15 0.00 M M 15.6 25 180 M M 0 34 200
23 94 66 80 4 0 15 0.00 M M 16.5 32 200 M M 0 41 190
24 96 67 82 6 0 17 0.00 M M 19.5 35 160 M M 0 46 160
25 98 68 83 7 0 18 0.00 M M 15.5 28 170 M M 0 37 180
26 97 67 82 6 0 17 0.00 M M 12.6 25 290 M M 0 35 300
27 79 63 71 -5 0 6 0.13 M M 8.0 23 40 M M 0 30 60
28 86 61 74 -2 0 9 0.00 M M 7.4 20 120 M M 0 25 120
29 93 62 78 2 0 13 0.00 M M 10.3 23 110 M M 0 27 150
30 89 58 74 -2 0 9 0.00 M M 14.6 29 10 M M 0 38 360
31 90 53 72 -4 0 7 0.00 M M 5.9 18 30 M M 0 28 30
================================================================================
SM 2905 1939 0 415 1.82 0.0 378.6 M 0
================================================================================
AV 93.7 62.5 12.2 FASTST M M 0 MAX(MPH)
MISC ----> 45 310 61 330
================================================================================
NOTES:
# LAST OF SEVERAL OCCURRENCES
COLUMN 17 PEAK WIND IN M.P.H.
PRELIMINARY LOCAL CLIMATOLOGICAL DATA (WS FORM: F-6) , PAGE 2
STATION: SPRINGFIELD CO
MONTH: JULY
YEAR: 2020
LATITUDE: 37 16 N
LONGITUDE: 102 37 W
[TEMPERATURE DATA] [PRECIPITATION DATA] SYMBOLS USED IN COLUMN 16
AVERAGE MONTHLY: 78.1 TOTAL FOR MONTH: 1.82 1 = FOG OR MIST
DPTR FM NORMAL: 1.9 DPTR FM NORMAL: -1.01 2 = FOG REDUCING VISIBILITY
HIGHEST: 104 ON 13, 8 GRTST 24HR 0.67 ON 4- 4 TO 1/4 MILE OR LESS
LOWEST: 53 ON 31 3 = THUNDER
SNOW, ICE PELLETS, HAIL 4 = ICE PELLETS
TOTAL MONTH: 0.0 INCH 5 = HAIL
GRTST 24HR 0.0 6 = FREEZING RAIN OR DRIZZLE
GRTST DEPTH: 0 7 = DUSTSTORM OR SANDSTORM:
VSBY 1/2 MILE OR LESS
8 = SMOKE OR HAZE
[NO. OF DAYS WITH] [WEATHER - DAYS WITH] 9 = BLOWING SNOW
X = TORNADO
MAX 32 OR BELOW: 0 0.01 INCH OR MORE: 11
MAX 90 OR ABOVE: 25 0.10 INCH OR MORE: 4
MIN 32 OR BELOW: 0 0.50 INCH OR MORE: 2
MIN 0 OR BELOW: 0 1.00 INCH OR MORE: 0
[HDD (BASE 65) ]
TOTAL THIS MO. 0 CLEAR (SCALE 0-3) 31
DPTR FM NORMAL -2 PTCLDY (SCALE 4-7) 0
TOTAL FM JUL 1 0 CLOUDY (SCALE 8-10) 0
DPTR FM NORMAL 0
[CDD (BASE 65) ]
TOTAL THIS MO. 415
DPTR FM NORMAL 66 [PRESSURE DATA]
TOTAL FM JAN 1 883 HIGHEST SLP 30.12 ON 30
DPTR FM NORMAL 272 LOWEST SLP 29.53 ON 8
[REMARKS]
#FINAL-07-20#