000
CXUS52 KTBW 011332
CF6SPG
PRELIMINARY LOCAL CLIMATOLOGICAL DATA (WS FORM: F-6)
STATION: SAINT PETERSBURG
MONTH: NOVEMBER
YEAR: 2021
LATITUDE: 27 46 N
LONGITUDE: 82 38 W
TEMPERATURE IN F: :PCPN: SNOW: WIND :SUNSHINE: SKY :PK WND
================================================================================
1 2 3 4 5 6A 6B 7 8 9 10 11 12 13 14 15 16 17 18
12Z AVG MX 2MIN
DY MAX MIN AVG DEP HDD CDD WTR SNW DPTH SPD SPD DIR MIN PSBL S-S WX SPD DR
================================================================================
1 82 63 73 -1 0 8 T 0.0 0 8.7 14 340 M M 2 19 330
2 84 68 76 2 0 11 0.00 0.0 0 7.7 14 50 M M 1 18 360
3 83 71 77 4 0 12 0.00 0.0 0 9.0 16 70 M M 1 18 70
4 78 71 75 2 0 10 0.09 0.0 0 14.9 25 50 M M 2 30 70
5 72 61 67 -6 0 2 3.00 0.0 0 18.4 26 50 M M 10 1 34 60
6 67 59 63 -10 2 0 0.13 0.0 0 13.8 24 10 M M 9 1 35 350
7 71 58 65 -7 0 0 0.00 0.0 0 10.0 18 340 M M 1 25 350
8 75 60 68 -4 0 3 0.00 0.0 0 11.0 20 50 M M 0 25 20
9 77 63 70 -2 0 5 0.00 0.0 0 9.2 16 30 M M 2 21 30
10 79 66 73 1 0 8 0.00 0.0 0 7.3 14 50 M M 5 19 80
11 82 70 76 4 0 11 0.00 0.0 0 5.3 12 90 M M 6 15 190
12 78 71 75 4 0 10 0.00 0.0 0 2.7 12 60 M M 1 M M
13 77 67 72 1 0 7 0.10 0.0 0 4.9 15 340 M M 4 1 21 360
14 69 60 65 -6 0 0 0.00 0.0 0 7.4 14 330 M M 0 21 340
15 74 60 67 -4 0 2 0.00 0.0 0 8.3 20 10 M M 0 25 20
16 77 61 69 -1 0 4 0.00 0.0 0 8.5 17 80 M M 0 21 80
17 79 67 73 3 0 8 0.00 0.0 0 8.1 17 80 M M 0 21 80
18 75 71 73 3 0 8 T 0.0 0 6.5 10 30 M M 4 13 30
19 81 70 76 6 0 11 T 0.0 0 12.6 26 40 M M 5 31 40
20 76 68 72 2 0 7 0.00 0.0 0 18.7 29 60 M M 5 35 60
21 78 71 75 5 0 10 0.03 0.0 0 13.3 22 50 M M 9 1 28 30
22 76 68 72 3 0 7 0.03 0.0 0 8.8 20 350 M M 5 1 30 330
23 69 57 63 -6 2 0 0.00 0.0 0 15.1 28 50 M M 0 34 50
24 72 56 64 -5 1 0 0.00 0.0 0 14.2 21 50 M M 0 26 40
25 76 62 69 0 0 4 0.00 0.0 0 7.7 14 60 M M 0 17 50
26 75 62 69 0 0 4 0.00 0.0 0 5.3 13 270 M M 3 19 270
27 71 58 65 -3 0 0 0.00 0.0 0 7.7 15 40 M M 0 20 20
28 71 59 65 -3 0 0 T 0.0 0 5.3 14 360 M M 3 21 360
29 71 60 66 -2 0 1 T 0.0 0 7.4 17 340 M M 4 22 330
30 71 56 64 -4 1 0 0.00 0.0 0 6.7 12 50 M M 0 16 40
================================================================================
SM 2266 1914 6 153 3.38 0.0 284.5 M 82
================================================================================
AV 75.5 63.8 9.5 FASTST M M 3 MAX(MPH)
MISC ----> 29 60 # 35 350
================================================================================
NOTES:
# LAST OF SEVERAL OCCURRENCES
COLUMN 17 PEAK WIND IN M.P.H.
PRELIMINARY LOCAL CLIMATOLOGICAL DATA (WS FORM: F-6) , PAGE 2
STATION: SAINT PETERSBURG
MONTH: NOVEMBER
YEAR: 2021
LATITUDE: 27 46 N
LONGITUDE: 82 38 W
[TEMPERATURE DATA] [PRECIPITATION DATA] SYMBOLS USED IN COLUMN 16
AVERAGE MONTHLY: 69.7 TOTAL FOR MONTH: 3.38 1 = FOG OR MIST
DPTR FM NORMAL: -0.9 DPTR FM NORMAL: 1.92 2 = FOG REDUCING VISIBILITY
HIGHEST: 84 ON 2 GRTST 24HR 3.08 ON 4- 5 TO 1/4 MILE OR LESS
LOWEST: 56 ON 30,24 3 = THUNDER
SNOW, ICE PELLETS, HAIL 4 = ICE PELLETS
TOTAL MONTH: 0.0 INCH 5 = HAIL
GRTST 24HR 0.0 6 = FREEZING RAIN OR DRIZZLE
GRTST DEPTH: 0 7 = DUSTSTORM OR SANDSTORM:
VSBY 1/2 MILE OR LESS
8 = SMOKE OR HAZE
[NO. OF DAYS WITH] [WEATHER - DAYS WITH] 9 = BLOWING SNOW
X = TORNADO
MAX 32 OR BELOW: 0 0.01 INCH OR MORE: 6
MAX 90 OR ABOVE: 0 0.10 INCH OR MORE: 3
MIN 32 OR BELOW: 0 0.50 INCH OR MORE: 1
MIN 0 OR BELOW: 0 1.00 INCH OR MORE: 1
[HDD (BASE 65) ]
TOTAL THIS MO. 6 CLEAR (SCALE 0-3) 19
DPTR FM NORMAL -14 PTCLDY (SCALE 4-7) 8
TOTAL FM JUL 1 6 CLOUDY (SCALE 8-10) 3
DPTR FM NORMAL -13
[CDD (BASE 65) ]
TOTAL THIS MO. 153
DPTR FM NORMAL -36 [PRESSURE DATA]
TOTAL FM JAN 1 4101 HIGHEST SLP 30.27 ON 24
DPTR FM NORMAL 279 LOWEST SLP 29.82 ON 5
[REMARKS]
#FINAL-11-21#