000
CXUS54 KOUN 010810
CF6SPS
PRELIMINARY LOCAL CLIMATOLOGICAL DATA (WS FORM: F-6)
STATION: WICHITA FALLS
MONTH: JUNE
YEAR: 2021
LATITUDE: 33 58 N
LONGITUDE: 98 29 W
TEMPERATURE IN F: :PCPN: SNOW: WIND :SUNSHINE: SKY :PK WND
================================================================================
1 2 3 4 5 6A 6B 7 8 9 10 11 12 13 14 15 16 17 18
12Z AVG MX 2MIN
DY MAX MIN AVG DEP HDD CDD WTR SNW DPTH SPD SPD DIR MIN PSBL S-S WX SPD DR
================================================================================
1 77 60 69 -8 0 4 0.00 0.0 0 8.3 17 340 M M 8 21 350
2 79 57 68 -9 0 3 0.08 0.0 0 5.1 18 40 M M 5 12 21 50
3 85 61 73 -5 0 8 0.00 0.0 0 6.9 15 150 M M 5 18 140
4 86 62 74 -4 0 9 0.00 0.0 0 7.0 17 140 M M 4 1 21 120
5 82 63 73 -5 0 8 0.00 0.0 0 6.9 14 100 M M 2 1 17 90
6 87 65 76 -2 0 11 0.00 0.0 0 11.1 20 150 M M 3 24 140
7 84 67 76 -2 0 11 0.55 0.0 0 9.2 31 280 M M 5 13 41 260
8 91 69 80 1 0 15 0.01 0.0 0 7.7 18 210 M M 3 3 30 200
9 93 75 84 5 0 19 0.00 0.0 0 11.8 21 170 M M 4 1 25 150
10 95 75 85 6 0 20 0.00 0.0 0 12.0 21 160 M M 2 1 24 150
11 95 74 85 6 0 20 0.00 0.0 0 14.0 24 190 M M 2 29 190
12 92 71 82 2 0 17 0.00 0.0 0 8.2 30 50 M M 2 42 40
13 96 69 83 3 0 18 0.13 0.0 0 7.6 30 30 M M 4 13 36 30
14 96 73 85 5 0 20 0.00 0.0 0 6.2 14 40 M M 4 16 40
15 95 70 83 3 0 18 0.00 0.0 0 4.4 13 130 M M 1 15 140
16 95 67 81 1 0 16 0.00 0.0 0 6.0 13 160 M M 0 18 180
17 96 68 82 1 0 17 0.00 0.0 0 8.8 15 150 M M 2 23 190
18 96 71 84 3 0 19 0.00 0.0 0 11.2 17 160 M M 1 22 180
19 95 68 82 1 0 17 0.00 0.0 0 10.4 18 150 M M 1 24 140
20 97 73 85 4 0 20 0.00 0.0 0 14.0 23 170 M M 0 27 190
21 81 61 71 -10 0 6 0.03 0.0 0 13.2 37 40 M M 7 13 46 30
22 86 56 71 -11 0 6 0.00 0.0 0 10.3 22 140 M M 3 32 160
23 96 72 84 2 0 19 0.00 0.0 0 16.9 26 190 M M 1 1 34 190
24 97 77 87 5 0 22 0.00 0.0 0 16.0 25 170 M M 1 32 180
25 96 79 88 6 0 23 0.00 0.0 0 17.0 26 180 M M 2 32 170
26 90 76 83 1 0 18 0.05 0.0 0 13.3 24 170 M M 5 13 30 170
27 87 69 78 -4 0 13 0.73 0.0 0 8.4 30 270 M M 6 13 39 280
28 90 70 80 -2 0 15 1.54 0.0 0 7.7 26 60 M M 7 13 33 60
29 84 72 78 -5 0 13 0.11 0.0 0 7.1 18 230 M M 8 13 23 230
30 90 70 80 -3 0 15 0.00 0.0 0 6.9 14 150 M M 4 1 20 180
================================================================================
SM 2709 2060 0 440 3.23 0.0 293.6 M 102
================================================================================
AV 90.3 68.7 9.8 FASTST M M 3 MAX(MPH)
MISC ----> 37 40 46 30
================================================================================
NOTES:
# LAST OF SEVERAL OCCURRENCES
COLUMN 17 PEAK WIND IN M.P.H.
PRELIMINARY LOCAL CLIMATOLOGICAL DATA (WS FORM: F-6) , PAGE 2
STATION: WICHITA FALLS
MONTH: JUNE
YEAR: 2021
LATITUDE: 33 58 N
LONGITUDE: 98 29 W
[TEMPERATURE DATA] [PRECIPITATION DATA] SYMBOLS USED IN COLUMN 16
AVERAGE MONTHLY: 79.5 TOTAL FOR MONTH: 3.23 1 = FOG OR MIST
DPTR FM NORMAL: -0.6 DPTR FM NORMAL: -0.12 2 = FOG REDUCING VISIBILITY
HIGHEST: 97 ON 24,20 GRTST 24HR 1.65 ON 28-29 TO 1/4 MILE OR LESS
LOWEST: 56 ON 22 3 = THUNDER
SNOW, ICE PELLETS, HAIL 4 = ICE PELLETS
TOTAL MONTH: 0.0 INCH 5 = HAIL
GRTST 24HR 0.0 6 = FREEZING RAIN OR DRIZZLE
GRTST DEPTH: 0 7 = DUSTSTORM OR SANDSTORM:
VSBY 1/2 MILE OR LESS
8 = SMOKE OR HAZE
[NO. OF DAYS WITH] [WEATHER - DAYS WITH] 9 = BLOWING SNOW
X = TORNADO
MAX 32 OR BELOW: 0 0.01 INCH OR MORE: 9
MAX 90 OR ABOVE: 19 0.10 INCH OR MORE: 5
MIN 32 OR BELOW: 0 0.50 INCH OR MORE: 3
MIN 0 OR BELOW: 0 1.00 INCH OR MORE: 1
[HDD (BASE 65) ]
TOTAL THIS MO. 0 CLEAR (SCALE 0-3) 14
DPTR FM NORMAL 0 PTCLDY (SCALE 4-7) 16
TOTAL FM JUL 1 3010 CLOUDY (SCALE 8-10) 0
DPTR FM NORMAL 113
[CDD (BASE 65) ]
TOTAL THIS MO. 440
DPTR FM NORMAL -15 [PRESSURE DATA]
TOTAL FM JAN 1 651 HIGHEST SLP M ON M
DPTR FM NORMAL -136 LOWEST SLP 29.62 ON 20
[REMARKS]
#FINAL-06-21#