000
CXUS54 KLZK 011130
CF6SRC
PRELIMINARY LOCAL CLIMATOLOGICAL DATA (WS FORM: F-6)
STATION: SEARCY AIRPORT
MONTH: SEPTEMBER
YEAR: 2021
LATITUDE: 35 12 N
LONGITUDE: 91 44 W
TEMPERATURE IN F: :PCPN: SNOW: WIND :SUNSHINE: SKY :PK WND
================================================================================
1 2 3 4 5 6A 6B 7 8 9 10 11 12 13 14 15 16 17 18
12Z AVG MX 2MIN
DY MAX MIN AVG DEP HDD CDD WTR SNW DPTH SPD SPD DIR MIN PSBL S-S WX SPD DR
================================================================================
1 97 68 83 5 0 18 M M M 5.6 10 60 M M 2 M M
2 91 68 80 2 0 15 0.00 M M 6.1 10 50 M M 2 M M
3 90 65 78 0 0 13 M M M 3.3 7 160 M M 2 M M
4 95 66 81 4 0 16 0.00 0.0 0 5.7 14 160 M M 0 1 M M
5 84 66 75 -2 0 10 0.96 0.0 0 5.3 14 30 M M 6 13 M M
6 87 62 75 -1 0 10 M M M 3.3 12 60 M M 0 1 M M
7 89 59 74 -2 0 9 M M M 2.1 8 160 M M 0 18 M M
8 89 63 76 0 0 11 M M M 5.6 14 20 M M 2 21 20
9 88 61 75 0 0 10 0.00 0.0 M 5.2 14 20 M M 0 16 30
10 89 57 73 -2 0 8 0.00 0.0 0 3.3 9 150 M M 0 M M
11 88 59 74 -1 0 9 M M M 3.9 12 190 M M 0 1 M M
12 89 59 74 0 0 9 0.00 0.0 0 3.3 12 190 M M 0 17 190
13 89 65 77 3 0 12 0.00 0.0 0 4.9 16 160 M M 3 1 21 160
14 91 69 80 6 0 15 0.00 0.0 0 4.5 16 170 M M 4 23 170
15 91 67 79 6 0 14 T M M 4.7 13 120 M M 4 20 50
16 89 68 79 6 0 14 0.00 0.0 0 7.0 13 70 M M 4 18 40
17 86 70 78 6 0 13 M M M 6.5 15 120 M M 7 M M
18 89 71 80 8 0 15 0.07 M M 6.9 12 50 M M 7 M M
19 83 69 76 5 0 11 M M M 5.0 8 60 M M 7 1 M M
20 92 66 79 8 0 14 M M M 3.9 12 160 M M 4 12 M M
21 76 59 68 -2 0 3 0.87 M M 4.5 13 160 M M 6 13 26 160
22 78 52 65 -5 0 0 M M M 6.0 13 340 M M 1 18 320
23 80 48 64 -6 1 0 M M M 1.5 6 360 M M 0 M M
24 82 47 65 -4 0 0 M M M 2.5 9 190 M M 0 1 M M
25 84 51 68 -1 0 3 M M M 2.2 8 360 M M 1 1 M M
26 88 53 71 3 0 6 M M M 2.2 8 180 M M 0 M M
27 88 56 72 4 0 7 M M M 3.0 12 180 M M 0 12 17 180
28 89 60 75 7 0 10 0.02 M M 2.7 10 120 M M 3 18 M M
29 87 68 78 11 0 13 0.02 M M 4.3 12 120 M M 7 12 18 120
30 79 69 74 7 0 9 0.01 M M 5.8 20 110 M M 8 25 110
================================================================================
SM 2617 1861 1 297 1.95 0.0 130.9 M 80
================================================================================
AV 87.2 62.0 4.4 FASTST M M 3 MAX(MPH)
MISC ----> 20 110 26 160
================================================================================
NOTES:
# LAST OF SEVERAL OCCURRENCES
COLUMN 17 PEAK WIND IN M.P.H.
PRELIMINARY LOCAL CLIMATOLOGICAL DATA (WS FORM: F-6) , PAGE 2
STATION: SEARCY AIRPORT
MONTH: SEPTEMBER
YEAR: 2021
LATITUDE: 35 12 N
LONGITUDE: 91 44 W
[TEMPERATURE DATA] [PRECIPITATION DATA] SYMBOLS USED IN COLUMN 16
AVERAGE MONTHLY: 74.6 TOTAL FOR MONTH: 1.95 1 = FOG OR MIST
DPTR FM NORMAL: 1.9 DPTR FM NORMAL: -1.40 2 = FOG REDUCING VISIBILITY
HIGHEST: 97 ON 1 GRTST 24HR 0.96 ON 5- 5 TO 1/4 MILE OR LESS
LOWEST: 47 ON 24 3 = THUNDER
SNOW, ICE PELLETS, HAIL 4 = ICE PELLETS
TOTAL MONTH: 0.0 INCH 5 = HAIL
GRTST 24HR 0.0 6 = FREEZING RAIN OR DRIZZLE
GRTST DEPTH: 0 7 = DUSTSTORM OR SANDSTORM:
VSBY 1/2 MILE OR LESS
8 = SMOKE OR HAZE
[NO. OF DAYS WITH] [WEATHER - DAYS WITH] 9 = BLOWING SNOW
X = TORNADO
MAX 32 OR BELOW: 0 0.01 INCH OR MORE: 6
MAX 90 OR ABOVE: 7 0.10 INCH OR MORE: 2
MIN 32 OR BELOW: 0 0.50 INCH OR MORE: 2
MIN 0 OR BELOW: 0 1.00 INCH OR MORE: 0
[HDD (BASE 65) ]
TOTAL THIS MO. 1 CLEAR (SCALE 0-3) 18
DPTR FM NORMAL -20 PTCLDY (SCALE 4-7) 12
TOTAL FM JUL 1 1 CLOUDY (SCALE 8-10) 0
DPTR FM NORMAL -19
[CDD (BASE 65) ]
TOTAL THIS MO. 297
DPTR FM NORMAL 45 [PRESSURE DATA]
TOTAL FM JAN 1 1845 HIGHEST SLP 30.24 ON 22
DPTR FM NORMAL -6 LOWEST SLP 29.74 ON 1
[REMARKS]
#FINAL-09-21#