000
CXUS52 KTBW 021250
CLMSRQ
CLIMATE REPORT
NATIONAL WEATHER SERVICE TAMPA BAY FL
850 AM EDT THU NOV 02 2023
...................................
...THE SARASOTA BRADENTON CLIMATE SUMMARY FOR THE MONTH OF OCTOBER 2023...
CLIMATE NORMAL PERIOD: 1991 TO 2020
CLIMATE RECORD PERIOD: 1911 TO 2023
WEATHER OBSERVED NORMAL DEPART LAST YEAR`S
VALUE DATE(S) VALUE FROM VALUE DATE(S)
NORMAL
................................................................
TEMPERATURE (F)
ALL-TIME OCTOBER RECORD
HIGH 96 10/15/1925
LOW 40 10/29/1944
OCTOBER 2023
HIGHEST 93 10/01 MM MM 89 10/10
10/05
10/11
10/16
LOWEST 54 10/18 MM MM 52 10/20
AVG. MAXIMUM 86.4 86.3 0.1 83.8
AVG. MINIMUM 69.2 68.3 0.9 66.7
MEAN 77.8 77.3 0.5 75.3
DAYS MAX >= 90 11 5.3 5.7 0
DAYS MAX <= 32 0 0.0 0.0 0
DAYS MIN <= 32 0 0.0 0.0 0
DAYS MIN <= 0 0 0.0 0.0 0
PRECIPITATION (INCHES)
ALL-TIME OCTOBER RECORD
MAXIMUM 12.50 1952
MINIMUM 0.00 1942
OCTOBER 2023
TOTALS 0.70 2.76 -2.06 1.78
DAILY AVG. 0.02 0.09 -0.07 0.06
DAYS >= .01 3 7.0 -4.0 5
DAYS >= .10 2 4.1 -2.1 3
DAYS >= .50 0 1.4 -1.4 1
DAYS >= 1.00 0 0.6 -0.6 1
GREATEST
24 HR. TOTAL 0.69 10/11 TO 10/12
DEGREE DAYS
HEATING TOTAL 0 2 -2 6
SINCE 7/1 0 0 0 MM
COOLING TOTAL 407 384 23 332
SINCE 1/1 4041 3441 600 MM
................................................................
WIND (MPH)
AVERAGE WIND SPEED 8.8
HIGHEST WIND SPEED/DIRECTION 28/080 DATE 10/25
HIGHEST GUST SPEED/DIRECTION 39/070 DATE 10/25
SKY COVER (DOES NOT INCLUDE ANY CLOUDS ABOVE 12000 FEET)
POSSIBLE SUNSHINE (PERCENT) MM
AVERAGE SKY COVER 0.23
NUMBER OF DAYS FAIR 23
NUMBER OF DAYS PC 6
NUMBER OF DAYS CLOUDY 2
AVERAGE RH (PERCENT) 68
WEATHER CONDITIONS. NUMBER OF DAYS WITH
THUNDERSTORM 2 MIXED PRECIP 0
HEAVY RAIN 2 RAIN 2
LIGHT RAIN 11 FREEZING RAIN 0
LT FREEZING RAIN 0 HAIL 0
HEAVY SNOW 0 SNOW 0
LIGHT SNOW 0 SLEET 0
FOG 4 FOG W/VIS <= 1/4 MILE 0
HAZE 4
- INDICATES NEGATIVE NUMBERS.
R INDICATES RECORD WAS SET OR TIED.
MM INDICATES DATA IS MISSING.
T INDICATES TRACE AMOUNT.
$$