000
CXUS54 KEPZ 011030
CF6SRR
PRELIMINARY LOCAL CLIMATOLOGICAL DATA (WS FORM: F-6)
STATION: RUIDOSO AWOS
MONTH: AUGUST
YEAR: 2023
LATITUDE: 33 28 N
LONGITUDE: 105 32 W
TEMPERATURE IN F: :PCPN: SNOW: WIND :SUNSHINE: SKY :PK WND
================================================================================
1 2 3 4 5 6A 6B 7 8 9 10 11 12 13 14 15 16 17 18
12Z AVG MX 2MIN
DY MAX MIN AVG DEP HDD CDD WTR SNW DPTH SPD SPD DIR MIN PSBL S-S WX SPD DR
================================================================================
1 81 63 72 M 0 7 0.11 M M 6.6 17 240 M M 5 29 270
2 82 61 72 M 0 7 0.00 M M 4.9 13 300 M M 1 33 140
3 82 63 73 M 0 8 0.16 M M 6.2 10 180 M M 2 3 37 50
4 86 63 75 M 0 10 0.00 M M 5.9 13 190 M M 1 21 270
5 91 63 77 M 0 12 0.00 M M 6.5 14 170 M M 1 24 250
6 90 66 78 M 0 13 0.00 M M 8.6 17 130 M M 1 23 130
7 88 59 74 M 0 9 0.02 M M 8.9 17 360 M M 3 32 310
8 84 59 72 M 0 7 0.03 M M 10.6 21 290 M M 2 3 38 310
9 86 64 75 M 0 10 0.00 M M 13.1 18 310 M M 2 32 300
10 84 64 74 M 0 9 0.00 M M 10.9 20 300 M M 0 33 300
11 81 63 72 M 0 7 0.10 M M 8.0 14 340 M M 3 37 0
12 84 63 74 M 0 9 0.00 M M 9.6 21 240 M M 2 29 220
13 81 61 71 M 0 6 0.00 M M 8.0 15 200 M M 3 20 200
14 73 59 66 M 0 1 0.00 M M 9.8 18 140 M M 4 24 160
15 81 55 68 M 0 3 0.00 M M 7.0 14 250 M M 2 18 140
16 86 61 74 M 0 9 0.12 M M 7.2 22 220 M M 2 3 33 240
17 82 63 73 M 0 8 0.00 M M 4.9 16 210 M M 2 28 210
18 86 61 74 M 0 9 0.00 M M 7.9 17 140 M M 2 25 140
19 84 63 74 M 0 9 0.00 M M 9.9 20 120 M M 0 28 120
20 82 59 71 M 0 6 0.00 M M 14.7 25 120 M M 1 33 140
21 82 59 71 M 0 6 0.33 M M 12.0 21 130 M M 5 3 31 140
22 79 57 68 M 0 3 0.00 M M 9.6 18 130 M M 3 27 130
23 68 59 64 M 1 0 0.16 M M 8.4 20 140 M M 8 31 70
24 77 55 66 M 0 1 0.00 M M 8.3 18 150 M M 5 123 31 150
25 81 59 70 M 0 5 0.20 M M 6.4 24 160 M M 2 3 45 160
26 81 55 68 M 0 3 0.00 M M 5.7 14 110 M M 1 24 110
27 75 55 65 M 0 0 0.02 M M 6.2 23 220 M M 2 3 30 220
28 79 57 68 M 0 3 1.70 M M 7.6 15 140 M M 4 3 27 210
29 73 55 64 M 1 0 0.00 M M 6.8 12 100 M M 4 18 150
30 77 55 66 M 0 1 0.00 M M 6.0 14 120 M M 2 17 60
31 84 57 71 M 0 6 0.00 M M 5.8 13 140 M M 0 23 130
================================================================================
SM 2530 1856 2 187 2.95 M 252.0 M 75
================================================================================
AV 81.6 59.9 8.1 FASTST M M 2 MAX(MPH)
MISC ----> 25 120 45 160
================================================================================
NOTES:
# LAST OF SEVERAL OCCURRENCES
COLUMN 17 PEAK WIND IN M.P.H.
PRELIMINARY LOCAL CLIMATOLOGICAL DATA (WS FORM: F-6) , PAGE 2
STATION: RUIDOSO AWOS
MONTH: AUGUST
YEAR: 2023
LATITUDE: 33 28 N
LONGITUDE: 105 32 W
[TEMPERATURE DATA] [PRECIPITATION DATA] SYMBOLS USED IN COLUMN 16
AVERAGE MONTHLY: 70.7 TOTAL FOR MONTH: 2.95 1 = FOG OR MIST
DPTR FM NORMAL: 0.0 DPTR FM NORMAL: M 2 = FOG REDUCING VISIBILITY
HIGHEST: 91 ON 5 GRTST 24HR 1.70 ON 28-28 TO 1/4 MILE OR LESS
LOWEST: 55 ON 30,29 3 = THUNDER
SNOW, ICE PELLETS, HAIL 4 = ICE PELLETS
TOTAL MONTH: M 5 = HAIL
GRTST 24HR M ON M 6 = FREEZING RAIN OR DRIZZLE
GRTST DEPTH: M ON M 7 = DUSTSTORM OR SANDSTORM:
VSBY 1/2 MILE OR LESS
8 = SMOKE OR HAZE
[NO. OF DAYS WITH] [WEATHER - DAYS WITH] 9 = BLOWING SNOW
X = TORNADO
MAX 32 OR BELOW: 0 0.01 INCH OR MORE: 11
MAX 90 OR ABOVE: 2 0.10 INCH OR MORE: 8
MIN 32 OR BELOW: 0 0.50 INCH OR MORE: 1
MIN 0 OR BELOW: 0 1.00 INCH OR MORE: 1
[HDD (BASE 65) ]
TOTAL THIS MO. 2 CLEAR (SCALE 0-3) 22
DPTR FM NORMAL M PTCLDY (SCALE 4-7) 8
TOTAL FM JUL 1 2 CLOUDY (SCALE 8-10) 1
DPTR FM NORMAL M
[CDD (BASE 65) ]
TOTAL THIS MO. 187
DPTR FM NORMAL M [PRESSURE DATA]
TOTAL FM JAN 1 665 HIGHEST SLP M ON M
DPTR FM NORMAL M LOWEST SLP M ON M
[REMARKS]
#FINAL-08-23#